677
CXUS53 KIWX 010810
CF6DFI
PRELIMINARY LOCAL CLIMATOLOGICAL DATA (WS FORM: F-6)
STATION: DEFIANCE MEMORIAL
MONTH: MARCH
YEAR: 2021
LATITUDE: 41 20 N
LONGITUDE: 84 26 W
TEMPERATURE IN F: :PCPN: SNOW: WIND :SUNSHINE: SKY :PK WND
================================================================================
1 2 3 4 5 6A 6B 7 8 9 10 11 12 13 14 15 16 17 18
12Z AVG MX 2MIN
DY MAX MIN AVG DEP HDD CDD WTR SNW DPTH SPD SPD DIR MIN PSBL S-S WX SPD DR
================================================================================
1 41 24 33 1 32 0 0.00 M M 14.3 24 320 M M 5 36 260
2 40 18 29 -3 36 0 0.00 0.0 M 7.5 17 210 M M 0 26 200
3 59 32 46 13 19 0 0.00 0.0 M 8.9 15 310 M M 0 23 250
4 40 24 32 -1 33 0 0.00 M M 7.9 20 360 M M 3 29 360
5 46 21 34 0 31 0 0.00 M M 8.3 20 340 M M 0 27 340
6 46 24 35 1 30 0 0.00 M M 8.9 18 310 M M 0 26 300
7 46 18 32 -2 33 0 0.00 M M 4.3 10 320 M M 0 18 350
8 68 30 49 14 16 0 0.00 M M 10.5 21 230 M M 4 34 230
9 67 37 52 17 13 0 0.00 M M 5.5 15 170 M M 0 24 160
10 71 49 60 25 5 0 0.00 M M 15.7 29 210 M M 5 8 43 200
11 68 44 56 20 9 0 T M M 13.9 29 210 M M 6 40 200
12 59 34 47 11 18 0 0.00 M M 8.3 22 290 M M 0 34 290
13 56 23 40 4 25 0 0.00 M M 3.9 10 320 M M 0 15 330
14 56 33 45 8 20 0 0.00 M M 9.6 17 30 M M 0 25 30
15 39 26 33 -4 32 0 0.01 M M 12.7 24 80 M M 4 6 35 60
16 51 34 43 5 22 0 0.00 M M 4.4 10 70 M M 7 15 70
17 65 26 46 8 19 0 T M M 6.4 17 70 M M 2 18 29 60
18 45 33 39 1 26 0 0.26 M M 17.8 29 20 M M 8 18 44 30
19 46 28 37 -2 28 0 0.00 M M 10.4 21 80 M M 0 31 20
20 58 21 40 1 25 0 0.00 M M 2.8 9 100 M M 0 14 80
21 66 25 46 6 19 0 0.00 M M 4.2 16 190 M M 0 24 170
22 70 34 52 12 13 0 0.00 M M 5.1 20 190 M M 3 28 170
23 72 42 57 17 8 0 T M M 7.2 16 130 M M 5 27 130
24 72 52 62 21 3 0 T M M 13.5 26 200 M M 7 39 230
25 66 42 54 13 11 0 0.37 0.0 0 5.8 16 60 M M 3 13 25 80
26 51 43 47 6 18 0 0.25 0.0 0 9.7 25 310 M M 10 1 36 320
27 69 38 54 12 11 0 0.34 0.0 0 5.6 25 330 M M 7 18 31 340
28 53 34 44 2 21 0 0.26 M M 12.2 31 300 M M 8 1 45 300
29 54 30 42 0 23 0 0.00 M M 8.2 14 180 M M 0 23 190
30 73 45 59 16 6 0 0.01 M M 15.0 28 200 M M 2 41 200
31 57 32 45 2 20 0 0.01 M M 12.4 25 320 M M 6 33 300
================================================================================
SM 1770 996 625 0 1.51 0.0 280.9 M 95
================================================================================
AV 57.1 32.1 9.1 FASTST M M 3 MAX(MPH)
MISC ----> 31 300 45 300
================================================================================
NOTES:
# LAST OF SEVERAL OCCURRENCES
COLUMN 17 PEAK WIND IN M.P.H.
PRELIMINARY LOCAL CLIMATOLOGICAL DATA (WS FORM: F-6) , PAGE 2
STATION: DEFIANCE MEMORIAL
MONTH: MARCH
YEAR: 2021
LATITUDE: 41 20 N
LONGITUDE: 84 26 W
[TEMPERATURE DATA] [PRECIPITATION DATA] SYMBOLS USED IN COLUMN 16
AVERAGE MONTHLY: 44.6 TOTAL FOR MONTH: 1.51 1 = FOG OR MIST
DPTR FM NORMAL: 6.9 DPTR FM NORMAL: -0.56 2 = FOG REDUCING VISIBILITY
HIGHEST: 73 ON 30 GRTST 24HR 0.62 ON 25-26 TO 1/4 MILE OR LESS
LOWEST: 18 ON 7, 2 3 = THUNDER
SNOW, ICE PELLETS, HAIL 4 = ICE PELLETS
TOTAL MONTH: 0.0 INCH 5 = HAIL
GRTST 24HR 0.0 6 = FREEZING RAIN OR DRIZZLE
GRTST DEPTH: 0 7 = DUSTSTORM OR SANDSTORM:
VSBY 1/2 MILE OR LESS
8 = SMOKE OR HAZE
[NO. OF DAYS WITH] [WEATHER - DAYS WITH] 9 = BLOWING SNOW
X = TORNADO
MAX 32 OR BELOW: 0 0.01 INCH OR MORE: 8
MAX 90 OR ABOVE: 0 0.10 INCH OR MORE: 5
MIN 32 OR BELOW: 16 0.50 INCH OR MORE: 0
MIN 0 OR BELOW: 0 1.00 INCH OR MORE: 0
[HDD (BASE 65) ]
TOTAL THIS MO. 625 CLEAR (SCALE 0-3) 16
DPTR FM NORMAL -223 PTCLDY (SCALE 4-7) 13
TOTAL FM JUL 1 4848 CLOUDY (SCALE 8-10) 2
DPTR FM NORMAL -652
[CDD (BASE 65) ]
TOTAL THIS MO. 0
DPTR FM NORMAL 0 [PRESSURE DATA]
TOTAL FM JAN 1 0 HIGHEST SLP 30.63 ON 20
DPTR FM NORMAL 0 LOWEST SLP 29.36 ON 26
[REMARKS]
#FINAL-03-21#