000
CXUS53 KIWX 010800
CF6DFI
PRELIMINARY LOCAL CLIMATOLOGICAL DATA (WS FORM: F-6)
STATION: DEFIANCE MEMORIAL
MONTH: AUGUST
YEAR: 2020
LATITUDE: 41 20 N
LONGITUDE: 84 26 W
TEMPERATURE IN F: :PCPN: SNOW: WIND :SUNSHINE: SKY :PK WND
================================================================================
1 2 3 4 5 6A 6B 7 8 9 10 11 12 13 14 15 16 17 18
12Z AVG MX 2MIN
DY MAX MIN AVG DEP HDD CDD WTR SNW DPTH SPD SPD DIR MIN PSBL S-S WX SPD DR
================================================================================
1 72 65 69 -3 0 4 0.78 0.0 0 5.5 13 50 M M 8 1 20 50
2 78 67 73 1 0 8 0.19 0.0 0 5.0 14 340 M M 8 1 23 290
3 82 63 73 1 0 8 0.00 0.0 0 4.3 12 300 M M 3 16 310
4 75 55 65 -7 0 0 T 0.0 0 7.7 17 290 M M 6 1 25 280
5 78 50 64 -8 1 0 0.00 0.0 0 1.6 9 20 M M 3 13 310
6 79 53 66 -6 0 1 0.00 0.0 0 1.7 10 90 M M 4 14 20
7 83 53 68 -4 0 3 0.00 0.0 0 2.2 10 80 M M 1 16 80
8 84 56 70 -2 0 5 0.00 0.0 0 2.1 10 190 M M 0 1 16 230
9 89 64 77 5 0 12 0.00 0.0 0 4.3 15 200 M M 1 20 190
10 91 68 80 8 0 15 0.13 0.0 0 6.9 30 300 M M 1 13 41 300
11 84 66 75 3 0 10 0.00 0.0 0 5.4 13 230 M M 3 20 220
12 85 58 72 0 0 7 0.00 0.0 0 3.9 13 100 M M 0 17 90
13 88 57 73 2 0 8 0.00 0.0 0 4.8 15 120 M M 0 19 110
14 87 64 76 5 0 11 0.68 0.0 0 7.2 22 130 M M 3 13 34 130
15 90 64 77 6 0 12 T 0.0 0 3.0 9 100 M M 0 13 12 100
16 84 64 74 3 0 9 0.05 0.0 0 6.5 18 330 M M 3 13 25 320
17 85 58 72 1 0 7 0.00 0.0 0 6.5 20 330 M M 1 25 300
18 79 56 68 -3 0 3 0.00 0.0 0 6.6 15 350 M M 2 22 10
19 80 52 66 -5 0 1 0.00 0.0 0 3.1 10 360 M M 1 16 30
20 83 52 68 -3 0 3 0.00 0.0 0 1.5 10 160 M M 0 1 16 170
21 88 57 73 2 0 8 0.00 0.0 0 1.3 8 280 M M 0 13 290
22 90 60 75 5 0 10 0.00 0.0 0 1.5 10 90 M M 0 1 14 100
23 89 62 76 6 0 11 0.00 0.0 0 3.1 13 200 M M 1 20 220
24 93 65 79 9 0 14 0.00 0.0 0 5.0 18 200 M M 1 1 27 210
25 92 68 80 10 0 15 0.00 0.0 0 5.8 18 350 M M 2 29 310
26 92 65 79 9 0 14 0.00 0.0 0 5.1 18 220 M M 1 26 220
27 95 73 84 14 0 19 0.00 0.0 0 6.8 23 300 M M 2 3 34 310
28 91 71 81 12 0 16 0.53 0.0 0 5.4 24 200 M M 2 13 36 200
29 82 60 71 2 0 6 0.23 0.0 0 9.2 22 300 M M 4 13 33 310
30 77 54 66 -3 0 1 0.00 0.0 0 4.0 10 330 M M 1 14 340
31 84 55 70 1 0 5 0.00 0.0 0 3.4 13 170 M M 1 18 160
================================================================================
SM 2629 1875 1 246 2.59 0.0 140.4 M 63
================================================================================
AV 84.8 60.5 4.5 FASTST M M 2 MAX(MPH)
MISC ----> # 30 300 # 41 300
================================================================================
NOTES:
# LAST OF SEVERAL OCCURRENCES
COLUMN 17 PEAK WIND IN M.P.H.
PRELIMINARY LOCAL CLIMATOLOGICAL DATA (WS FORM: F-6) , PAGE 2
STATION: DEFIANCE MEMORIAL
MONTH: AUGUST
YEAR: 2020
LATITUDE: 41 20 N
LONGITUDE: 84 26 W
[TEMPERATURE DATA] [PRECIPITATION DATA] SYMBOLS USED IN COLUMN 16
AVERAGE MONTHLY: 72.7 TOTAL FOR MONTH: 2.59 1 = FOG OR MIST
DPTR FM NORMAL: 1.7 DPTR FM NORMAL: -0.70 2 = FOG REDUCING VISIBILITY
HIGHEST: 95 ON 27 GRTST 24HR 0.78 ON 1- 1 TO 1/4 MILE OR LESS
LOWEST: 50 ON 5 3 = THUNDER
SNOW, ICE PELLETS, HAIL 4 = ICE PELLETS
TOTAL MONTH: 0.0 INCH 5 = HAIL
GRTST 24HR 0.0 6 = FREEZING RAIN OR DRIZZLE
GRTST DEPTH: 0 7 = DUSTSTORM OR SANDSTORM:
VSBY 1/2 MILE OR LESS
8 = SMOKE OR HAZE
[NO. OF DAYS WITH] [WEATHER - DAYS WITH] 9 = BLOWING SNOW
X = TORNADO
MAX 32 OR BELOW: 0 0.01 INCH OR MORE: 7
MAX 90 OR ABOVE: 8 0.10 INCH OR MORE: 6
MIN 32 OR BELOW: 0 0.50 INCH OR MORE: 3
MIN 0 OR BELOW: 0 1.00 INCH OR MORE: 0
[HDD (BASE 65) ]
TOTAL THIS MO. 1 CLEAR (SCALE 0-3) 26
DPTR FM NORMAL -8 PTCLDY (SCALE 4-7) 5
TOTAL FM JUL 1 1 CLOUDY (SCALE 8-10) 0
DPTR FM NORMAL -10
[CDD (BASE 65) ]
TOTAL THIS MO. 246
DPTR FM NORMAL 55 [PRESSURE DATA]
TOTAL FM JAN 1 966 HIGHEST SLP 30.21 ON 8
DPTR FM NORMAL 342 LOWEST SLP 29.61 ON 29
[REMARKS]
#FINAL-08-20#