000
CXUS55 KCYS 011610
CF6DGW
PRELIMINARY LOCAL CLIMATOLOGICAL DATA (WS FORM: F-6)
STATION: CONVERSE CO (DOUGLAS) WY ARPT
MONTH: JUNE
YEAR: 2023
LATITUDE: 42 46 N
LONGITUDE: 105 22 W
TEMPERATURE IN F: :PCPN: SNOW: WIND :SUNSHINE: SKY :PK WND
================================================================================
1 2 3 4 5 6A 6B 7 8 9 10 11 12 13 14 15 16 17 18
12Z AVG MX 2MIN
DY MAX MIN AVG DEP HDD CDD WTR SNW DPTH SPD SPD DIR MIN PSBL S-S WX SPD DR
================================================================================
1 73 48 61 2 4 0 T M M 9.2 22 150 M M 4 3 34 140
2 70 50 60 1 5 0 T M M 4.6 24 210 M M 4 123 33 200
3 71 49 60 0 5 0 0.00 M M 5.8 18 140 M M 4 23 120
4 74 53 64 4 1 0 0.00 M M 13.2 26 130 M M 5 37 130
5 76 49 63 3 2 0 M M M 17.0 29 140 M M 0 45 140
6 80 49 65 4 0 0 0.00 M M 6.9 16 150 M M 0 21 160
7 81 52 67 6 0 2 T M M 8.2 24 270 M M 1 3 30 270
8 79 48 64 3 1 0 0.00 M M 6.3 23 240 M M 2 3 29 240
9 80 50 65 3 0 0 0.26 M M 7.8 26 40 M M 1 3 36 30
10 70 51 61 -1 4 0 0.32 M M 10.7 23 10 M M 5 13 32 330
11 66 52 59 -3 6 0 0.01 M M 12.5 22 130 M M 8 1 31 130
12 71 48 60 -2 5 0 T M M 9.6 23 140 M M 7 138 31 130
13 74 45 60 -3 5 0 0.00 M M 4.9 12 50 M M 0 17 60
14 80 45 63 0 2 0 0.00 M M 7.5 22 280 M M 2 3 28 260
15 70 51 61 -3 4 0 0.25 M M 9.8 28 360 M M 6 13 37 350
16 55 43 49 -15 16 0 0.14 M M 9.0 21 10 M M 8 1 29 20
17 74 39 57 -7 8 0 0.00 M M 6.1 24 280 M M 2 1 30 270
18 84 44 64 0 1 0 0.00 M M 8.6 24 240 M M 0 34 250
19 90 50 70 5 0 5 0.00 M M 9.6 24 170 M M 0 36 280
20 83 51 67 2 0 2 0.00 M M 8.4 25 270 M M 0 34 280
21 67 52 60 -5 5 0 T M M 8.4 20 140 M M 7 13 24 140
22 63 50 57 -9 8 0 0.05 M M 7.1 22 270 M M 6 13 27 270
23 74 48 61 -5 4 0 0.18 M M 11.5 38 280 M M 6 13 49 290
24 69 42 56 -10 9 0 0.00 M M 15.4 39 290 M M 2 52 290
25 78 41 60 -7 5 0 0.00 M M 5.5 14 50 M M 0 20 240
26 78 54 66 -1 0 1 0.00 M M 14.1 25 70 M M 3 35 30
27 82 52 67 0 0 2 0.00 M M 7.3 31 360 M M 4 1 43 360
28 80 47 64 -4 1 0 0.16 M M 5.2 21 60 M M 2 1238 29 50
29 72 50 61 -7 4 0 0.06 M M 6.1 29 130 M M 3 3 36 140
30 74 47 61 -7 4 0 0.04 M M 5.7 15 300 M M 4 3 22 340
================================================================================
SM 2238 1450 109 12 1.47 M 262.0 M 96
================================================================================
AV 74.6 48.3 8.7 FASTST M M 3 MAX(MPH)
MISC ----> 39 290 52 290
================================================================================
NOTES:
# LAST OF SEVERAL OCCURRENCES
COLUMN 17 PEAK WIND IN M.P.H.
PRELIMINARY LOCAL CLIMATOLOGICAL DATA (WS FORM: F-6) , PAGE 2
STATION: CONVERSE CO (DOUGLAS) WY ARPT
MONTH: JUNE
YEAR: 2023
LATITUDE: 42 46 N
LONGITUDE: 105 22 W
[TEMPERATURE DATA] [PRECIPITATION DATA] SYMBOLS USED IN COLUMN 16
AVERAGE MONTHLY: 61.5 TOTAL FOR MONTH: 1.47 1 = FOG OR MIST
DPTR FM NORMAL: -2.2 DPTR FM NORMAL: -0.16 2 = FOG REDUCING VISIBILITY
HIGHEST: 90 ON 19 GRTST 24HR 0.39 ON 15-16 TO 1/4 MILE OR LESS
LOWEST: 39 ON 17 3 = THUNDER
SNOW, ICE PELLETS, HAIL 4 = ICE PELLETS
TOTAL MONTH: M 5 = HAIL
GRTST 24HR M ON M 6 = FREEZING RAIN OR DRIZZLE
GRTST DEPTH: M ON M 7 = DUSTSTORM OR SANDSTORM:
VSBY 1/2 MILE OR LESS
8 = SMOKE OR HAZE
[NO. OF DAYS WITH] [WEATHER - DAYS WITH] 9 = BLOWING SNOW
X = TORNADO
MAX 32 OR BELOW: 0 0.01 INCH OR MORE: 10
MAX 90 OR ABOVE: 1 0.10 INCH OR MORE: 6
MIN 32 OR BELOW: 0 0.50 INCH OR MORE: 0
MIN 0 OR BELOW: 0 1.00 INCH OR MORE: 0
[HDD (BASE 65) ]
TOTAL THIS MO. 109 CLEAR (SCALE 0-3) 16
DPTR FM NORMAL 2 PTCLDY (SCALE 4-7) 14
TOTAL FM JUL 1 7753 CLOUDY (SCALE 8-10) 0
DPTR FM NORMAL 451
[CDD (BASE 65) ]
TOTAL THIS MO. 12
DPTR FM NORMAL -55 [PRESSURE DATA]
TOTAL FM JAN 1 12 HIGHEST SLP 30.18 ON 16
DPTR FM NORMAL -62 LOWEST SLP 29.52 ON 19
[REMARKS]
#FINAL-06-23#