000
CXUS54 KAMA 012336
CF6DHT
PRELIMINARY LOCAL CLIMATOLOGICAL DATA (WS FORM: F-6)
STATION: DALHART
MONTH: SEPTEMBER
YEAR: 2020
LATITUDE: 36 1 N
LONGITUDE: 102 33 W
TEMPERATURE IN F: :PCPN: SNOW: WIND :SUNSHINE: SKY :PK WND
================================================================================
1 2 3 4 5 6A 6B 7 8 9 10 11 12 13 14 15 16 17 18
12Z AVG MX 2MIN
DY MAX MIN AVG DEP HDD CDD WTR SNW DPTH SPD SPD DIR MIN PSBL S-S WX SPD DR
================================================================================
1 85 61 73 0 0 8 0.00 0.0 0 9.1 21 40 M M 1 26 30
2 86 61 74 2 0 9 0.00 0.0 0 9.3 20 20 M M 1 18 23 20
3 86 59 73 1 0 8 0.00 0.0 0 13.1 29 10 M M 0 40 40
4 92 56 74 2 0 9 0.00 0.0 0 9.1 17 140 M M 0 23 200
5 94 60 77 5 0 12 0.00 0.0 0 10.4 20 160 M M 0 24 170
6 101 61 81 10 0 16 0.00 0.0 0 13.5 25 210 M M 0 36 210
7 96 56 76 5 0 11 0.00 0.0 0 15.0 29 180 M M 0 37 190
8 75 38 57 -13 8 0 0.62 0.0 0 27.0 40 10 M M 8 138 51 360
9 43 35 39 -31 26 0 0.38 0.0 0 22.1 31 10 M M 10 1 37 20
10 52 40 46 -24 19 0 0.19 0.0 0 9.7 21 360 M M 10 1 24 360
11 77 41 59 -10 6 0 0.00 0.0 0 9.8 17 220 M M 1 22 210
12 84 47 66 -3 0 1 0.00 0.0 0 M 60 15 M M 0 40 19
13 83 50 67 -2 0 2 0.00 0.0 0 6.4 12 320 M M 0 13 100
14 81 50 66 -2 0 1 0.00 0.0 0 5.2 10 150 M M 0 8 13 100
15 83 52 68 0 0 3 0.00 0.0 0 6.2 13 150 M M 0 1 16 190
16 84 49 67 0 0 2 0.00 0.0 0 10.0 18 50 M M 0 24 50
17 81 52 67 0 0 2 0.00 0.0 0 5.9 10 110 M M 0 8 13 10
18 81 49 65 -1 0 0 0.00 0.0 0 7.4 16 180 M M 0 8 21 170
19 83 47 65 -1 0 0 0.00 0.0 0 12.5 24 180 M M 0 18 30 170
20 87 55 71 5 0 6 0.00 0.0 0 14.8 25 200 M M 0 18 30 200
21 83 52 68 3 0 3 0.00 0.0 0 12.6 20 170 M M 0 8 30 180
22 87 48 68 3 0 3 0.00 0.0 0 8.9 16 160 M M 0 1 21 170
23 85 50 68 4 0 3 0.00 0.0 0 5.8 14 100 M M 0 20 100
24 93 50 72 8 0 7 0.00 0.0 0 6.6 15 220 M M 0 8 18 240
25 98 49 74 10 0 9 0.00 0.0 0 10.2 18 160 M M 0 8 23 160
26 98 53 76 13 0 11 0.00 0.0 0 7.3 16 170 M M 0 20 180
27 75 54 65 2 0 0 0.00 0.0 0 22.8 36 30 M M 2 49 20
28 67 41 54 -8 11 0 0.00 0.0 0 12.7 25 10 M M 3 8 30 350
29 82 40 61 -1 4 0 0.00 0.0 0 9.7 24 250 M M 0 8 29 260
30 87 40 64 3 1 0 0.00 0.0 0 10.5 23 50 M M 0 8 31 40
================================================================================
SM 2489 1496 75 126 1.19 0.0 323.6 M 36
================================================================================
AV 83.0 49.9 11.2 FASTST M M 1 MAX(MPH)
MISC ----> 60 15 51 360
================================================================================
NOTES:
# LAST OF SEVERAL OCCURRENCES
COLUMN 17 PEAK WIND IN M.P.H.
PRELIMINARY LOCAL CLIMATOLOGICAL DATA (WS FORM: F-6) , PAGE 2
STATION: DALHART
MONTH: SEPTEMBER
YEAR: 2020
LATITUDE: 36 1 N
LONGITUDE: 102 33 W
[TEMPERATURE DATA] [PRECIPITATION DATA] SYMBOLS USED IN COLUMN 16
AVERAGE MONTHLY: 66.4 TOTAL FOR MONTH: 1.19 1 = FOG OR MIST
DPTR FM NORMAL: -1.0 DPTR FM NORMAL: -0.46 2 = FOG REDUCING VISIBILITY
HIGHEST: 101 ON 6 GRTST 24HR 1.00 ON 8- 9 TO 1/4 MILE OR LESS
LOWEST: 35 ON 9 3 = THUNDER
SNOW, ICE PELLETS, HAIL 4 = ICE PELLETS
TOTAL MONTH: 0.0 INCH 5 = HAIL
GRTST 24HR 0.0 6 = FREEZING RAIN OR DRIZZLE
GRTST DEPTH: 0 7 = DUSTSTORM OR SANDSTORM:
VSBY 1/2 MILE OR LESS
8 = SMOKE OR HAZE
[NO. OF DAYS WITH] [WEATHER - DAYS WITH] 9 = BLOWING SNOW
X = TORNADO
MAX 32 OR BELOW: 0 0.01 INCH OR MORE: 3
MAX 90 OR ABOVE: 7 0.10 INCH OR MORE: 3
MIN 32 OR BELOW: 0 0.50 INCH OR MORE: 1
MIN 0 OR BELOW: 0 1.00 INCH OR MORE: 0
[HDD (BASE 65) ]
TOTAL THIS MO. 75 CLEAR (SCALE 0-3) 27
DPTR FM NORMAL 15 PTCLDY (SCALE 4-7) 1
TOTAL FM JUL 1 75 CLOUDY (SCALE 8-10) 2
DPTR FM NORMAL 12
[CDD (BASE 65) ]
TOTAL THIS MO. 126
DPTR FM NORMAL -6 [PRESSURE DATA]
TOTAL FM JAN 1 1599 HIGHEST SLP 30.42 ON 10
DPTR FM NORMAL 471 LOWEST SLP 29.50 ON 8
[REMARKS]
#FINAL-09-20#