000
CXUS53 KDLH 010820
CF6DLH
PRELIMINARY LOCAL CLIMATOLOGICAL DATA (WS FORM: F-6)
STATION: DULUTH
MONTH: OCTOBER
YEAR: 2023
LATITUDE: 46 49 N
LONGITUDE: 92 11 W
TEMPERATURE IN F: :PCPN: SNOW: WIND :SUNSHINE: SKY :PK WND
================================================================================
1 2 3 4 5 6A 6B 7 8 9 10 11 12 13 14 15 16 17 18
12Z AVG MX 2MIN
DY MAX MIN AVG DEP HDD CDD WTR SNW DPTH SPD SPD DIR MIN PSBL S-S WX SPD DR
================================================================================
1 66 59 63 12 2 0 0.00 0.0 0 9.3 16 100 M M 8 128 21 120
2 82 63 73 23 0 8 0.00 0.0 0 10.5 18 210 M M 1 25 200
3 82 64 73 23 0 8 0.02 0.0 0 12.4 31 220 M M 5 43 220
4 67 46 57 7 8 0 0.02 0.0 0 13.9 26 260 M M 7 40 270
5 60 47 54 5 11 0 0.15 0.0 0 13.9 35 270 M M 7 49 270
6 52 39 46 -3 19 0 0.04 0.0 0 13.4 25 330 M M 6 38 360
7 49 35 42 -6 23 0 0.01 0.0 0 5.6 14 300 M M 7 19 340
8 53 37 45 -3 20 0 0.02 0.0 0 4.8 10 10 M M 8 16 10
9 52 33 43 -4 22 0 0.00 0.0 0 10.3 21 310 M M 4 30 300
10 49 39 44 -3 21 0 T 0.0 0 6.6 12 310 M M 10 16 310
11 53 39 46 0 19 0 0.00 0.0 0 5.4 13 110 M M 6 20 130
12 50 38 44 -2 21 0 0.10 0.0 0 11.7 23 70 M M 8 1 33 70
13 50 45 48 2 17 0 0.04 0.0 0 18.4 30 90 M M 9 47 100
14 51 39 45 0 20 0 0.03 0.0 0 9.0 18 10 M M 8 1 24 20
15 62 38 50 5 15 0 0.00 0.0 0 9.4 18 360 M M 2 29 340
16 44 28 36 -8 29 0 0.00 0.0 0 3.8 9 300 M M 7 12 300
17 60 28 44 0 21 0 T 0.0 0 4.0 10 150 M M 2 1 16 150
18 52 47 50 7 15 0 0.17 0.0 0 7.2 17 90 M M 10 23 100
19 57 39 48 5 17 0 0.07 0.0 0 6.4 16 10 M M 7 12 23 10
20 52 39 46 4 19 0 0.09 0.0 0 5.7 14 130 M M 6 12 18 110
21 54 40 47 5 18 0 0.03 0.0 0 5.5 14 320 M M 10 1 23 330
22 52 38 45 3 20 0 0.00 0.0 0 5.1 12 200 M M 9 1 15 200
23 58 46 52 11 13 0 0.05 0.0 0 8.9 16 170 M M 7 22 170
24 58 41 50 9 15 0 T 0.0 0 5.6 13 350 M M 7 1 17 360
25 47 44 46 6 19 0 0.05 0.0 0 7.2 20 110 M M 10 12 27 100
26 46 41 44 4 21 0 0.38 0.0 0 15.7 25 80 M M 10 1 37 80
27 43 30 37 -2 28 0 0.17 T T 12.5 24 300 M M 9 158 35 300
28 31 23 27 -12 38 0 0.00 0.0 0 10.7 20 290 M M 9 29 300
29 33 19 26 -12 39 0 0.01 0.2 0 9.1 16 290 M M 5 18 24 300
30 32 15 24 -14 41 0 0.05 1.2 T 9.3 17 220 M M 6 1 24 260
31 33 18 26 -11 39 0 T 0.3 T 11.8 23 10 M M 5 18 34 350
================================================================================
SM 1630 1197 610 16 1.50 1.7 283.1 M 215
================================================================================
AV 52.6 38.6 9.1 FASTST M M 7 MAX(MPH)
MISC ----> 35 270 49 270
================================================================================
NOTES:
# LAST OF SEVERAL OCCURRENCES
COLUMN 17 PEAK WIND IN M.P.H.
PRELIMINARY LOCAL CLIMATOLOGICAL DATA (WS FORM: F-6) , PAGE 2
STATION: DULUTH
MONTH: OCTOBER
YEAR: 2023
LATITUDE: 46 49 N
LONGITUDE: 92 11 W
[TEMPERATURE DATA] [PRECIPITATION DATA] SYMBOLS USED IN COLUMN 16
AVERAGE MONTHLY: 45.6 TOTAL FOR MONTH: 1.50 1 = FOG OR MIST
DPTR FM NORMAL: 1.5 DPTR FM NORMAL: -1.41 2 = FOG REDUCING VISIBILITY
HIGHEST: 82 ON 3, 2 GRTST 24HR 0.42 ON 26-27 TO 1/4 MILE OR LESS
LOWEST: 15 ON 30 3 = THUNDER
SNOW, ICE PELLETS, HAIL 4 = ICE PELLETS
TOTAL MONTH: 1.7 INCHES 5 = HAIL
GRTST 24HR 1.2 ON 30-30 6 = FREEZING RAIN OR DRIZZLE
GRTST DEPTH: T 7 = DUSTSTORM OR SANDSTORM:
VSBY 1/2 MILE OR LESS
8 = SMOKE OR HAZE
[NO. OF DAYS WITH] [WEATHER - DAYS WITH] 9 = BLOWING SNOW
X = TORNADO
MAX 32 OR BELOW: 2 0.01 INCH OR MORE: 19
MAX 90 OR ABOVE: 0 0.10 INCH OR MORE: 5
MIN 32 OR BELOW: 7 0.50 INCH OR MORE: 0
MIN 0 OR BELOW: 0 1.00 INCH OR MORE: 0
[HDD (BASE 65) ]
TOTAL THIS MO. 610 CLEAR (SCALE 0-3) 3
DPTR FM NORMAL -37 PTCLDY (SCALE 4-7) 17
TOTAL FM JUL 1 860 CLOUDY (SCALE 8-10) 11
DPTR FM NORMAL -156
[CDD (BASE 65) ]
TOTAL THIS MO. 16
DPTR FM NORMAL 15 [PRESSURE DATA]
TOTAL FM JAN 1 290 HIGHEST SLP 30.39 ON 28
DPTR FM NORMAL 35 LOWEST SLP 29.60 ON 4
[REMARKS]
#FINAL-10-23#