000
CXUS54 KEPZ 011130
CF6DMN
PRELIMINARY LOCAL CLIMATOLOGICAL DATA (WS FORM: F-6)
STATION: DEMING
MONTH: DECEMBER
YEAR: 2021
LATITUDE: 32 15 N
LONGITUDE: 107 42 W
TEMPERATURE IN F: :PCPN: SNOW: WIND :SUNSHINE: SKY :PK WND
================================================================================
1 2 3 4 5 6A 6B 7 8 9 10 11 12 13 14 15 16 17 18
12Z AVG MX 2MIN
DY MAX MIN AVG DEP HDD CDD WTR SNW DPTH SPD SPD DIR MIN PSBL S-S WX SPD DR
================================================================================
1 70 31 51 6 14 0 0.00 M M 4.1 10 210 M M 0 15 190
2 73 35 54 9 11 0 0.00 M M 4.4 10 290 M M 0 14 200
3 73 35 54 10 11 0 0.00 M M 4.6 12 250 M M 0 16 260
4 68 32 50 6 15 0 0.00 M M 3.4 10 90 M M 1 13 90
5 70 28 49 5 16 0 0.00 M M 5.8 16 260 M M 0 21 250
6 63 29 46 2 19 0 0.00 M M 4.3 16 80 M M 0 21 80
7 69 33 51 8 14 0 0.00 M M 7.3 21 290 M M 0 29 300
8 68 31 50 7 15 0 0.00 M M 5.5 18 250 M M 0 26 250
9 67 32 50 7 15 0 0.00 M M 10.6 31 260 M M 3 42 240
10 56 36 46 3 19 0 T M M 15.5 33 280 M M 6 8 45 280
11 54 28 41 -2 24 0 0.00 M M 7.2 20 40 M M 0 8 26 40
12 60 23 42 0 23 0 0.00 M M 2.6 7 300 M M 0 8 12 80
13 68 26 47 5 18 0 0.00 M M 4.3 16 270 M M 0 22 260
14 70 36 53 11 12 0 T M M 5.4 13 210 M M 3 16 210
15 62 37 50 8 15 0 0.00 M M 12.4 26 270 M M 0 37 230
16 60 29 45 3 20 0 0.00 M M 4.2 9 180 M M 0 14 170
17 63 30 47 5 18 0 0.00 M M 8.4 21 260 M M 0 29 270
18 46 35 41 -1 24 0 0.00 M M 14.9 29 40 M M 6 40 50
19 53 28 41 -1 24 0 0.00 M M 5.8 13 50 M M 2 15 50
20 60 21 41 0 24 0 0.00 M M 4.2 9 240 M M 0 12 230
21 63 24 44 3 21 0 0.00 M M 3.9 10 220 M M 0 14 220
22 70 29 50 9 15 0 0.00 M M 4.1 12 230 M M 0 16 240
23 73 34 54 13 11 0 0.00 M M 7.0 18 240 M M 0 23 280
24 69 42 56 15 9 0 T M M 12.2 35 230 M M 3 8 51 230
25 68 38 53 12 12 0 0.00 M M 8.8 22 270 M M 1 29 260
26 66 33 50 9 15 0 0.00 M M 11.8 29 250 M M 1 8 41 250
27 57 27 42 1 23 0 T M M 10.4 31 280 M M 5 8 43 250
28 55 29 42 1 23 0 0.00 M M 11.7 24 270 M M 1 33 280
29 55 29 42 1 23 0 0.00 M M 11.0 24 230 M M 0 34 260
30 51 25 38 -3 27 0 T M M 6.5 17 230 M M 5 23 230
31 51 42 47 6 18 0 0.45 M M 8.2 31 270 M M 9 1 42 280
================================================================================
SM 1951 967 548 0 0.45 M 230.5 M 46
================================================================================
AV 62.9 31.2 7.4 FASTST M M 1 MAX(MPH)
MISC ----> 35 230 51 230
================================================================================
NOTES:
# LAST OF SEVERAL OCCURRENCES
COLUMN 17 PEAK WIND IN M.P.H.
PRELIMINARY LOCAL CLIMATOLOGICAL DATA (WS FORM: F-6) , PAGE 2
STATION: DEMING
MONTH: DECEMBER
YEAR: 2021
LATITUDE: 32 15 N
LONGITUDE: 107 42 W
[TEMPERATURE DATA] [PRECIPITATION DATA] SYMBOLS USED IN COLUMN 16
AVERAGE MONTHLY: 47.1 TOTAL FOR MONTH: 0.45 1 = FOG OR MIST
DPTR FM NORMAL: 4.8 DPTR FM NORMAL: -0.27 2 = FOG REDUCING VISIBILITY
HIGHEST: 73 ON 23, 3 GRTST 24HR 0.45 ON 30-31 TO 1/4 MILE OR LESS
LOWEST: 21 ON 20 3 = THUNDER
SNOW, ICE PELLETS, HAIL 4 = ICE PELLETS
TOTAL MONTH: M 5 = HAIL
GRTST 24HR M ON M 6 = FREEZING RAIN OR DRIZZLE
GRTST DEPTH: M ON M 7 = DUSTSTORM OR SANDSTORM:
VSBY 1/2 MILE OR LESS
8 = SMOKE OR HAZE
[NO. OF DAYS WITH] [WEATHER - DAYS WITH] 9 = BLOWING SNOW
X = TORNADO
MAX 32 OR BELOW: 0 0.01 INCH OR MORE: 1
MAX 90 OR ABOVE: 0 0.10 INCH OR MORE: 1
MIN 32 OR BELOW: 19 0.50 INCH OR MORE: 0
MIN 0 OR BELOW: 0 1.00 INCH OR MORE: 0
[HDD (BASE 65) ]
TOTAL THIS MO. 548 CLEAR (SCALE 0-3) 25
DPTR FM NORMAL -157 PTCLDY (SCALE 4-7) 5
TOTAL FM JUL 1 980 CLOUDY (SCALE 8-10) 1
DPTR FM NORMAL -284
[CDD (BASE 65) ]
TOTAL THIS MO. 0
DPTR FM NORMAL 0 [PRESSURE DATA]
TOTAL FM JAN 1 1937 HIGHEST SLP 30.27 ON 11
DPTR FM NORMAL 123 LOWEST SLP 29.55 ON 31
[REMARKS]
#FINAL-12-21#