000
CXUS52 KCAE 011500
CF6DNL
PRELIMINARY LOCAL CLIMATOLOGICAL DATA (WS FORM: F-6)
STATION: AUGUSTA DANIEL FIELD GA
MONTH: JANUARY
YEAR: 2023
LATITUDE: 33 28 N
LONGITUDE: 82 2 W
TEMPERATURE IN F: :PCPN: SNOW: WIND :SUNSHINE: SKY :PK WND
================================================================================
1 2 3 4 5 6A 6B 7 8 9 10 11 12 13 14 15 16 17 18
12Z AVG MX 2MIN
DY MAX MIN AVG DEP HDD CDD WTR SNW DPTH SPD SPD DIR MIN PSBL S-S WX SPD DR
================================================================================
1 67 52 60 11 5 0 0.00 M M 2.7 8 200 M M 6 1 12 200
2 74 46 60 11 5 0 0.00 M M 2.3 8 130 M M 3 12 12 120
3 73 52 63 14 2 0 1.18 M M 6.5 16 190 M M 5 12 19 200
4 67 61 64 15 1 0 0.85 M M 6.2 14 190 M M 8 123 24 280
5 68 52 60 11 5 0 0.00 M M 4.2 15 260 M M 0 23 250
6 61 44 53 4 12 0 0.00 M M 5.8 13 310 M M 0 17 290
7 64 42 53 4 12 0 0.00 M M 3.6 10 310 M M 0 15 250
8 65 46 56 7 9 0 0.02 M M 5.2 12 190 M M 5 1 15 190
9 60 45 53 4 12 0 0.04 M M 5.3 13 310 M M 4 1 17 310
10 63 40 52 3 13 0 0.00 M M 2.2 10 230 M M 0 1 16 270
11 69 40 55 6 10 0 0.00 M M 3.5 13 210 M M 3 18 16 210
12 69 56 63 14 2 0 0.65 M M 9.0 22 270 M M 7 13 35 260
13 58 40 49 0 16 0 0.01 M M 9.2 18 350 M M 5 27 340
14 49 35 42 -7 23 0 0.00 M M 9.8 18 330 M M M 26 310
15 56 29 43 -6 22 0 0.00 M M 3.8 10 310 M M M 14 290
16 63 32 48 -1 17 0 0.00 M M 2.7 9 210 M M M M M
17 62 47 55 6 10 0 0.06 M M 4.8 15 210 M M M 21 190
18 64 56 60 11 5 0 0.00 M M 3.0 8 140 M M M 2 10 220
19 73 58 66 17 0 1 T M M 9.4 22 200 M M M 2 29 220
20 65 50 58 9 7 0 0.00 M M 7.9 15 300 M M 0 23 310
21 51 43 47 -2 18 0 0.03 M M 7.2 13 90 M M 1 16 90
22 48 41 45 -4 20 0 1.96 M M 6.2 18 330 M M 10 13 24 60
23 54 39 47 -2 18 0 0.00 M M 8.6 17 300 M M 2 1 28 310
24 57 30 44 -5 21 0 0.00 M M 4.5 10 140 M M 1 14 160
25 64 46 55 6 10 0 1.49 M M 9.1 20 180 M M 8 1 32 180
26 52 40 46 -3 19 0 0.00 M M 8.1 17 300 M M 1 26 310
27 49 35 42 -7 23 0 0.00 M M 5.4 13 300 M M 0 21 260
28 60 36 48 -2 17 0 0.00 M M 4.5 12 200 M M 0 15 200
29 51 39 45 -5 20 0 0.37 M M 2.3 9 30 M M 7 1 12 20
30 59 48 54 4 11 0 0.46 M M 2.7 12 350 M M 10 12 15 350
31 69 54 62 12 3 0 0.00 M M 3.3 9 200 M M 9 12 14 210
================================================================================
SM 1904 1374 368 1 7.12 M 169.0 M 95
================================================================================
AV 61.4 44.3 5.5 FASTST M M 4 MAX(MPH)
MISC ----> # 22 270 35 260
================================================================================
NOTES:
# LAST OF SEVERAL OCCURRENCES
COLUMN 17 PEAK WIND IN M.P.H.
PRELIMINARY LOCAL CLIMATOLOGICAL DATA (WS FORM: F-6) , PAGE 2
STATION: AUGUSTA DANIEL FIELD GA
MONTH: JANUARY
YEAR: 2023
LATITUDE: 33 28 N
LONGITUDE: 82 2 W
[TEMPERATURE DATA] [PRECIPITATION DATA] SYMBOLS USED IN COLUMN 16
AVERAGE MONTHLY: 52.9 TOTAL FOR MONTH: 7.12 1 = FOG OR MIST
DPTR FM NORMAL: 3.9 DPTR FM NORMAL: 3.35 2 = FOG REDUCING VISIBILITY
HIGHEST: 74 ON 2 GRTST 24HR 2.65 ON 22-22 TO 1/4 MILE OR LESS
LOWEST: 29 ON 15 3 = THUNDER
SNOW, ICE PELLETS, HAIL 4 = ICE PELLETS
TOTAL MONTH: M 5 = HAIL
GRTST 24HR M ON M 6 = FREEZING RAIN OR DRIZZLE
GRTST DEPTH: M ON M 7 = DUSTSTORM OR SANDSTORM:
VSBY 1/2 MILE OR LESS
8 = SMOKE OR HAZE
[NO. OF DAYS WITH] [WEATHER - DAYS WITH] 9 = BLOWING SNOW
X = TORNADO
MAX 32 OR BELOW: 0 0.01 INCH OR MORE: 12
MAX 90 OR ABOVE: 0 0.10 INCH OR MORE: 7
MIN 32 OR BELOW: 3 0.50 INCH OR MORE: 5
MIN 0 OR BELOW: 0 1.00 INCH OR MORE: 3
[HDD (BASE 65) ]
TOTAL THIS MO. 368 CLEAR (SCALE 0-3) 13
DPTR FM NORMAL -134 PTCLDY (SCALE 4-7) 7
TOTAL FM JUL 1 1150 CLOUDY (SCALE 8-10) 11
DPTR FM NORMAL -77
[CDD (BASE 65) ]
TOTAL THIS MO. 1
DPTR FM NORMAL -3 [PRESSURE DATA]
TOTAL FM JAN 1 1 HIGHEST SLP 30.46 ON 28
DPTR FM NORMAL -3 LOWEST SLP 29.73 ON 25
[REMARKS]
#FINAL-01-23#