000
CXUS52 KCAE 011500
CF6DNL
PRELIMINARY LOCAL CLIMATOLOGICAL DATA (WS FORM: F-6)
STATION: AUGUSTA DANIEL FIELD GA
MONTH: JANUARY
YEAR: 2022
LATITUDE: 33 28 N
LONGITUDE: 82 2 W
TEMPERATURE IN F: :PCPN: SNOW: WIND :SUNSHINE: SKY :PK WND
================================================================================
1 2 3 4 5 6A 6B 7 8 9 10 11 12 13 14 15 16 17 18
12Z AVG MX 2MIN
DY MAX MIN AVG DEP HDD CDD WTR SNW DPTH SPD SPD DIR MIN PSBL S-S WX SPD DR
================================================================================
1 80 71 76 27 0 11 T M M 12.6 22 200 M M 7 32 200
2 73 61 67 18 0 2 1.16 M M 9.8 21 200 M M 9 1 31 220
3 67 42 55 6 10 0 0.12 M M 10.3 29 300 M M 6 1 41 230
4 53 35 44 -5 21 0 0.00 M M 6.9 14 110 M M 2 18 100
5 61 45 53 4 12 0 T M M 4.9 12 310 M M 5 1 17 280
6 65 42 54 5 11 0 T M M 7.1 22 310 M M 3 1 31 310
7 52 35 44 -5 21 0 0.00 M M 7.4 21 300 M M 1 29 290
8 49 33 41 -8 24 0 0.00 M M 8.0 14 60 M M 5 18 70
9 73 44 59 10 6 0 0.45 M M 6.2 18 300 M M 9 13 29 300
10 61 42 52 3 13 0 T M M 6.9 18 30 M M 5 1 25 10
11 52 34 43 -6 22 0 0.00 M M 5.7 15 70 M M 0 20 70
12 58 33 46 -3 19 0 0.00 M M 1.8 8 130 M M 0 12 150
13 61 37 49 0 16 0 0.00 M M 3.3 14 210 M M 1 19 220
14 59 42 51 2 14 0 0.00 M M 5.3 14 310 M M 0 18 330
15 51 42 47 -2 18 0 0.03 M M 8.0 17 70 M M 1 22 60
16 46 36 41 -8 24 0 0.99 M M 10.6 25 80 M M 10 1 35 70
17 47 37 42 -7 23 0 0.00 M M 10.2 21 300 M M 5 34 300
18 56 33 45 -4 20 0 0.00 M M 4.8 13 310 M M 0 19 290
19 63 35 49 0 16 0 0.00 M M 4.5 13 190 M M 0 17 200
20 54 46 50 1 15 0 0.09 M M 4.1 16 40 M M 7 1 21 20
21 46 32 39 -10 26 0 0.17 M M 9.1 18 40 M M 10 1468 23 30
22 45 31 38 -11 27 0 T M M 4.9 12 30 M M 6 16 20
23 56 28 42 -7 23 0 0.00 M M 4.2 13 230 M M 0 19 230
24 60 37 49 0 16 0 0.00 M M 4.5 12 290 M M 0 17 300
25 60 47 54 5 11 0 T M M 2.2 10 310 M M 6 15 310
26 57 41 49 0 16 0 0.00 M M 7.8 14 40 M M 0 19 60
27 53 33 43 -6 22 0 0.00 M M 6.9 14 80 M M 0 19 50
28 49 35 42 -8 23 0 0.00 M M 4.6 21 300 M M 4 31 320
29 44 32 38 -12 27 0 0.00 M M 10.9 21 310 M M 1 28 310
30 58 26 42 -8 23 0 0.00 M M 5.9 22 200 M M 0 27 200
31 60 37 49 -1 16 0 0.00 M M 3.3 12 310 M M 0 15 330
================================================================================
SM 1769 1204 535 13 3.01 M 202.7 M 103
================================================================================
AV 57.1 38.8 6.5 FASTST M M 3 MAX(MPH)
MISC ----> 29 300 41 230
================================================================================
NOTES:
# LAST OF SEVERAL OCCURRENCES
COLUMN 17 PEAK WIND IN M.P.H.
PRELIMINARY LOCAL CLIMATOLOGICAL DATA (WS FORM: F-6) , PAGE 2
STATION: AUGUSTA DANIEL FIELD GA
MONTH: JANUARY
YEAR: 2022
LATITUDE: 33 28 N
LONGITUDE: 82 2 W
[TEMPERATURE DATA] [PRECIPITATION DATA] SYMBOLS USED IN COLUMN 16
AVERAGE MONTHLY: 48.0 TOTAL FOR MONTH: 3.01 1 = FOG OR MIST
DPTR FM NORMAL: -1.0 DPTR FM NORMAL: -0.76 2 = FOG REDUCING VISIBILITY
HIGHEST: 80 ON 1 GRTST 24HR 1.56 ON 2- 3 TO 1/4 MILE OR LESS
LOWEST: 26 ON 30 3 = THUNDER
SNOW, ICE PELLETS, HAIL 4 = ICE PELLETS
TOTAL MONTH: M 5 = HAIL
GRTST 24HR M ON M 6 = FREEZING RAIN OR DRIZZLE
GRTST DEPTH: M ON M 7 = DUSTSTORM OR SANDSTORM:
VSBY 1/2 MILE OR LESS
8 = SMOKE OR HAZE
[NO. OF DAYS WITH] [WEATHER - DAYS WITH] 9 = BLOWING SNOW
X = TORNADO
MAX 32 OR BELOW: 0 0.01 INCH OR MORE: 7
MAX 90 OR ABOVE: 0 0.10 INCH OR MORE: 5
MIN 32 OR BELOW: 5 0.50 INCH OR MORE: 2
MIN 0 OR BELOW: 0 1.00 INCH OR MORE: 1
[HDD (BASE 65) ]
TOTAL THIS MO. 535 CLEAR (SCALE 0-3) 17
DPTR FM NORMAL 33 PTCLDY (SCALE 4-7) 10
TOTAL FM JUL 1 1034 CLOUDY (SCALE 8-10) 4
DPTR FM NORMAL -193
[CDD (BASE 65) ]
TOTAL THIS MO. 13
DPTR FM NORMAL 9 [PRESSURE DATA]
TOTAL FM JAN 1 13 HIGHEST SLP 30.59 ON 8
DPTR FM NORMAL 9 LOWEST SLP 29.51 ON 3
[REMARKS]
#FINAL-01-22#