000
CXUS53 KDMX 030246
CF6DSM
PRELIMINARY LOCAL CLIMATOLOGICAL DATA (WS FORM: F-6)
STATION: DES MOINES IA
MONTH: JUNE
YEAR: 2021
LATITUDE: 41 31 N
LONGITUDE: 93 39 W
TEMPERATURE IN F: :PCPN: SNOW: WIND :SUNSHINE: SKY :PK WND
================================================================================
1 2 3 4 5 6A 6B 7 8 9 10 11 12 13 14 15 16 17 18
12Z AVG MX 2MIN
DY MAX MIN AVG DEP HDD CDD WTR SNW DPTH SPD SPD DIR MIN PSBL S-S WX SPD DR
================================================================================
1 77 52 65 -3 0 0 0.00 0.0 0 5.9 13 150 M M 5 17 150
2 82 54 68 0 0 3 0.00 0.0 0 3.5 14 110 M M 2 22 130
3 86 58 72 3 0 7 0.00 0.0 0 8.1 16 230 M M 5 20 220
4 88 61 75 6 0 10 0.00 0.0 0 9.7 17 190 M M 1 22 210
5 92 68 80 10 0 15 0.00 0.0 0 12.6 23 200 M M 1 31 180
6 86 64 75 5 0 10 0.00 0.0 0 11.0 25 180 M M 5 34 170
7 89 67 78 8 0 13 0.00 0.0 0 8.5 16 160 M M 4 25 200
8 90 67 79 9 0 14 0.00 0.0 0 6.7 15 150 M M 2 20 140
9 92 69 81 10 0 16 0.00 0.0 0 4.6 13 140 M M 2 21 130
10 94 72 83 12 0 18 0.00 0.0 0 5.6 13 190 M M 2 17 180
11 90 72 81 10 0 16 0.02 0.0 0 7.3 33 340 M M 6 3 47 340
12 89 69 79 7 0 14 0.00 0.0 0 9.4 18 360 M M 1 26 10
13 93 60 77 5 0 12 0.00 0.0 0 3.8 14 260 M M 2 18 250
14 90 66 78 6 0 13 0.00 0.0 0 6.0 15 40 M M 6 24 70
15 91 60 76 4 0 11 0.00 0.0 0 4.5 14 20 M M 2 19 360
16 91 65 78 6 0 13 0.00 0.0 0 10.7 24 170 M M 3 3 32 170
17 101 70 86 13 0 21 0.02 0.0 0 10.6 29 170 M M 7 3 35 170
18 92 73 83 10 0 18 T 0.0 0 7.7 31 50 M M 6 3 40 40
19 93 68 81 8 0 16 0.00 0.0 0 6.3 16 20 M M 4 3 20 30
20 87 65 76 3 0 11 1.18 0.0 0 13.7 31 320 M M 7 13 43 330
21 74 56 65 -9 0 0 0.00 0.0 0 13.7 32 310 M M 4 41 310
22 81 51 66 -8 0 1 0.71 0.0 0 9.7 24 320 M M 6 135 33 310
23 87 62 75 1 0 10 0.00 0.0 0 12.9 22 190 M M 4 29 190
24 87 69 78 4 0 13 0.61 0.0 0 9.8 29 290 M M 10 13 39 280
25 84 69 77 3 0 12 0.00 0.0 0 6.5 16 190 M M 8 23 190
26 80 65 73 -1 0 8 0.17 0.0 0 12.1 22 270 M M 8 138 35 280
27 82 63 73 -2 0 8 0.00 0.0 0 5.8 10 150 M M 6 8 17 160
28 83 69 76 1 0 11 0.01 0.0 0 5.4 13 190 M M 9 8 15 190
29 80 71 76 1 0 11 0.01 0.0 0 7.0 15 180 M M 10 1 21 210
30 85 69 77 2 0 12 T 0.0 0 3.4 10 60 M M 8 1 16 70
================================================================================
SM 2616 1944 0 337 2.73 0.0 242.5 M 146
================================================================================
AV 87.2 64.8 8.1 FASTST M M 5 MAX(MPH)
MISC ----> 33 340 47 340
================================================================================
NOTES:
# LAST OF SEVERAL OCCURRENCES
COLUMN 17 PEAK WIND IN M.P.H.
PRELIMINARY LOCAL CLIMATOLOGICAL DATA (WS FORM: F-6) , PAGE 2
STATION: DES MOINES IA
MONTH: JUNE
YEAR: 2021
LATITUDE: 41 31 N
LONGITUDE: 93 39 W
[TEMPERATURE DATA] [PRECIPITATION DATA] SYMBOLS USED IN COLUMN 16
AVERAGE MONTHLY: 76.0 TOTAL FOR MONTH: 2.73 1 = FOG OR MIST
DPTR FM NORMAL: 3.8 DPTR FM NORMAL: -2.53 2 = FOG REDUCING VISIBILITY
HIGHEST: 101 ON 17 GRTST 24HR 1.18 ON 20-20 TO 1/4 MILE OR LESS
LOWEST: 51 ON 22 3 = THUNDER
SNOW, ICE PELLETS, HAIL 4 = ICE PELLETS
TOTAL MONTH: 0.0 INCH 5 = HAIL
GRTST 24HR 0.0 6 = FREEZING RAIN OR DRIZZLE
GRTST DEPTH: 0 7 = DUSTSTORM OR SANDSTORM:
VSBY 1/2 MILE OR LESS
8 = SMOKE OR HAZE
[NO. OF DAYS WITH] [WEATHER - DAYS WITH] 9 = BLOWING SNOW
X = TORNADO
MAX 32 OR BELOW: 0 0.01 INCH OR MORE: 8
MAX 90 OR ABOVE: 12 0.10 INCH OR MORE: 4
MIN 32 OR BELOW: 0 0.50 INCH OR MORE: 3
MIN 0 OR BELOW: 0 1.00 INCH OR MORE: 1
[HDD (BASE 65) ]
TOTAL THIS MO. 0 CLEAR (SCALE 0-3) 9
DPTR FM NORMAL -15 PTCLDY (SCALE 4-7) 16
TOTAL FM JUL 1 6107 CLOUDY (SCALE 8-10) 5
DPTR FM NORMAL -68
[CDD (BASE 65) ]
TOTAL THIS MO. 337
DPTR FM NORMAL 107 [PRESSURE DATA]
TOTAL FM JAN 1 429 HIGHEST SLP 30.19 ON 1
DPTR FM NORMAL 116 LOWEST SLP 29.49 ON 20
[REMARKS]
#FINAL-06-21#