000
CXUS54 KFWD 010730
CF6DTO
PRELIMINARY LOCAL CLIMATOLOGICAL DATA (WS FORM: F-6)
STATION: DENTON
MONTH: APRIL
YEAR: 2023
LATITUDE: 33 12 N
LONGITUDE: 97 12 W
TEMPERATURE IN F: :PCPN: SNOW: WIND :SUNSHINE: SKY :PK WND
================================================================================
1 2 3 4 5 6A 6B 7 8 9 10 11 12 13 14 15 16 17 18
12Z AVG MX 2MIN
DY MAX MIN AVG DEP HDD CDD WTR SNW DPTH SPD SPD DIR MIN PSBL S-S WX SPD DR
================================================================================
1 73 44 59 -1 6 0 0.00 M M 5.7 20 20 M M 1 24 20
2 78 45 62 2 3 0 0.12 M M 9.1 23 170 M M 4 13 31 170
3 91 56 74 13 0 9 0.00 M M 13.6 30 180 M M 1 12 40 180
4 79 70 75 14 0 10 0.00 M M 16.1 25 170 M M 3 37 160
5 76 46 61 0 4 0 0.00 M M 13.1 22 330 M M 2 1 31 340
6 61 40 51 -10 14 0 0.00 M M 10.0 17 30 M M 2 25 70
7 64 43 54 -8 11 0 0.00 M M 8.3 15 20 M M 8 20 10
8 73 50 62 0 3 0 0.00 M M 3.1 10 30 M M 5 15 40
9 70 45 58 -4 7 0 0.00 M M 3.5 9 130 M M 5 12 120
10 75 51 63 1 2 0 0.00 M M 4.7 14 130 M M 2 1 18 130
11 76 45 61 -1 4 0 0.00 M M 5.1 14 130 M M 0 1 20 170
12 78 43 61 -1 4 0 0.00 M M 5.8 16 140 M M 1 25 140
13 80 50 65 2 0 0 0.00 M M 8.6 18 160 M M 0 24 200
14 81 55 68 5 0 3 T M M 15.1 25 180 M M 4 36 170
15 76 51 64 1 1 0 0.00 M M 13.4 24 330 M M 3 32 330
16 72 38 55 -8 10 0 0.00 M M 6.3 18 330 M M 0 26 350
17 81 38 60 -3 5 0 0.00 M M 10.1 25 170 M M 0 35 150
18 75 59 67 3 0 2 0.00 M M 16.2 25 150 M M 4 32 150
19 85 66 76 12 0 11 T M M 20.0 31 170 M M 6 42 160
20 81 59 70 6 0 5 0.00 M M 13.6 26 170 M M 6 8 37 160
21 76 47 62 -2 3 0 0.00 M M 8.0 23 10 M M 0 32 10
22 72 45 59 -5 6 0 0.00 M M 10.9 25 20 M M 5 34 30
23 59 42 51 -14 14 0 0.08 M M 8.5 18 30 M M 8 1 25 30
24 69 37 53 -12 12 0 T M M 8.1 18 140 M M 6 25 120
25 73 58 66 1 0 1 0.04 M M 10.1 17 160 M M 10 22 170
26 62 53 58 -8 7 0 0.67 M M 9.9 25 320 M M 10 13 37 310
27 67 47 57 -9 8 0 T M M 7.5 20 300 M M 7 1 28 280
28 73 43 58 -8 7 0 T M M 10.6 22 320 M M 5 1 33 320
29 71 48 60 -6 5 0 0.00 M M 13.2 25 340 M M 4 34 350
30 81 45 63 -4 2 0 0.00 M M 7.1 20 30 M M 0 24 20
================================================================================
SM 2228 1459 138 41 0.91 M 295.3 M 112
================================================================================
AV 74.3 48.6 9.8 FASTST M M 4 MAX(MPH)
MISC ----> 31 170 42 160
================================================================================
NOTES:
# LAST OF SEVERAL OCCURRENCES
COLUMN 17 PEAK WIND IN M.P.H.
PRELIMINARY LOCAL CLIMATOLOGICAL DATA (WS FORM: F-6) , PAGE 2
STATION: DENTON
MONTH: APRIL
YEAR: 2023
LATITUDE: 33 12 N
LONGITUDE: 97 12 W
[TEMPERATURE DATA] [PRECIPITATION DATA] SYMBOLS USED IN COLUMN 16
AVERAGE MONTHLY: 61.5 TOTAL FOR MONTH: 0.91 1 = FOG OR MIST
DPTR FM NORMAL: -1.7 DPTR FM NORMAL: -2.52 2 = FOG REDUCING VISIBILITY
HIGHEST: 91 ON 3 GRTST 24HR 0.71 ON 25-26 TO 1/4 MILE OR LESS
LOWEST: 37 ON 24 3 = THUNDER
SNOW, ICE PELLETS, HAIL 4 = ICE PELLETS
TOTAL MONTH: M 5 = HAIL
GRTST 24HR M ON M 6 = FREEZING RAIN OR DRIZZLE
GRTST DEPTH: M ON M 7 = DUSTSTORM OR SANDSTORM:
VSBY 1/2 MILE OR LESS
8 = SMOKE OR HAZE
[NO. OF DAYS WITH] [WEATHER - DAYS WITH] 9 = BLOWING SNOW
X = TORNADO
MAX 32 OR BELOW: 0 0.01 INCH OR MORE: 4
MAX 90 OR ABOVE: 1 0.10 INCH OR MORE: 2
MIN 32 OR BELOW: 0 0.50 INCH OR MORE: 1
MIN 0 OR BELOW: 0 1.00 INCH OR MORE: 0
[HDD (BASE 65) ]
TOTAL THIS MO. 138 CLEAR (SCALE 0-3) 13
DPTR FM NORMAL 11 PTCLDY (SCALE 4-7) 15
TOTAL FM JUL 1 2369 CLOUDY (SCALE 8-10) 2
DPTR FM NORMAL -248
[CDD (BASE 65) ]
TOTAL THIS MO. 41
DPTR FM NORMAL -32 [PRESSURE DATA]
TOTAL FM JAN 1 86 HIGHEST SLP M ON M
DPTR FM NORMAL -19 LOWEST SLP 29.49 ON 4
[REMARKS]
#FINAL-04-23#