000
CXUS55 KTWC 010855
CF6DUG
PRELIMINARY LOCAL CLIMATOLOGICAL DATA (WS FORM: F-6)
STATION: DOUGLAS AZ
MONTH: JANUARY
YEAR: 2024
LATITUDE: 31 28 N
LONGITUDE: 109 36 W
TEMPERATURE IN F: :PCPN: SNOW: WIND :SUNSHINE: SKY :PK WND
================================================================================
1 2 3 4 5 6A 6B 7 8 9 10 11 12 13 14 15 16 17 18
12Z AVG MX 2MIN
DY MAX MIN AVG DEP HDD CDD WTR SNW DPTH SPD SPD DIR MIN PSBL S-S WX SPD DR
================================================================================
1 64 21 43 -1 22 0 0.00 M M 7.3 18 150 M M 0 24 180
2 56 34 45 1 20 0 T M M 6.8 13 330 M M 4 19 210
3 62 27 45 1 20 0 0.00 M M 8.3 24 220 M M 0 34 220
4 50 31 41 -3 24 0 T M M 11.7 26 300 M M 5 38 300
5 51 22 37 -7 28 0 0.00 M M 7.1 16 330 M M 1 22 330
6 51 22 37 -7 28 0 0.00 M M 5.1 14 330 M M 0 18 330
7 61 27 44 0 21 0 0.01 M M 16.8 41 220 M M 1 18 54 240
8 41 20 31 -13 34 0 0.00 0.0 0 10.5 20 310 M M M 27 300
9 49 15 32 -12 33 0 0.00 M M 4.6 13 340 M M 0 15 350
10 62 21 42 -2 23 0 0.00 0.0 0 7.2 25 250 M M M 33 250
11 54 27 41 -4 24 0 T M M 15.8 36 270 M M 2 51 270
12 53 16 35 -10 30 0 0.00 M M 4.6 15 320 M M 0 19 320
13 64 17 41 -4 24 0 0.00 0.0 0 5.8 14 330 M M M 19 330
14 68 28 48 3 17 0 0.00 0.0 0 7.7 22 240 M M M 28 250
15 66 26 46 1 19 0 0.00 M M 4.8 16 330 M M 0 21 330
16 65 24 45 0 20 0 0.00 M M 3.8 13 10 M M 0 14 10
17 72 24 48 3 17 0 0.00 M M 5.1 21 240 M M 0 25 240
18 73 33 53 8 12 0 0.00 M M 4.1 13 350 M M 0 16 250
19 71 29 50 5 15 0 0.00 M M 3.4 10 90 M M 0 13 170
20 71 32 52 7 13 0 0.00 M M 5.8 17 200 M M 1 22 240
21 58 44 51 5 14 0 0.11 M M 7.5 32 220 M M 9 45 220
22 57 40 49 3 16 0 0.10 M M 6.4 18 200 M M 6 24 210
23 54 42 48 2 17 0 0.36 M M 8.4 17 150 M M 10 18 23 150
24 53 39 46 0 19 0 0.02 M M 4.6 10 340 M M 8 1 14 320
25 58 32 45 -1 20 0 0.00 M M 5.0 17 310 M M 1 24 310
26 58 35 47 1 18 0 0.00 M M 8.9 21 330 M M 1 27 350
27 62 31 47 1 18 0 0.00 M M 9.5 23 70 M M 0 31 80
28 68 29 49 3 16 0 0.00 M M 5.8 13 10 M M 0 16 50
29 71 31 51 5 14 0 0.00 M M 2.9 12 360 M M 0 14 360
30 65 39 52 6 13 0 T M M 6.8 17 170 M M 0 22 150
31 68 45 57 11 8 0 0.03 M M 4.3 15 70 M M 4 20 70
================================================================================
SM 1876 903 617 0 0.63 0.0 216.4 M 53
================================================================================
AV 60.5 29.1 7.0 FASTST M M 2 MAX(MPH)
MISC ----> 41 220 54 240
================================================================================
NOTES:
# LAST OF SEVERAL OCCURRENCES
COLUMN 17 PEAK WIND IN M.P.H.
PRELIMINARY LOCAL CLIMATOLOGICAL DATA (WS FORM: F-6) , PAGE 2
STATION: DOUGLAS AZ
MONTH: JANUARY
YEAR: 2024
LATITUDE: 31 28 N
LONGITUDE: 109 36 W
[TEMPERATURE DATA] [PRECIPITATION DATA] SYMBOLS USED IN COLUMN 16
AVERAGE MONTHLY: 44.8 TOTAL FOR MONTH: 0.63 1 = FOG OR MIST
DPTR FM NORMAL: -0.3 DPTR FM NORMAL: 0.00 2 = FOG REDUCING VISIBILITY
HIGHEST: 73 ON 18 GRTST 24HR 1.54 ON 22-23 TO 1/4 MILE OR LESS
LOWEST: 15 ON 9 3 = THUNDER
SNOW, ICE PELLETS, HAIL 4 = ICE PELLETS
TOTAL MONTH: 0.0 INCH 5 = HAIL
GRTST 24HR 0.0 6 = FREEZING RAIN OR DRIZZLE
GRTST DEPTH: 0 7 = DUSTSTORM OR SANDSTORM:
VSBY 1/2 MILE OR LESS
8 = SMOKE OR HAZE
[NO. OF DAYS WITH] [WEATHER - DAYS WITH] 9 = BLOWING SNOW
X = TORNADO
MAX 32 OR BELOW: 0 0.01 INCH OR MORE: 6
MAX 90 OR ABOVE: 0 0.10 INCH OR MORE: 3
MIN 32 OR BELOW: 22 0.50 INCH OR MORE: 0
MIN 0 OR BELOW: 0 1.00 INCH OR MORE: 0
[HDD (BASE 65) ]
TOTAL THIS MO. 617 CLEAR (SCALE 0-3) 20
DPTR FM NORMAL 0 PTCLDY (SCALE 4-7) 4
TOTAL FM JUL 1 1518 CLOUDY (SCALE 8-10) 7
DPTR FM NORMAL -181
[CDD (BASE 65) ]
TOTAL THIS MO. 0
DPTR FM NORMAL 0 [PRESSURE DATA]
TOTAL FM JAN 1 0 HIGHEST SLP M ON M
DPTR FM NORMAL 0 LOWEST SLP 29.54 ON 7
[REMARKS]
#FINAL-01-24#