000
CXUS51 KPBZ 010730
CF6DUJ
PRELIMINARY LOCAL CLIMATOLOGICAL DATA (WS FORM: F-6)
STATION: DUBOIS PA
MONTH: JUNE
YEAR: 2022
LATITUDE: 41 10 N
LONGITUDE: 78 54 W
TEMPERATURE IN F: :PCPN: SNOW: WIND :SUNSHINE: SKY :PK WND
================================================================================
1 2 3 4 5 6A 6B 7 8 9 10 11 12 13 14 15 16 17 18
12Z AVG MX 2MIN
DY MAX MIN AVG DEP HDD CDD WTR SNW DPTH SPD SPD DIR MIN PSBL S-S WX SPD DR
================================================================================
1 85 62 74 13 0 9 0.53 M M 8.3 29 310 M M 4 123 41 320
2 72 53 63 1 2 0 T M M 4.7 15 330 M M 9 128 21 330
3 74 48 61 -1 4 0 0.00 M M 6.0 16 320 M M 3 12 24 340
4 71 50 61 -1 4 0 0.00 M M 7.3 15 300 M M 1 26 290
5 72 47 60 -2 5 0 0.00 M M 5.1 13 130 M M 4 17 140
6 80 51 66 3 0 1 0.00 M M 7.3 15 210 M M 3 23 230
7 68 55 62 -1 3 0 0.92 M M 6.6 13 210 M M 8 13 20 160
8 74 48 61 -2 4 0 0.26 M M 3.5 13 100 M M 6 123 18 90
9 65 51 58 -6 7 0 T M M 8.9 21 270 M M 8 1 27 250
10 72 49 61 -3 4 0 0.00 M M 5.6 16 320 M M 3 1 22 320
11 72 51 62 -2 3 0 0.05 M M 4.2 13 230 M M 4 3 16 240
12 75 56 66 2 0 1 0.08 M M 4.5 16 230 M M 6 18 20 220
13 82 59 71 6 0 6 0.00 M M 4.5 14 240 M M 4 12 17 280
14 81 59 70 5 0 5 0.72 M M 4.0 16 250 M M 5 13 21 240
15 88 65 77 12 0 12 0.00 M M 3.9 10 220 M M 5 128 14 180
16 89 70 80 15 0 15 0.00 M M 7.4 23 350 M M 3 13 30 230
17 80 64 72 6 0 7 T M M 14.2 29 290 M M 4 1 40 290
18 67 47 57 -9 8 0 0.00 M M 11.2 23 310 M M 4 30 300
19 71 42 57 -9 8 0 0.00 M M 8.8 20 320 M M 0 27 320
20 72 52 62 -4 3 0 0.00 M M 4.6 15 270 M M 8 24 260
21 87 58 73 6 0 8 0.00 M M 6.9 16 250 M M 4 23 230
22 91 68 80 13 0 15 0.00 M M 6.7 16 300 M M 1 3 25 320
23 83 63 73 6 0 8 0.00 M M 6.9 14 330 M M 1 17 320
24 84 56 70 3 0 5 0.00 M M 3.8 10 350 M M 3 12 14 240
25 88 56 72 5 0 7 0.00 M M 4.4 10 170 M M 1 14 150
26 83 65 74 6 0 9 0.25 M M 7.6 20 250 M M 5 13 31 230
27 75 52 64 -4 1 0 0.09 M M 8.5 20 310 M M 4 1 28 270
28 75 49 62 -6 3 0 0.00 M M 4.4 12 230 M M 1 16 330
29 80 49 65 -3 0 0 0.00 M M 5.0 15 250 M M 1 20 220
30 86 55 71 3 0 6 0.00 M M 4.4 14 230 M M 1 19 220
================================================================================
SM 2342 1650 59 114 2.90 M 189.2 M 114
================================================================================
AV 78.1 55.0 6.3 FASTST M M 4 MAX(MPH)
MISC ----> # 29 310 41 320
================================================================================
NOTES:
# LAST OF SEVERAL OCCURRENCES
COLUMN 17 PEAK WIND IN M.P.H.
PRELIMINARY LOCAL CLIMATOLOGICAL DATA (WS FORM: F-6) , PAGE 2
STATION: DUBOIS PA
MONTH: JUNE
YEAR: 2022
LATITUDE: 41 10 N
LONGITUDE: 78 54 W
[TEMPERATURE DATA] [PRECIPITATION DATA] SYMBOLS USED IN COLUMN 16
AVERAGE MONTHLY: 66.5 TOTAL FOR MONTH: 2.90 1 = FOG OR MIST
DPTR FM NORMAL: 1.4 DPTR FM NORMAL: -1.76 2 = FOG REDUCING VISIBILITY
HIGHEST: 91 ON 22 GRTST 24HR 0.92 ON 7- 7 TO 1/4 MILE OR LESS
LOWEST: 42 ON 19 3 = THUNDER
SNOW, ICE PELLETS, HAIL 4 = ICE PELLETS
TOTAL MONTH: M 5 = HAIL
GRTST 24HR M ON M 6 = FREEZING RAIN OR DRIZZLE
GRTST DEPTH: M ON M 7 = DUSTSTORM OR SANDSTORM:
VSBY 1/2 MILE OR LESS
8 = SMOKE OR HAZE
[NO. OF DAYS WITH] [WEATHER - DAYS WITH] 9 = BLOWING SNOW
X = TORNADO
MAX 32 OR BELOW: 0 0.01 INCH OR MORE: 8
MAX 90 OR ABOVE: 1 0.10 INCH OR MORE: 5
MIN 32 OR BELOW: 0 0.50 INCH OR MORE: 3
MIN 0 OR BELOW: 0 1.00 INCH OR MORE: 0
[HDD (BASE 65) ]
TOTAL THIS MO. 59 CLEAR (SCALE 0-3) 12
DPTR FM NORMAL -15 PTCLDY (SCALE 4-7) 15
TOTAL FM JUL 1 5857 CLOUDY (SCALE 8-10) 3
DPTR FM NORMAL -817
[CDD (BASE 65) ]
TOTAL THIS MO. 114
DPTR FM NORMAL 37 [PRESSURE DATA]
TOTAL FM JAN 1 168 HIGHEST SLP 30.26 ON 30
DPTR FM NORMAL 59 LOWEST SLP 29.59 ON 9
[REMARKS]
#FINAL-06-22#