000
CXUS55 KPSR 221504
CF6DVT
PRELIMINARY LOCAL CLIMATOLOGICAL DATA (WS FORM: F-6)
STATION: DEER VLY/PHOENIX AZ
MONTH: FEBRUARY
YEAR: 2021
LATITUDE: 33 41 N
LONGITUDE: 112 4 W
TEMPERATURE IN F: :PCPN: SNOW: WIND :SUNSHINE: SKY :PK WND
================================================================================
1 2 3 4 5 6A 6B 7 8 9 10 11 12 13 14 15 16 17 18
12Z AVG MX 2MIN
DY MAX MIN AVG DEP HDD CDD WTR SNW DPTH SPD SPD DIR MIN PSBL S-S WX SPD DR
================================================================================
1 71 56 64 8 1 0 0.00 M M 6.2 14 60 M M 1 21 70
2 80 56 68 12 0 3 0.00 M M 2.7 10 90 M M 2 12 30
3 77 59 68 12 0 3 T M M 4.4 18 230 M M 5 24 240
4 72 49 61 5 4 0 0.00 M M 6.5 21 260 M M 0 25 250
5 67 41 54 -2 11 0 0.00 M M 3.5 14 240 M M 0 16 230
6 69 41 55 -1 10 0 0.00 M M 2.8 12 270 M M 0 15 260
7 70 40 55 -1 10 0 0.00 M M 3.0 13 30 M M 0 15 30
8 73 45 59 3 6 0 0.00 M M 3.4 15 30 M M 0 17 30
9 71 45 58 2 7 0 0.00 M M 4.3 13 30 M M 0 16 30
10 71 49 60 4 5 0 0.00 M M 3.0 12 240 M M 0 14 250
11 73 43 58 2 7 0 0.00 M M 3.3 10 20 M M 0 13 240
12 70 51 61 5 4 0 0.00 M M 5.8 20 230 M M 1 24 240
13 69 45 57 0 8 0 0.01 M M 11.0 30 290 M M 1 41 280
14 64 46 55 -2 10 0 0.00 M M 6.6 16 250 M M 3 21 240
15 62 41 52 -5 13 0 0.00 M M 4.6 13 250 M M 0 17 150
16 70 50 60 3 5 0 0.00 M M 9.3 26 260 M M 5 33 280
17 65 38 52 -5 13 0 0.00 M M 9.3 28 260 M M 1 35 310
18 63 41 52 -5 13 0 0.00 M M 5.4 15 350 M M 0 20 50
19 68 41 55 -3 10 0 0.00 M M 4.2 13 30 M M 0 14 30
20 74 41 58 0 7 0 0.00 M M 9.0 30 270 M M 0 38 280
21 69 49 59 1 6 0 0.00 M M 6.9 21 350 M M 0 26 350
22 75 42 59 1 6 0 0.00 M M 3.2 12 30 M M 0 12 180
23 76 45 61 3 4 0 0.00 M M 4.2 12 240 M M 0 16 240
24 76 45 61 3 4 0 0.00 M M 4.2 16 210 M M 0 20 230
25 66 45 56 -3 9 0 0.00 M M 7.0 16 180 M M 0 20 240
26 68 39 54 -5 11 0 0.00 M M 3.2 12 260 M M 0 13 250
27 68 39 54 -5 11 0 0.00 M M 7.0 17 350 M M 0 23 340
28 62 45 54 -5 11 0 0.00 M M 15.1 26 360 M M 0 35 360
================================================================================
SM 1959 1267 206 6 0.01 M 159.1 M 19
================================================================================
AV 70.0 45.3 5.7 FASTST M M 1 MAX(MPH)
MISC ----> # 30 290 41 280
================================================================================
NOTES:
# LAST OF SEVERAL OCCURRENCES
COLUMN 17 PEAK WIND IN M.P.H.
PRELIMINARY LOCAL CLIMATOLOGICAL DATA (WS FORM: F-6) , PAGE 2
STATION: DEER VLY/PHOENIX AZ
MONTH: FEBRUARY
YEAR: 2021
LATITUDE: 33 41 N
LONGITUDE: 112 4 W
[TEMPERATURE DATA] [PRECIPITATION DATA] SYMBOLS USED IN COLUMN 16
AVERAGE MONTHLY: 57.6 TOTAL FOR MONTH: 0.01 1 = FOG OR MIST
DPTR FM NORMAL: 0.5 DPTR FM NORMAL: -1.20 2 = FOG REDUCING VISIBILITY
HIGHEST: 80 ON 2 GRTST 24HR 0.01 ON 13-13 TO 1/4 MILE OR LESS
LOWEST: 38 ON 17 3 = THUNDER
SNOW, ICE PELLETS, HAIL 4 = ICE PELLETS
TOTAL MONTH: M 5 = HAIL
GRTST 24HR M ON M 6 = FREEZING RAIN OR DRIZZLE
GRTST DEPTH: M ON M 7 = DUSTSTORM OR SANDSTORM:
VSBY 1/2 MILE OR LESS
8 = SMOKE OR HAZE
[NO. OF DAYS WITH] [WEATHER - DAYS WITH] 9 = BLOWING SNOW
X = TORNADO
MAX 32 OR BELOW: 0 0.01 INCH OR MORE: 1
MAX 90 OR ABOVE: 0 0.10 INCH OR MORE: 0
MIN 32 OR BELOW: 0 0.50 INCH OR MORE: 0
MIN 0 OR BELOW: 0 1.00 INCH OR MORE: 0
[HDD (BASE 65) ]
TOTAL THIS MO. 206 CLEAR (SCALE 0-3) 26
DPTR FM NORMAL -20 PTCLDY (SCALE 4-7) 2
TOTAL FM JUL 1 1053 CLOUDY (SCALE 8-10) 0
DPTR FM NORMAL 1
[CDD (BASE 65) ]
TOTAL THIS MO. 6
DPTR FM NORMAL 1 [PRESSURE DATA]
TOTAL FM JAN 1 6 HIGHEST SLP 30.28 ON 19
DPTR FM NORMAL 5 LOWEST SLP 29.54 ON 13
[REMARKS]
#FINAL-02-21#