000
CXUS54 KEWX 011010
CF6DZB
PRELIMINARY LOCAL CLIMATOLOGICAL DATA (WS FORM: F-6)
STATION: Horseshoe Bay
MONTH: MARCH
YEAR: 2020
LATITUDE: 30 31 N
LONGITUDE: 98 22 W
TEMPERATURE IN F: :PCPN: SNOW: WIND :SUNSHINE: SKY :PK WND
================================================================================
1 2 3 4 5 6A 6B 7 8 9 10 11 12 13 14 15 16 17 18
12Z AVG MX 2MIN
DY MAX MIN AVG DEP HDD CDD WTR SNW DPTH SPD SPD DIR MIN PSBL S-S WX SPD DR
================================================================================
1 75 57 66 M 0 1 0.00 M M 9.4 14 190 M M 3 22 210
2 79 63 71 M 0 6 0.00 M M 3.7 9 180 M M 5 21 190
3 72 61 67 M 0 2 0.00 M M 2.1 9 90 M M 5 1 M M
4 66 52 59 M 6 0 0.19 M M 7.6 13 40 M M 10 3 21 60
5 73 45 59 M 6 0 0.00 M M 5.1 10 300 M M 1 M M
6 70 41 56 M 9 0 0.00 M M 3.0 9 50 M M 0 M M
7 66 46 56 M 9 0 0.00 M M 5.2 13 140 M M 3 20 140
8 72 50 61 M 4 0 0.00 M M 7.6 13 160 M M 9 25 160
9 68 63 66 M 0 1 0.03 M M 6.9 14 180 M M 6 27 170
10 79 59 69 M 0 4 0.00 M M 4.0 9 190 M M 6 16 190
11 84 66 75 M 0 10 0.00 M M 6.7 8 190 M M 5 M M
12 86 66 76 M 0 11 0.00 M M 7.2 13 190 M M 2 18 170
13 81 66 74 M 0 9 0.00 M M 6.5 12 150 M M 8 25 150
14 82 64 73 M 0 8 0.00 M M 5.7 14 170 M M 9 23 160
15 64 57 61 M 4 0 0.00 M M 2.6 6 40 M M 10 12 M M
16 73 57 65 M 0 0 0.11 M M 4.6 14 120 M M 9 13 23 120
17 82 66 74 M 0 9 0.00 M M 6.3 14 140 M M 8 1 20 150
18 81 66 74 M 0 9 0.00 M M 7.7 17 160 M M 8 28 160
19 82 66 74 M 0 9 0.00 M M 6.7 16 170 M M 6 3 28 170
20 72 48 60 M 5 0 0.01 M M 5.5 14 360 M M 10 24 340
21 52 45 49 M 16 0 0.06 M M 3.0 7 30 M M 10 13 M M
22 64 52 58 M 7 0 0.00 M M 0.3 5 150 M M 10 12 M M
23 79 61 70 M 0 5 0.00 M M 4.4 13 180 M M 9 12 18 170
24 88 55 72 M 0 7 0.00 M M 5.1 13 300 M M 2 1 18 300
25 91 52 72 M 0 7 0.00 M M 5.3 14 170 M M 0 21 170
26 88 59 74 M 0 9 0.00 M M 6.2 13 180 M M 2 1 18 180
27 86 66 76 M 0 11 0.00 M M 6.9 14 160 M M 5 24 190
28 75 46 61 M 4 0 0.00 M M 6.0 16 340 M M 1 3 22 340
29 75 45 60 M 5 0 0.00 M M 2.8 9 110 M M 4 M M
30 72 63 68 M 0 3 0.00 M M 1.8 6 120 M M 8 12 M M
31 73 50 62 M 3 0 0.00 M M 4.7 12 330 M M 2 21 350
================================================================================
SM 2350 1753 78 121 0.40 M 160.6 M 176
================================================================================
AV 75.8 56.6 5.2 FASTST M M 6 MAX(MPH)
MISC ----> # 17 160 # 28 160
================================================================================
NOTES:
# LAST OF SEVERAL OCCURRENCES
COLUMN 17 PEAK WIND IN M.P.H.
PRELIMINARY LOCAL CLIMATOLOGICAL DATA (WS FORM: F-6) , PAGE 2
STATION: Horseshoe Bay
MONTH: MARCH
YEAR: 2020
LATITUDE: 30 31 N
LONGITUDE: 98 22 W
[TEMPERATURE DATA] [PRECIPITATION DATA] SYMBOLS USED IN COLUMN 16
AVERAGE MONTHLY: 66.2 TOTAL FOR MONTH: 0.40 1 = FOG OR MIST
DPTR FM NORMAL: M DPTR FM NORMAL: M 2 = FOG REDUCING VISIBILITY
HIGHEST: 91 ON 25 GRTST 24HR 0.19 ON 4- 4 TO 1/4 MILE OR LESS
LOWEST: 41 ON 6 3 = THUNDER
SNOW, ICE PELLETS, HAIL 4 = ICE PELLETS
TOTAL MONTH: M 5 = HAIL
GRTST 24HR M ON M 6 = FREEZING RAIN OR DRIZZLE
GRTST DEPTH: M ON M 7 = DUSTSTORM OR SANDSTORM:
VSBY 1/2 MILE OR LESS
8 = SMOKE OR HAZE
[NO. OF DAYS WITH] [WEATHER - DAYS WITH] 9 = BLOWING SNOW
X = TORNADO
MAX 32 OR BELOW: 0 0.01 INCH OR MORE: 5
MAX 90 OR ABOVE: 1 0.10 INCH OR MORE: 2
MIN 32 OR BELOW: 0 0.50 INCH OR MORE: 0
MIN 0 OR BELOW: 0 1.00 INCH OR MORE: 0
[HDD (BASE 65) ]
TOTAL THIS MO. 78 CLEAR (SCALE 0-3) 9
DPTR FM NORMAL M PTCLDY (SCALE 4-7) 13
TOTAL FM JUL 1 1568 CLOUDY (SCALE 8-10) 9
DPTR FM NORMAL M
[CDD (BASE 65) ]
TOTAL THIS MO. 121
DPTR FM NORMAL M [PRESSURE DATA]
TOTAL FM JAN 1 149 HIGHEST SLP M ON M
DPTR FM NORMAL M LOWEST SLP M ON M
[REMARKS]
#FINAL-03-20#