000
CXUS54 KEWX 011011
CF6DZB
PRELIMINARY LOCAL CLIMATOLOGICAL DATA (WS FORM: F-6)
STATION: HORSESHOE BAY
MONTH: AUGUST
YEAR: 2023
LATITUDE: 30 31 N
LONGITUDE: 98 22 W
TEMPERATURE IN F: :PCPN: SNOW: WIND :SUNSHINE: SKY :PK WND
================================================================================
1 2 3 4 5 6A 6B 7 8 9 10 11 12 13 14 15 16 17 18
12Z AVG MX 2MIN
DY MAX MIN AVG DEP HDD CDD WTR SNW DPTH SPD SPD DIR MIN PSBL S-S WX SPD DR
================================================================================
1 104 75 90 M 0 25 0.00 M M 5.8 13 130 M M 1 18 130
2 105 79 92 M 0 27 0.00 M M 7.1 13 160 M M 0 22 160
3 103 75 89 M 0 24 0.00 M M 7.2 12 160 M M 0 20 210
4 105 77 91 M 0 26 0.00 M M 6.7 12 220 M M 0 24 170
5 105 78 92 M 0 27 0.00 M M 7.1 13 180 M M 0 22 170
6 105 78 92 M 0 27 0.00 M M 7.7 14 180 M M 0 23 180
7 106 80 93 M 0 28 0.00 M M 6.9 13 160 M M 0 23 160
8 107 80 94 M 0 29 0.00 M M 9.0 16 210 M M 0 23 170
9 107 77 92 M 0 27 0.00 M M 10.0 15 210 M M 0 25 210
10 107 78 93 M 0 28 0.00 M M 8.7 16 190 M M 0 23 190
11 107 78 93 M 0 28 0.00 M M 8.2 15 160 M M 0 23 200
12 106 79 93 M 0 28 0.00 M M 9.8 16 210 M M 1 26 180
13 105 78 92 M 0 27 0.00 M M 8.4 12 210 M M 1 21 180
14 105 73 89 M 0 24 0.00 M M 4.6 12 200 M M 0 18 200
15 101 78 90 M 0 25 0.00 M M 4.5 9 360 M M 0 M M
16 103 70 87 M 0 22 0.00 M M 2.4 7 120 M M 0 M M
17 109 75 92 M 0 27 0.00 M M 4.1 9 220 M M 0 M M
18 107 80 94 M 0 29 0.00 M M 5.2 9 110 M M 0 21 120
19 106 70 88 M 0 23 0.00 M M 4.2 9 120 M M 0 18 140
20 106 75 91 M 0 26 0.00 M M 3.7 10 150 M M 0 22 140
21 106 80 93 M 0 28 0.00 M M 4.7 13 120 M M 0 24 130
22 99 76 88 M 0 23 0.00 M M 6.7 15 60 M M 2 24 100
23 101 77 89 M 0 24 0.00 M M 6.5 12 120 M M 3 23 140
24 105 76 91 M 0 26 0.00 M M 3.8 7 160 M M 1 17 130
25 106 78 92 M 0 27 0.00 M M 3.4 8 170 M M 1 M M
26 106 75 91 M 0 26 0.00 M M 3.5 10 140 M M 0 16 180
27 108 77 93 M 0 28 0.01 M M 5.2 22 350 M M 1 43 350
28 100 73 87 M 0 22 0.00 M M 4.0 12 40 M M 1 20 350
29 98 69 84 M 0 19 0.00 M M 3.3 13 60 M M 1 18 20
30 101 68 85 M 0 20 0.00 M M 3.2 8 20 M M 1 18 320
31 101 68 85 M 0 20 0.00 M M 2.7 7 110 M M 1 M M
================================================================================
SM 3240 2350 0 790 0.01 M 178.3 M 15
================================================================================
AV104.5 75.8 5.8 FASTST M M 0 MAX(MPH)
MISC ----> 22 350 43 350
================================================================================
NOTES:
# LAST OF SEVERAL OCCURRENCES
COLUMN 17 PEAK WIND IN M.P.H.
PRELIMINARY LOCAL CLIMATOLOGICAL DATA (WS FORM: F-6) , PAGE 2
STATION: HORSESHOE BAY
MONTH: AUGUST
YEAR: 2023
LATITUDE: 30 31 N
LONGITUDE: 98 22 W
[TEMPERATURE DATA] [PRECIPITATION DATA] SYMBOLS USED IN COLUMN 16
AVERAGE MONTHLY: 90.2 TOTAL FOR MONTH: 0.01 1 = FOG OR MIST
DPTR FM NORMAL: 0.0 DPTR FM NORMAL: M 2 = FOG REDUCING VISIBILITY
HIGHEST: 109 ON 17 GRTST 24HR 0.01 ON 27-27 TO 1/4 MILE OR LESS
LOWEST: 68 ON 31,30 3 = THUNDER
SNOW, ICE PELLETS, HAIL 4 = ICE PELLETS
TOTAL MONTH: M 5 = HAIL
GRTST 24HR M ON M 6 = FREEZING RAIN OR DRIZZLE
GRTST DEPTH: M ON M 7 = DUSTSTORM OR SANDSTORM:
VSBY 1/2 MILE OR LESS
8 = SMOKE OR HAZE
[NO. OF DAYS WITH] [WEATHER - DAYS WITH] 9 = BLOWING SNOW
X = TORNADO
MAX 32 OR BELOW: 0 0.01 INCH OR MORE: 1
MAX 90 OR ABOVE: 31 0.10 INCH OR MORE: 0
MIN 32 OR BELOW: 0 0.50 INCH OR MORE: 0
MIN 0 OR BELOW: 0 1.00 INCH OR MORE: 0
[HDD (BASE 65) ]
TOTAL THIS MO. 0 CLEAR (SCALE 0-3) 31
DPTR FM NORMAL M PTCLDY (SCALE 4-7) 0
TOTAL FM JUL 1 0 CLOUDY (SCALE 8-10) 0
DPTR FM NORMAL M
[CDD (BASE 65) ]
TOTAL THIS MO. 790
DPTR FM NORMAL M [PRESSURE DATA]
TOTAL FM JAN 1 2691 HIGHEST SLP M ON M
DPTR FM NORMAL M LOWEST SLP M ON M
[REMARKS]
#FINAL-08-23#