000
CXUS56 KOTX 011010
CF6EAT
PRELIMINARY LOCAL CLIMATOLOGICAL DATA (WS FORM: F-6)
STATION: WENATCHEE WA PANGBORN FIELD
MONTH: NOVEMBER
YEAR: 2022
LATITUDE: 47 23 N
LONGITUDE: 120 12 W
TEMPERATURE IN F: :PCPN: SNOW: WIND :SUNSHINE: SKY :PK WND
================================================================================
1 2 3 4 5 6A 6B 7 8 9 10 11 12 13 14 15 16 17 18
12Z AVG MX 2MIN
DY MAX MIN AVG DEP HDD CDD WTR SNW DPTH SPD SPD DIR MIN PSBL S-S WX SPD DR
================================================================================
1 49 39 44 1 21 0 0.00 M M 6.2 12 290 M M 6 15 330
2 46 32 39 -3 26 0 0.00 M M 6.4 14 240 M M 4 18 260
3 39 25 32 -10 33 0 T M M 4.7 13 90 M M 4 15 100
4 56 34 45 3 20 0 0.48 M M 6.0 32 270 M M 10 1 40 260
5 49 31 40 -1 25 0 0.05 M M 10.8 41 310 M M 4 51 310
6 35 31 33 -8 32 0 0.57 M M 4.5 14 90 M M 9 1 16 100
7 41 30 36 -4 29 0 0.02 M M 3.6 12 130 M M 8 12 15 30
8 35 27 31 -9 34 0 0.05 M M 6.5 16 290 M M 7 1 20 300
9 36 25 31 -9 34 0 0.00 M M 8.5 17 290 M M 1 20 280
10 30 20 25 -14 40 0 0.00 M M 2.1 7 270 M M 5 8 270
11 30 24 27 -12 38 0 0.00 M M 5.4 10 280 M M 10 11 280
12 37 23 30 -8 35 0 0.00 M M 3.8 10 290 M M 1 1 12 300
13 42 25 34 -4 31 0 0.00 M M 2.3 8 80 M M 2 11 60
14 35 24 30 -8 35 0 0.00 M M 1.8 8 270 M M 5 9 270
15 30 28 29 -8 36 0 0.00 M M 1.5 7 220 M M 10 8 220
16 31 29 30 -7 35 0 0.00 M M 4.1 9 30 M M 10 12 30
17 39 24 32 -5 33 0 0.00 M M 5.5 14 270 M M 5 17 280
18 34 19 27 -9 38 0 0.00 M M 2.3 9 270 M M 0 10 270
19 28 17 23 -13 42 0 0.00 M M 2.3 9 300 M M 3 11 320
20 31 18 25 -11 40 0 0.00 M M 2.4 8 290 M M 4 10 300
21 34 24 29 -6 36 0 0.00 M M 1.9 6 170 M M 7 9 160
22 29 20 25 -10 40 0 0.10 M M 3.5 14 130 M M 5 12 17 130
23 30 18 24 -11 41 0 0.00 M M 2.6 10 80 M M 6 12 12 80
24 33 28 31 -3 34 0 0.00 M M 4.9 9 310 M M 10 1 12 310
25 34 28 31 -3 34 0 0.00 M M 3.6 10 70 M M 8 1 12 80
26 33 24 29 -5 36 0 0.00 M M 7.3 18 90 M M 6 12 24 100
27 42 27 35 2 30 0 0.03 M M 11.8 23 300 M M 3 12 27 300
28 31 15 23 -10 42 0 0.03 M M 5.0 13 40 M M 8 18 17 40
29 22 17 20 -13 45 0 0.25 M M 5.4 13 140 M M 9 18 15 130
30 24 16 20 -12 45 0 0.16 M M 4.5 13 270 M M 7 1 14 260
================================================================================
SM 1065 742 1040 0 1.74 M 141.2 M 177
================================================================================
AV 35.5 24.7 4.7 FASTST M M 6 MAX(MPH)
MISC ----> 41 310 51 310
================================================================================
NOTES:
# LAST OF SEVERAL OCCURRENCES
COLUMN 17 PEAK WIND IN M.P.H.
PRELIMINARY LOCAL CLIMATOLOGICAL DATA (WS FORM: F-6) , PAGE 2
STATION: WENATCHEE WA PANGBORN FIELD
MONTH: NOVEMBER
YEAR: 2022
LATITUDE: 47 23 N
LONGITUDE: 120 12 W
[TEMPERATURE DATA] [PRECIPITATION DATA] SYMBOLS USED IN COLUMN 16
AVERAGE MONTHLY: 30.1 TOTAL FOR MONTH: 1.74 1 = FOG OR MIST
DPTR FM NORMAL: -7.3 DPTR FM NORMAL: 0.89 2 = FOG REDUCING VISIBILITY
HIGHEST: 56 ON 4 GRTST 24HR 0.59 ON 6- 7 TO 1/4 MILE OR LESS
LOWEST: 15 ON 28 3 = THUNDER
SNOW, ICE PELLETS, HAIL 4 = ICE PELLETS
TOTAL MONTH: M 5 = HAIL
GRTST 24HR M ON M 6 = FREEZING RAIN OR DRIZZLE
GRTST DEPTH: M ON M 7 = DUSTSTORM OR SANDSTORM:
VSBY 1/2 MILE OR LESS
8 = SMOKE OR HAZE
[NO. OF DAYS WITH] [WEATHER - DAYS WITH] 9 = BLOWING SNOW
X = TORNADO
MAX 32 OR BELOW: 11 0.01 INCH OR MORE: 10
MAX 90 OR ABOVE: 0 0.10 INCH OR MORE: 5
MIN 32 OR BELOW: 28 0.50 INCH OR MORE: 1
MIN 0 OR BELOW: 0 1.00 INCH OR MORE: 0
[HDD (BASE 65) ]
TOTAL THIS MO. 1040 CLEAR (SCALE 0-3) 6
DPTR FM NORMAL 210 PTCLDY (SCALE 4-7) 17
TOTAL FM JUL 1 1293 CLOUDY (SCALE 8-10) 7
DPTR FM NORMAL -86
[CDD (BASE 65) ]
TOTAL THIS MO. 0
DPTR FM NORMAL 0 [PRESSURE DATA]
TOTAL FM JAN 1 1021 HIGHEST SLP M ON M
DPTR FM NORMAL 214 LOWEST SLP 29.27 ON 4
[REMARKS]
#FINAL-11-22#