000
CXUS53 KEAX 010836
CF6EAX
PRELIMINARY LOCAL CLIMATOLOGICAL DATA (WS FORM: F-6)
STATION: PLEASANT HILL NWS MO
MONTH: DECEMBER
YEAR: 2022
LATITUDE: 38 48 N
LONGITUDE: 94 16 W
TEMPERATURE IN F: :PCPN: SNOW: WIND :SUNSHINE: SKY :PK WND
================================================================================
1 2 3 4 5 6A 6B 7 8 9 10 11 12 13 14 15 16 17 18
12Z AVG MX 2MIN
DY MAX MIN AVG DEP HDD CDD WTR SNW DPTH SPD SPD DIR MIN PSBL S-S WX SPD DR
================================================================================
1 48 20 34 -4 31 0 0.00 0.0 0 M M M M M M M M
2 58 28 43 5 22 0 0.00 0.0 0 M M M M M M M M
3 34 18 26 -12 39 0 0.00 0.0 0 M M M M M M M M
4 44 24 34 -3 31 0 0.00 0.0 0 M M M M M M M M
5 45 34 40 3 25 0 0.00 0.0 0 M M M M M M M M
6 42 34 38 1 27 0 T 0.0 0 M M M M M M M M
7 50 32 41 5 24 0 0.00 0.0 0 M M M M M M M M
8 49 43 46 10 19 0 0.08 0.0 0 M M M M M M 1 M M
9 48 33 41 5 24 0 0.00 0.0 0 M M M M M M M M
10 42 31 37 2 28 0 0.05 0.0 0 M M M M M M 18 M M
11 40 24 32 -3 33 0 0.00 0.0 0 M M M M M M M M
12 43 35 39 4 26 0 0.02 0.0 0 M M M M M M 1 M M
13 57 41 49 15 16 0 0.71 0.0 0 M M M M M M M M
14 43 28 36 2 29 0 0.00 0.0 0 M M M M M M M M
15 34 28 31 -3 34 0 0.00 0.0 0 M M M M M M M M
16 32 23 28 -6 37 0 0.00 0.0 0 M M M M M M M M
17 32 20 26 -7 39 0 T T 0 M M M M M M M M
18 36 14 25 -8 40 0 0.00 0.0 0 M M M M M M M M
19 39 29 34 1 31 0 0.01 T 0 M M M M M M M M
20 34 21 28 -5 37 0 T T 0 M M M M M M M M
21 36 21 29 -3 36 0 0.00 0.0 0 M M M M M M M M
22 33 -8 13 -19 52 0 0.22 2.1 2 M M M M M M 69 M M
23 8 -7 1 -31 64 0 0.00 0.0 2 M M M M M M M M
24 17 3 10 -22 55 0 0.00 0.0 1 M M M M M M M M
25 26 2 14 -18 51 0 T T 1 M M M M M M 46 M M
26 31 7 19 -13 46 0 T T 1 M M M M M M M M
27 37 7 22 -9 43 0 0.00 0.0 1 M M M M M M M M
28 56 34 45 14 20 0 0.00 0.0 1 M M M M M M M M
29 67 41 54 23 11 0 0.00 0.0 0 M M M M M M M M
30 47 30 39 8 26 0 0.00 0.0 0 M M M M M M M M
31 58 31 45 14 20 0 0.00 0.0 0 M M M M M M M M
================================================================================
SM 1266 721 1016 0 1.09 2.1 M M M
================================================================================
AV 40.8 23.3 M FASTST M M M MAX(MPH)
MISC ----> M M M M
================================================================================
NOTES:
# LAST OF SEVERAL OCCURRENCES
COLUMN 17 PEAK WIND IN M.P.H.
PRELIMINARY LOCAL CLIMATOLOGICAL DATA (WS FORM: F-6) , PAGE 2
STATION: PLEASANT HILL NWS MO
MONTH: DECEMBER
YEAR: 2022
LATITUDE: 38 48 N
LONGITUDE: 94 16 W
[TEMPERATURE DATA] [PRECIPITATION DATA] SYMBOLS USED IN COLUMN 16
AVERAGE MONTHLY: 32.0 TOTAL FOR MONTH: 1.09 1 = FOG OR MIST
DPTR FM NORMAL: -1.9 DPTR FM NORMAL: -0.77 2 = FOG REDUCING VISIBILITY
HIGHEST: 67 ON 29 GRTST 24HR 0.71 ON 13-13 TO 1/4 MILE OR LESS
LOWEST: -8 ON 22 3 = THUNDER
SNOW, ICE PELLETS, HAIL 4 = ICE PELLETS
TOTAL MONTH: 2.1 INCHES 5 = HAIL
GRTST 24HR 2.1 ON 22-22 6 = FREEZING RAIN OR DRIZZLE
GRTST DEPTH: 2 ON 23,22 7 = DUSTSTORM OR SANDSTORM:
VSBY 1/2 MILE OR LESS
8 = SMOKE OR HAZE
[NO. OF DAYS WITH] [WEATHER - DAYS WITH] 9 = BLOWING SNOW
X = TORNADO
MAX 32 OR BELOW: 6 0.01 INCH OR MORE: 6
MAX 90 OR ABOVE: 0 0.10 INCH OR MORE: 2
MIN 32 OR BELOW: 23 0.50 INCH OR MORE: 1
MIN 0 OR BELOW: 2 1.00 INCH OR MORE: 0
[HDD (BASE 65) ]
TOTAL THIS MO. 1016 CLEAR (SCALE 0-3) 0
DPTR FM NORMAL 54 PTCLDY (SCALE 4-7) 0
TOTAL FM JUL 1 1958 CLOUDY (SCALE 8-10) 31
DPTR FM NORMAL 50
[CDD (BASE 65) ]
TOTAL THIS MO. 0
DPTR FM NORMAL 0 [PRESSURE DATA]
TOTAL FM JAN 1 1582 HIGHEST SLP M ON M
DPTR FM NORMAL 195 LOWEST SLP M ON M
[REMARKS]
#FINAL-12-22#