000
CXUS55 KEAX 041512
CF6EAX
PRELIMINARY LOCAL CLIMATOLOGICAL DATA (WS FORM: F-6)
STATION: PLEASANT HILL NWS MO
MONTH: AUGUST
YEAR: 2020
LATITUDE: 38 48 N
LONGITUDE: 94 16 W
TEMPERATURE IN F: :PCPN: SNOW: WIND :SUNSHINE: SKY :PK WND
================================================================================
1 2 3 4 5 6A 6B 7 8 9 10 11 12 13 14 15 16 17 18
12Z AVG MX 2MIN
DY MAX MIN AVG DEP HDD CDD WTR SNW DPTH SPD SPD DIR MIN PSBL S-S WX SPD DR
================================================================================
1 83 62 73 -5 0 8 0.00 0.0 0 M M M M M M M M
2 83 66 75 -3 0 10 0.00 0.0 0 M M M M M M M M
3 76 60 68 -10 0 3 0.00 0.0 0 M M M M M M M M
4 74 56 65 -13 0 0 0.00 0.0 0 M M M M M M M M
5 79 56 68 -10 0 3 0.00 0.0 0 M M M M M M M M
6 83 62 73 -5 0 8 T 0.0 0 M M M M M M M M
7 86 67 77 -1 0 12 0.02 0.0 0 M M M M M M M M
8 88 69 79 1 0 14 0.53 0.0 0 M M M M M M M M
9 81 72 77 -1 0 12 0.18 0.0 0 M M M M M M M M
10 86 70 78 0 0 13 0.27 0.0 0 M M M M M M 3 M M
11 86 68 77 -1 0 12 0.05 0.0 0 M M M M M M 3 M M
12 87 66 77 -1 0 12 T 0.0 0 M M M M M M M M
13 88 70 79 1 0 14 0.00 0.0 0 M M M M M M M M
14 89 70 80 2 0 15 0.00 0.0 0 M M M M M M M M
15 85 69 77 0 0 12 0.02 0.0 0 M M M M M M 3 M M
16 82 60 71 -6 0 6 0.00 0.0 0 M M M M M M M M
17 85 65 75 -2 0 10 0.00 0.0 0 M M M M M M M M
18 79 61 70 -7 0 5 0.00 0.0 0 M M M M M M M M
19 83 60 72 -5 0 7 0.00 0.0 0 M M M M M M M M
20 83 58 71 -6 0 6 0.00 0.0 0 M M M M M M M M
21 87 60 74 -2 0 9 0.00 0.0 0 M M M M M M M M
22 89 63 76 0 0 11 0.00 0.0 0 M M M M M M M M
23 92 66 79 3 0 14 0.00 0.0 0 M M M M M M M M
24 93 70 82 6 0 17 0.00 0.0 0 M M M M M M M M
25 94 68 81 5 0 16 0.00 0.0 0 M M M M M M M M
26 93 68 81 6 0 16 0.00 0.0 0 M M M M M M M M
27 90 68 79 4 0 14 0.00 0.0 0 M M M M M M M M
28 92 68 80 5 0 15 0.00 0.0 0 M M M M M M M M
29 79 63 71 -4 0 6 0.30 0.0 0 M M M M M M M M
30 82 62 72 -2 0 7 0.00 0.0 0 M M M M M M M M
31 76 67 72 -2 0 7 0.93 0.0 0 M M M M M M M M
================================================================================
SM 2633 2010 0 314 2.30 0.0 M M M
================================================================================
AV 84.9 64.8 M FASTST M M M MAX(MPH)
MISC ----> M M M M
================================================================================
NOTES:
# LAST OF SEVERAL OCCURRENCES
COLUMN 17 PEAK WIND IN M.P.H.
PRELIMINARY LOCAL CLIMATOLOGICAL DATA (WS FORM: F-6) , PAGE 2
STATION: PLEASANT HILL NWS MO
MONTH: AUGUST
YEAR: 2020
LATITUDE: 38 48 N
LONGITUDE: 94 16 W
[TEMPERATURE DATA] [PRECIPITATION DATA] SYMBOLS USED IN COLUMN 16
AVERAGE MONTHLY: 74.9 TOTAL FOR MONTH: 2.30 1 = FOG OR MIST
DPTR FM NORMAL: -1.9 DPTR FM NORMAL: -1.74 2 = FOG REDUCING VISIBILITY
HIGHEST: 94 ON 25 GRTST 24HR 0.93 ON 31-31 TO 1/4 MILE OR LESS
LOWEST: 56 ON 5, 4 3 = THUNDER
SNOW, ICE PELLETS, HAIL 4 = ICE PELLETS
TOTAL MONTH: 0.0 INCH 5 = HAIL
GRTST 24HR 0.0 6 = FREEZING RAIN OR DRIZZLE
GRTST DEPTH: 0 7 = DUSTSTORM OR SANDSTORM:
VSBY 1/2 MILE OR LESS
8 = SMOKE OR HAZE
[NO. OF DAYS WITH] [WEATHER - DAYS WITH] 9 = BLOWING SNOW
X = TORNADO
MAX 32 OR BELOW: 0 0.01 INCH OR MORE: 8
MAX 90 OR ABOVE: 6 0.10 INCH OR MORE: 5
MIN 32 OR BELOW: 0 0.50 INCH OR MORE: 2
MIN 0 OR BELOW: 0 1.00 INCH OR MORE: 0
[HDD (BASE 65) ]
TOTAL THIS MO. 0 CLEAR (SCALE 0-3) 0
DPTR FM NORMAL -2 PTCLDY (SCALE 4-7) 0
TOTAL FM JUL 1 0 CLOUDY (SCALE 8-10) 31
DPTR FM NORMAL 0
[CDD (BASE 65) ]
TOTAL THIS MO. 314
DPTR FM NORMAL -55 [PRESSURE DATA]
TOTAL FM JAN 1 1134 HIGHEST SLP M ON M
DPTR FM NORMAL 13 LOWEST SLP M ON M
[REMARKS]
#FINAL-08-20#