000
CXUS51 KAKQ 030250
CF6ECG
PRELIMINARY LOCAL CLIMATOLOGICAL DATA (WS FORM: F-6)
STATION: ELIZABETH CITY NC
MONTH: JUNE
YEAR: 2021
LATITUDE: 36 16 N
LONGITUDE: 76 11 W
TEMPERATURE IN F: :PCPN: SNOW: WIND :SUNSHINE: SKY :PK WND
================================================================================
1 2 3 4 5 6A 6B 7 8 9 10 11 12 13 14 15 16 17 18
12Z AVG MX 2MIN
DY MAX MIN AVG DEP HDD CDD WTR SNW DPTH SPD SPD DIR MIN PSBL S-S WX SPD DR
================================================================================
1 76 52 64 -9 1 0 0.00 0.0 0 5.4 14 110 M M 0 17 110
2 76 62 69 -4 0 4 0.06 0.0 0 6.8 15 110 M M 8 138 20 120
3 79 69 74 1 0 9 2.35 0.0 0 6.6 17 200 M M 9 1238 25 210
4 81 70 76 2 0 11 1.79 0.0 0 8.8 24 170 M M 6 13 36 180
5 88 68 78 4 0 13 0.00 0.0 0 6.0 14 190 M M 0 1 26 320
6 89 69 79 5 0 14 0.00 0.0 0 6.3 14 150 M M 0 1 19 180
7 88 73 81 7 0 16 0.22 0.0 0 9.2 20 200 M M 2 13 26 190
8 88 76 82 7 0 17 0.00 0.0 0 11.1 17 230 M M 3 23 220
9 88 72 80 5 0 15 0.48 0.0 0 8.9 23 270 M M 3 13 35 270
10 86 72 79 4 0 14 T 0.0 0 5.9 14 210 M M 3 3 16 210
11 85 73 79 4 0 14 1.25 0.0 0 5.4 14 260 M M 9 13 19 260
12 76 69 73 -3 0 8 0.17 0.0 0 11.7 23 30 M M 9 1 26 30
13 79 68 74 -2 0 9 T 0.0 0 10.6 16 40 M M 2 26 20
14 87 68 78 2 0 13 0.00 0.0 0 5.8 16 200 M M 1 21 190
15 85 65 75 -1 0 10 0.04 0.0 0 7.6 17 340 M M 4 3 21 190
16 84 63 74 -3 0 9 0.00 0.0 0 5.8 14 280 M M 2 17 270
17 84 63 74 -3 0 9 0.00 0.0 0 5.0 13 70 M M 1 15 120
18 84 59 72 -5 0 7 0.00 0.0 0 5.9 13 190 M M 0 20 130
19 91 73 82 5 0 17 0.00 0.0 0 12.0 20 230 M M 0 26 230
20 83 74 79 1 0 14 1.04 0.0 0 10.3 21 220 M M 3 13 27 240
21 89 73 81 3 0 16 0.47 0.0 0 9.2 17 220 M M 4 1 22 190
22 84 68 76 -2 0 11 0.63 0.0 0 12.5 28 270 M M 6 18 36 340
23 76 63 70 -8 0 5 0.00 0.0 0 11.7 21 30 M M 0 26 30
24 76 62 69 -9 0 4 0.00 0.0 0 11.2 22 20 M M 2 25 30
25 84 67 76 -2 0 11 0.00 0.0 0 8.6 20 120 M M 4 26 120
26 88 74 81 3 0 16 0.00 0.0 0 8.2 16 110 M M 3 3 20 120
27 87 71 79 0 0 14 0.00 0.0 0 5.9 16 120 M M 1 12 19 120
28 87 69 78 -1 0 13 0.00 0.0 0 7.2 17 120 M M 0 1 21 130
29 89 73 81 2 0 16 0.00 0.0 0 5.7 13 200 M M 1 1 17 140
30 90 75 83 4 0 18 0.00 0.0 0 10.3 18 220 M M 1 23 220
================================================================================
SM 2527 2053 1 347 8.50 0.0 245.6 M 87
================================================================================
AV 84.2 68.4 8.2 FASTST M M 3 MAX(MPH)
MISC ----> 28 270 # 36 180
================================================================================
NOTES:
# LAST OF SEVERAL OCCURRENCES
COLUMN 17 PEAK WIND IN M.P.H.
PRELIMINARY LOCAL CLIMATOLOGICAL DATA (WS FORM: F-6) , PAGE 2
STATION: ELIZABETH CITY NC
MONTH: JUNE
YEAR: 2021
LATITUDE: 36 16 N
LONGITUDE: 76 11 W
[TEMPERATURE DATA] [PRECIPITATION DATA] SYMBOLS USED IN COLUMN 16
AVERAGE MONTHLY: 76.3 TOTAL FOR MONTH: 8.50 1 = FOG OR MIST
DPTR FM NORMAL: 0.1 DPTR FM NORMAL: 3.79 2 = FOG REDUCING VISIBILITY
HIGHEST: 91 ON 19 GRTST 24HR 3.37 ON 3- 4 TO 1/4 MILE OR LESS
LOWEST: 52 ON 1 3 = THUNDER
SNOW, ICE PELLETS, HAIL 4 = ICE PELLETS
TOTAL MONTH: 0.0 INCH 5 = HAIL
GRTST 24HR 0.0 6 = FREEZING RAIN OR DRIZZLE
GRTST DEPTH: 0 7 = DUSTSTORM OR SANDSTORM:
VSBY 1/2 MILE OR LESS
8 = SMOKE OR HAZE
[NO. OF DAYS WITH] [WEATHER - DAYS WITH] 9 = BLOWING SNOW
X = TORNADO
MAX 32 OR BELOW: 0 0.01 INCH OR MORE: 11
MAX 90 OR ABOVE: 2 0.10 INCH OR MORE: 9
MIN 32 OR BELOW: 0 0.50 INCH OR MORE: 5
MIN 0 OR BELOW: 0 1.00 INCH OR MORE: 4
[HDD (BASE 65) ]
TOTAL THIS MO. 1 CLEAR (SCALE 0-3) 20
DPTR FM NORMAL -1 PTCLDY (SCALE 4-7) 7
TOTAL FM JUL 1 2786 CLOUDY (SCALE 8-10) 3
DPTR FM NORMAL -264
[CDD (BASE 65) ]
TOTAL THIS MO. 347
DPTR FM NORMAL 8 [PRESSURE DATA]
TOTAL FM JAN 1 554 HIGHEST SLP 30.33 ON 1
DPTR FM NORMAL 5 LOWEST SLP 29.67 ON 12
[REMARKS]
#FINAL-06-21#