000
CXUS51 KAKQ 010710
CF6ECG
PRELIMINARY LOCAL CLIMATOLOGICAL DATA (WS FORM: F-6)
STATION: ELIZABETH CITY NC
MONTH: JULY
YEAR: 2023
LATITUDE: 36 16 N
LONGITUDE: 76 11 W
TEMPERATURE IN F: :PCPN: SNOW: WIND :SUNSHINE: SKY :PK WND
================================================================================
1 2 3 4 5 6A 6B 7 8 9 10 11 12 13 14 15 16 17 18
12Z AVG MX 2MIN
DY MAX MIN AVG DEP HDD CDD WTR SNW DPTH SPD SPD DIR MIN PSBL S-S WX SPD DR
================================================================================
1 89 68 79 0 0 14 0.00 0.0 0 4.5 20 110 M M 1 18 24 110
2 92 74 83 4 0 18 0.00 0.0 0 10.4 16 190 M M 0 8 21 180
3 94 71 83 4 0 18 1.97 0.0 0 9.7 33 290 M M 2 123 39 300
4 93 74 84 5 0 19 0.00 0.0 0 9.3 17 200 M M 4 3 25 140
5 92 71 82 3 0 17 0.54 0.0 0 7.2 41 30 M M 2 13 48 40
6 87 71 79 -1 0 14 T 0.0 0 4.9 12 210 M M 2 13 15 170
7 90 73 82 2 0 17 0.03 0.0 0 4.6 16 110 M M 1 13 19 120
8 88 73 81 1 0 16 0.07 0.0 0 5.3 13 110 M M 2 13 15 190
9 89 72 81 1 0 16 0.41 0.0 0 4.3 23 320 M M 4 123 31 330
10 84 72 78 -2 0 13 T 0.0 0 5.0 12 340 M M 5 3 16 280
11 90 68 79 -1 0 14 0.00 0.0 0 5.8 13 340 M M 1 17 360
12 90 70 80 0 0 15 0.00 0.0 0 5.0 12 200 M M 1 12 14 210
13 90 75 83 3 0 18 0.00 0.0 0 10.2 18 220 M M 0 22 220
14 88 80 84 4 0 19 T 0.0 0 10.3 18 210 M M 5 3 25 220
15 90 77 84 4 0 19 0.07 0.0 0 8.0 20 170 M M 2 13 28 170
16 91 74 83 3 0 18 0.04 0.0 0 10.0 24 230 M M 3 38 33 230
17 92 73 83 3 0 18 T 0.0 0 4.8 16 150 M M 2 13 20 150
18 92 72 82 2 0 17 T 0.0 0 5.7 14 220 M M 1 18 16 220
19 90 75 83 3 0 18 0.01 0.0 0 9.1 24 220 M M 1 138 34 210
20 89 75 82 2 0 17 T 0.0 0 5.5 15 50 M M 1 138 19 20
21 92 73 83 3 0 18 0.17 0.0 0 7.5 20 330 M M 4 13 24 330
22 87 69 78 -2 0 13 0.10 0.0 0 5.4 18 340 M M 2 1 22 40
23 86 67 77 -3 0 12 0.00 0.0 0 5.7 14 110 M M 0 12 17 110
24 85 70 78 -2 0 13 0.17 0.0 0 6.0 15 280 M M 3 1 19 100
25 90 69 80 0 0 15 0.00 0.0 0 4.1 10 180 M M 1 13 160
26 93 73 83 3 0 18 T 0.0 0 6.8 21 360 M M 1 3 25 360
27 93 75 84 4 0 19 0.00 0.0 0 10.0 17 200 M M 0 1 22 200
28 94 77 86 6 0 21 0.00 0.0 0 12.0 17 220 M M 0 23 220
29 94 79 87 7 0 22 0.00 0.0 0 15.3 24 210 M M 0 33 210
30 85 67 76 -4 0 11 0.00 0.0 0 9.4 22 20 M M 3 26 40
31 87 61 74 -6 0 9 0.07 0.0 0 5.4 16 110 M M 3 1 19 140
================================================================================
SM 2786 2238 0 506 3.65 0.0 227.2 M 57
================================================================================
AV 89.9 72.2 7.3 FASTST M M 2 MAX(MPH)
MISC ----> 41 30 48 40
================================================================================
NOTES:
# LAST OF SEVERAL OCCURRENCES
COLUMN 17 PEAK WIND IN M.P.H.
PRELIMINARY LOCAL CLIMATOLOGICAL DATA (WS FORM: F-6) , PAGE 2
STATION: ELIZABETH CITY NC
MONTH: JULY
YEAR: 2023
LATITUDE: 36 16 N
LONGITUDE: 76 11 W
[TEMPERATURE DATA] [PRECIPITATION DATA] SYMBOLS USED IN COLUMN 16
AVERAGE MONTHLY: 81.0 TOTAL FOR MONTH: 3.65 1 = FOG OR MIST
DPTR FM NORMAL: 1.4 DPTR FM NORMAL: -2.00 2 = FOG REDUCING VISIBILITY
HIGHEST: 94 ON 29,28 GRTST 24HR 1.97 ON 3- 3 TO 1/4 MILE OR LESS
LOWEST: 61 ON 31 3 = THUNDER
SNOW, ICE PELLETS, HAIL 4 = ICE PELLETS
TOTAL MONTH: 0.0 INCH 5 = HAIL
GRTST 24HR 0.0 6 = FREEZING RAIN OR DRIZZLE
GRTST DEPTH: 0 7 = DUSTSTORM OR SANDSTORM:
VSBY 1/2 MILE OR LESS
8 = SMOKE OR HAZE
[NO. OF DAYS WITH] [WEATHER - DAYS WITH] 9 = BLOWING SNOW
X = TORNADO
MAX 32 OR BELOW: 0 0.01 INCH OR MORE: 12
MAX 90 OR ABOVE: 19 0.10 INCH OR MORE: 6
MIN 32 OR BELOW: 0 0.50 INCH OR MORE: 2
MIN 0 OR BELOW: 0 1.00 INCH OR MORE: 1
[HDD (BASE 65) ]
TOTAL THIS MO. 0 CLEAR (SCALE 0-3) 26
DPTR FM NORMAL 0 PTCLDY (SCALE 4-7) 5
TOTAL FM JUL 1 0 CLOUDY (SCALE 8-10) 0
DPTR FM NORMAL 0
[CDD (BASE 65) ]
TOTAL THIS MO. 506
DPTR FM NORMAL 54 [PRESSURE DATA]
TOTAL FM JAN 1 919 HIGHEST SLP M ON M
DPTR FM NORMAL -82 LOWEST SLP 29.72 ON 9
[REMARKS]
#FINAL-07-23#