000
CXUS52 KTAE 010900
CF6ECP
PRELIMINARY LOCAL CLIMATOLOGICAL DATA (WS FORM: F-6)
STATION: PANAMA CITY NW
MONTH: DECEMBER
YEAR: 2022
LATITUDE: 30 21 N
LONGITUDE: 85 48 W
TEMPERATURE IN F: :PCPN: SNOW: WIND :SUNSHINE: SKY :PK WND
================================================================================
1 2 3 4 5 6A 6B 7 8 9 10 11 12 13 14 15 16 17 18
12Z AVG MX 2MIN
DY MAX MIN AVG DEP HDD CDD WTR SNW DPTH SPD SPD DIR MIN PSBL S-S WX SPD DR
================================================================================
1 63 43 53 -4 12 0 0.00 0.0 0 8.2 17 20 M M 0 23 10
2 75 41 58 1 7 0 0.00 0.0 0 4.6 14 140 M M 1 19 140
3 78 51 65 8 0 0 0.00 0.0 0 3.9 14 190 M M 6 12 18 170
4 77 56 67 10 0 2 T 0.0 0 3.7 10 320 M M 7 12 14 360
5 77 54 66 10 0 1 0.00 0.0 0 3.3 10 220 M M 6 12 13 210
6 80 62 71 15 0 6 0.00 0.0 0 4.6 13 150 M M 7 12 16 150
7 82 64 73 17 0 8 0.00 0.0 0 3.2 14 170 M M 8 12 21 190
8 80 61 71 15 0 6 0.01 0.0 0 2.4 13 260 M M 7 128 15 250
9 78 58 68 12 0 3 0.01 M M 2.5 10 180 M M 7 12 13 170
10 68 57 63 7 2 0 0.00 0.0 0 1.7 6 320 M M 9 12 M M
11 74 63 69 14 0 4 0.02 0.0 M 4.0 10 90 M M 7 1 13 110
12 76 62 69 14 0 4 0.82 0.0 M 4.5 10 50 M M 9 18 14 120
13 70 60 65 10 0 0 0.00 0.0 0 9.0 16 80 M M 8 19 90
14 76 62 69 14 0 4 0.34 0.0 M 12.1 24 140 M M 10 13 33 140
15 74 44 59 4 6 0 0.72 0.0 M 10.4 28 200 M M 3 13 35 200
16 64 37 51 -3 14 0 0.00 0.0 M 2.8 12 310 M M 0 15 350
17 66 40 53 -1 12 0 0.00 0.0 M 5.1 15 320 M M 4 20 320
18 57 35 46 -8 19 0 0.00 0.0 M 7.7 17 330 M M 0 22 350
19 61 32 47 -7 18 0 0.00 0.0 M 7.2 15 50 M M 3 19 50
20 57 50 54 0 11 0 0.93 0.0 M 10.8 23 50 M M 10 13 29 50
21 52 48 50 -4 15 0 0.00 0.0 M 10.1 16 30 M M 10 1 22 20
22 60 50 55 1 10 0 0.01 0.0 0 4.4 12 20 M M 9 1 13 30
23 57 24 41 -12 24 0 0.04 0.0 0 16.8 30 320 M M 2 1 36 310
24 38 19 29 -24 36 0 0.00 0.0 0 10.4 24 320 M M 0 30 320
25 47 20 34 -19 31 0 0.00 0.0 0 4.8 17 340 M M 0 23 350
26 54 22 38 -15 27 0 0.00 0.0 0 3.1 10 330 M M 0 15 330
27 60 32 46 -7 19 0 0.00 0.0 0 3.9 10 40 M M 1 14 30
28 68 33 51 -2 14 0 0.00 0.0 0 4.9 13 80 M M 5 16 100
29 75 49 62 9 3 0 0.00 0.0 0 6.7 14 150 M M 5 17 80
30 74 53 64 11 1 0 1.27 0.0 0 9.3 18 120 M M 5 13 26 130
31 76 60 68 16 0 3 0.02 M M 7.8 20 90 M M 5 12 26 100
================================================================================
SM 2094 1442 281 41 4.19 0.0 193.9 M 154
================================================================================
AV 67.5 46.5 6.3 FASTST M M 5 MAX(MPH)
MISC ----> 30 320 36 310
================================================================================
NOTES:
# LAST OF SEVERAL OCCURRENCES
COLUMN 17 PEAK WIND IN M.P.H.
PRELIMINARY LOCAL CLIMATOLOGICAL DATA (WS FORM: F-6) , PAGE 2
STATION: PANAMA CITY NW
MONTH: DECEMBER
YEAR: 2022
LATITUDE: 30 21 N
LONGITUDE: 85 48 W
[TEMPERATURE DATA] [PRECIPITATION DATA] SYMBOLS USED IN COLUMN 16
AVERAGE MONTHLY: 57.0 TOTAL FOR MONTH: 4.19 1 = FOG OR MIST
DPTR FM NORMAL: 2.3 DPTR FM NORMAL: -0.28 2 = FOG REDUCING VISIBILITY
HIGHEST: 82 ON 7 GRTST 24HR 1.29 ON 30-31 TO 1/4 MILE OR LESS
LOWEST: 19 ON 24 3 = THUNDER
SNOW, ICE PELLETS, HAIL 4 = ICE PELLETS
TOTAL MONTH: 0.0 INCH 5 = HAIL
GRTST 24HR 0.0 6 = FREEZING RAIN OR DRIZZLE
GRTST DEPTH: 0 7 = DUSTSTORM OR SANDSTORM:
VSBY 1/2 MILE OR LESS
8 = SMOKE OR HAZE
[NO. OF DAYS WITH] [WEATHER - DAYS WITH] 9 = BLOWING SNOW
X = TORNADO
MAX 32 OR BELOW: 0 0.01 INCH OR MORE: 11
MAX 90 OR ABOVE: 0 0.10 INCH OR MORE: 5
MIN 32 OR BELOW: 6 0.50 INCH OR MORE: 4
MIN 0 OR BELOW: 0 1.00 INCH OR MORE: 1
[HDD (BASE 65) ]
TOTAL THIS MO. 281 CLEAR (SCALE 0-3) 11
DPTR FM NORMAL -55 PTCLDY (SCALE 4-7) 14
TOTAL FM JUL 1 456 CLOUDY (SCALE 8-10) 6
DPTR FM NORMAL -81
[CDD (BASE 65) ]
TOTAL THIS MO. 41
DPTR FM NORMAL 25 [PRESSURE DATA]
TOTAL FM JAN 1 2694 HIGHEST SLP 30.53 ON 24
DPTR FM NORMAL 72 LOWEST SLP 29.75 ON 15
[REMARKS]
#FINAL-12-22#