000
CXUS55 KGJT 010910
CF6EEO
PRELIMINARY LOCAL CLIMATOLOGICAL DATA (WS FORM: F-6)
STATION: MEEKER CO
MONTH: JULY
YEAR: 2021
LATITUDE: 40 2 N
LONGITUDE: 107 53 W
TEMPERATURE IN F: :PCPN: SNOW: WIND :SUNSHINE: SKY :PK WND
================================================================================
1 2 3 4 5 6A 6B 7 8 9 10 11 12 13 14 15 16 17 18
12Z AVG MX 2MIN
DY MAX MIN AVG DEP HDD CDD WTR SNW DPTH SPD SPD DIR MIN PSBL S-S WX SPD DR
================================================================================
1 76 51 64 -2 1 0 0.01 M M 5.9 21 290 M M 2 3 28 270
2 85 48 67 0 0 2 0.00 M M 3.5 17 220 M M 1 3 24 210
3 91 53 72 5 0 7 0.00 M M 5.9 21 250 M M 0 29 240
4 92 49 71 4 0 6 0.00 M M 3.0 29 20 M M 0 41 10
5 91 54 73 6 0 8 T M M 6.5 26 240 M M 2 34 240
6 88 53 71 3 0 6 T M M 6.2 18 40 M M 1 27 50
7 92 49 71 3 0 6 0.00 M M 5.1 14 150 M M 0 20 160
8 95 54 75 7 0 10 T M M 8.2 23 200 M M 0 3 35 210
9 98 53 76 8 0 11 0.00 M M 8.6 25 250 M M 0 39 240
10 91 45 68 0 0 3 0.00 M M 5.6 20 10 M M 0 33 350
11 89 47 68 0 0 3 0.00 M M 4.6 14 30 M M 0 8 20 30
12 95 50 73 4 0 8 0.00 M M 5.4 22 80 M M 0 34 60
13 86 53 70 1 0 5 0.02 M M 7.3 36 20 M M 2 3 47 20
14 79 49 64 -5 1 0 0.03 M M 5.2 22 40 M M 2 3 28 40
15 87 46 67 -2 0 2 T M M 6.0 31 360 M M 0 40 350
16 86 50 68 -1 0 3 0.00 M M 5.3 15 110 M M 0 20 120
17 85 55 70 1 0 5 T M M 5.8 26 250 M M 2 3 35 270
18 93 51 72 3 0 7 0.00 M M 5.6 17 290 M M 0 22 280
19 95 56 76 7 0 11 0.00 M M 4.7 18 250 M M 0 26 260
20 88 58 73 4 0 8 T M M 6.0 24 240 M M 2 3 32 250
21 89 55 72 2 0 7 T M M 4.6 18 320 M M 3 26 330
22 89 59 74 4 0 9 T M M 6.1 22 100 M M 2 3 29 100
23 90 59 75 5 0 10 0.00 M M 6.4 21 10 M M 2 31 20
24 86 56 71 1 0 6 0.00 M M 3.2 13 110 M M 1 8 18 130
25 90 60 75 5 0 10 T M M 4.0 21 80 M M 2 3 29 80
26 91 52 72 2 0 7 0.00 M M 4.8 15 130 M M 0 23 150
27 92 56 74 4 0 9 0.00 M M 5.8 22 270 M M 0 30 250
28 91 56 74 4 0 9 0.02 M M 6.2 29 330 M M 3 3 40 330
29 91 56 74 5 0 9 0.76 M M 5.5 33 110 M M 2 3 43 100
30 85 59 72 3 0 7 0.22 M M 6.3 18 110 M M 4 13 26 100
31 81 59 70 1 0 5 T M M 5.8 17 30 M M 3 3 24 80
================================================================================
SM 2757 1651 2 199 1.06 M 173.1 M 36
================================================================================
AV 88.9 53.3 5.6 FASTST M M 1 MAX(MPH)
MISC ----> 36 20 47 20
================================================================================
NOTES:
# LAST OF SEVERAL OCCURRENCES
COLUMN 17 PEAK WIND IN M.P.H.
PRELIMINARY LOCAL CLIMATOLOGICAL DATA (WS FORM: F-6) , PAGE 2
STATION: MEEKER CO
MONTH: JULY
YEAR: 2021
LATITUDE: 40 2 N
LONGITUDE: 107 53 W
[TEMPERATURE DATA] [PRECIPITATION DATA] SYMBOLS USED IN COLUMN 16
AVERAGE MONTHLY: 71.1 TOTAL FOR MONTH: 1.06 1 = FOG OR MIST
DPTR FM NORMAL: 2.5 DPTR FM NORMAL: 0.00 2 = FOG REDUCING VISIBILITY
HIGHEST: 98 ON 9 GRTST 24HR 0.98 ON 29-30 TO 1/4 MILE OR LESS
LOWEST: 45 ON 10 3 = THUNDER
SNOW, ICE PELLETS, HAIL 4 = ICE PELLETS
TOTAL MONTH: M 5 = HAIL
GRTST 24HR M ON M 6 = FREEZING RAIN OR DRIZZLE
GRTST DEPTH: M ON M 7 = DUSTSTORM OR SANDSTORM:
VSBY 1/2 MILE OR LESS
8 = SMOKE OR HAZE
[NO. OF DAYS WITH] [WEATHER - DAYS WITH] 9 = BLOWING SNOW
X = TORNADO
MAX 32 OR BELOW: 0 0.01 INCH OR MORE: 6
MAX 90 OR ABOVE: 16 0.10 INCH OR MORE: 2
MIN 32 OR BELOW: 0 0.50 INCH OR MORE: 1
MIN 0 OR BELOW: 0 1.00 INCH OR MORE: 0
[HDD (BASE 65) ]
TOTAL THIS MO. 2 CLEAR (SCALE 0-3) 29
DPTR FM NORMAL -7 PTCLDY (SCALE 4-7) 2
TOTAL FM JUL 1 2 CLOUDY (SCALE 8-10) 0
DPTR FM NORMAL -4
[CDD (BASE 65) ]
TOTAL THIS MO. 199
DPTR FM NORMAL 77 [PRESSURE DATA]
TOTAL FM JAN 1 255 HIGHEST SLP M ON M
DPTR FM NORMAL 102 LOWEST SLP 29.77 ON 8
[REMARKS]
#FINAL-07-21#