000
CXUS56 KEKA 031812
CF6EKA
PRELIMINARY LOCAL CLIMATOLOGICAL DATA (WS FORM: F-6)
STATION: EUREKA CA
MONTH: MARCH
YEAR: 2022
LATITUDE: 40 47 N
LONGITUDE: 124 10 W
TEMPERATURE IN F: :PCPN: SNOW: WIND :SUNSHINE: SKY :PK WND
================================================================================
1 2 3 4 5 6A 6B 7 8 9 10 11 12 13 14 15 16 17 18
12Z AVG MX 2MIN
DY MAX MIN AVG DEP HDD CDD WTR SNW DPTH SPD SPD DIR MIN PSBL S-S WX SPD DR
================================================================================
1 59 47 53 4 12 0 0.00 0.0 0 3.3 9 260 M M 10 1 12 M
2 57 48 53 4 12 0 0.05 0.0 0 5.5 13 280 M M 10 1 13 M
3 51 47 49 0 16 0 0.01 0.0 0 13.2 20 10 M M 10 28 10
4 50 42 46 -3 19 0 0.04 0.0 0 10.7 14 360 M M 9 23 20
5 52 37 45 -4 20 0 0.00 0.0 0 8.4 17 360 M M 3 25 360
6 53 36 45 -4 20 0 0.00 0.0 0 5.4 17 20 M M 1 18 M
7 60 35 48 -1 17 0 0.00 0.0 0 4.4 12 350 M M 1 18 350
8 55 36 46 -3 19 0 0.00 0.0 0 3.7 12 350 M M 1 18 M
9 54 36 45 -4 20 0 0.01 0.0 0 5.5 10 360 M M 8 1 17 M
10 55 40 48 -1 17 0 0.00 0.0 0 2.6 9 20 M M 2 10 M
11 54 37 46 -3 19 0 0.00 0.0 0 2.1 7 300 M M 3 2 7 M
12 59 39 49 0 16 0 0.08 0.0 0 7.3 14 180 M M 9 1 20 M
13 56 44 50 1 15 0 T 0.0 0 4.3 8 240 M M 7 18 10 M
14 68 40 54 5 11 0 0.53 0.0 0 4.4 12 160 M M 9 1 21 M
15 56 44 50 1 15 0 0.15 0.0 0 3.7 7 220 M M 9 18 10 M
16 54 41 48 -1 17 0 0.00 0.0 0 5.1 13 20 M M 8 2 14 M
17 55 41 48 -1 17 0 0.00 0.0 0 3.7 10 330 M M 3 12 M
18 55 38 47 -2 18 0 0.00 0.0 0 2.9 7 310 M M 9 18 9 M
19 53 46 50 1 15 0 0.55 0.0 0 8.5 16 10 M M 8 1 21 M
20 53 35 44 -5 21 0 0.00 0.0 0 6.7 14 320 M M 5 16 M
21 58 38 48 -2 17 0 0.00 0.0 0 2.9 9 50 M M 7 1 12 M
22 56 46 51 1 14 0 0.00 0.0 0 3.2 10 350 M M 10 2 12 M
23 59 46 53 3 12 0 0.01 0.0 0 4.7 9 360 M M 5 1 15 M
24 54 45 50 0 15 0 T 0.0 0 3.9 9 310 M M 10 1 13 M
25 59 44 52 2 13 0 0.00 0.0 0 2.7 9 310 M M 3 12 M
26 58 42 50 0 15 0 0.00 0.0 0 3.1 9 280 M M 7 9 M
27 59 45 52 2 13 0 T 0.0 0 4.0 10 350 M M 9 1 12 M
28 61 50 56 6 9 0 0.05 0.0 0 4.8 12 360 M M 9 1 15 M
29 53 47 50 0 15 0 0.01 0.0 0 8.0 15 350 M M 10 1 15 M
30 55 47 51 1 14 0 0.00 0.0 0 9.2 14 360 M M 7 23 360
31 M M M M M M 0.00 0.0 0 6.3 14 30 M M 3 24 M
================================================================================
SM 1681 1259 473 0 1.49 0.0 164.2 M 205
================================================================================
AV 56.0 42.0 5.3 FASTST M M 7 MAX(MPH)
MISC ----> 20 10 28 10
================================================================================
NOTES:
# LAST OF SEVERAL OCCURRENCES
COLUMN 17 PEAK WIND IN M.P.H.
PRELIMINARY LOCAL CLIMATOLOGICAL DATA (WS FORM: F-6) , PAGE 2
STATION: EUREKA CA
MONTH: MARCH
YEAR: 2022
LATITUDE: 40 47 N
LONGITUDE: 124 10 W
[TEMPERATURE DATA] [PRECIPITATION DATA] SYMBOLS USED IN COLUMN 16
AVERAGE MONTHLY: 49.0 TOTAL FOR MONTH: 1.49 1 = FOG OR MIST
DPTR FM NORMAL: -0.2 DPTR FM NORMAL: -4.26 2 = FOG REDUCING VISIBILITY
HIGHEST: 68 ON 14 GRTST 24HR 0.68 ON 14-15 TO 1/4 MILE OR LESS
LOWEST: 35 ON 7,20 3 = THUNDER
SNOW, ICE PELLETS, HAIL 4 = ICE PELLETS
TOTAL MONTH: 0.0 INCH 5 = HAIL
GRTST 24HR 0.0 6 = FREEZING RAIN OR DRIZZLE
GRTST DEPTH: 0 7 = DUSTSTORM OR SANDSTORM:
VSBY 1/2 MILE OR LESS
8 = SMOKE OR HAZE
[NO. OF DAYS WITH] [WEATHER - DAYS WITH] 9 = BLOWING SNOW
X = TORNADO
MAX 32 OR BELOW: 0 0.01 INCH OR MORE: 11
MAX 90 OR ABOVE: 0 0.10 INCH OR MORE: 3
MIN 32 OR BELOW: 0 0.50 INCH OR MORE: 2
MIN 0 OR BELOW: 0 1.00 INCH OR MORE: 0
[HDD (BASE 65) ]
TOTAL THIS MO. 473 CLEAR (SCALE 0-3) 7
DPTR FM NORMAL -15 PTCLDY (SCALE 4-7) 11
TOTAL FM JUL 1 3545 CLOUDY (SCALE 8-10) 13
DPTR FM NORMAL 89
[CDD (BASE 65) ]
TOTAL THIS MO. 0
DPTR FM NORMAL 0 [PRESSURE DATA]
TOTAL FM JAN 1 0 HIGHEST SLP 30.44 ON 7
DPTR FM NORMAL 0 LOWEST SLP 29.59 ON 27
[REMARKS]
#FINAL-03-22#