000
CXUS56 KEKA 011330
CF6EKA
PRELIMINARY LOCAL CLIMATOLOGICAL DATA (WS FORM: F-6)
STATION: EUREKA CA
MONTH: FEBRUARY
YEAR: 2022
LATITUDE: 40 47 N
LONGITUDE: 124 10 W
TEMPERATURE IN F: :PCPN: SNOW: WIND :SUNSHINE: SKY :PK WND
================================================================================
1 2 3 4 5 6A 6B 7 8 9 10 11 12 13 14 15 16 17 18
12Z AVG MX 2MIN
DY MAX MIN AVG DEP HDD CDD WTR SNW DPTH SPD SPD DIR MIN PSBL S-S WX SPD DR
================================================================================
1 50 36 43 -5 22 0 0.00 0.0 0 12.4 26 20 M M 1 32 M
2 51 33 42 -6 23 0 0.00 0.0 0 8.5 18 10 M M 4 28 M
3 52 40 46 -2 19 0 0.00 0.0 0 4.7 10 340 M M 7 15 M
4 51 42 47 -1 18 0 0.00 0.0 0 3.5 8 340 M M 8 10 M
5 56 40 48 0 17 0 0.00 0.0 0 2.2 7 40 M M 3 8 M
6 55 35 45 -3 20 0 0.00 0.0 0 2.6 10 280 M M 3 2 12 M
7 53 41 47 -1 18 0 T 0.0 0 3.3 7 20 M M 7 1 9 M
8 58 39 49 1 16 0 0.00 0.0 0 2.5 9 20 M M 1 28 14 M
9 65 40 53 5 12 0 0.00 0.0 0 2.3 8 360 M M 5 1 12 M
10 71 42 57 9 8 0 0.00 0.0 0 2.1 5 250 M M 0 18 5 M
11 64 42 53 5 12 0 0.00 0.0 0 1.5 6 290 M M 1 1 6 M
12 64 41 53 5 12 0 0.00 0.0 0 2.0 9 290 M M 0 2 10 M
13 49 43 46 -2 19 0 T 0.0 0 1.4 8 320 M M 9 2 8 M
14 55 44 50 2 15 0 0.01 0.0 0 5.2 13 360 M M 9 1 13 M
15 52 37 45 -3 20 0 0.00 0.0 0 7.3 13 350 M M 1 20 M
16 53 38 46 -2 19 0 0.00 0.0 0 6.6 17 10 M M 3 25 M
17 55 35 45 -3 20 0 0.00 0.0 0 3.1 10 10 M M 2 10 M
18 53 43 48 0 17 0 0.00 0.0 0 2.3 7 50 M M 5 1 7 M
19 46 40 43 -5 22 0 0.00 0.0 0 2.5 9 30 M M 10 2 10 M
20 51 44 48 0 17 0 0.03 0.0 0 8.7 15 20 M M 5 25 M
21 47 38 43 -5 22 0 0.24 0.0 0 5.3 13 10 M M 9 18 M
22 47 33 40 -8 25 0 0.21 0.0 0 5.0 14 20 M M 5 16 M
23 49 29 39 -9 26 0 0.00 0.0 0 3.6 12 360 M M 0 15 M
24 50 29 40 -8 25 0 0.00 0.0 0 2.1 10 10 M M 1 10 M
25 53 30 42 -6 23 0 0.00 0.0 0 2.6 9 290 M M 2 9 M
26 59 34 47 -1 18 0 T 0.0 0 5.3 14 280 M M 10 18 M
27 67 51 59 11 6 0 0.02 0.0 0 7.8 13 280 M M 8 20 M
28 64 48 56 8 9 0 0.00 0.0 0 5.0 14 240 M M 10 16 M
================================================================================
SM 1540 1087 500 0 0.51 0.0 121.4 M 129
================================================================================
AV 55.0 38.8 4.3 FASTST M M 5 MAX(MPH)
MISC ----> 26 20 32 9999
================================================================================
NOTES:
# LAST OF SEVERAL OCCURRENCES
COLUMN 17 PEAK WIND IN M.P.H.
PRELIMINARY LOCAL CLIMATOLOGICAL DATA (WS FORM: F-6) , PAGE 2
STATION: EUREKA CA
MONTH: FEBRUARY
YEAR: 2022
LATITUDE: 40 47 N
LONGITUDE: 124 10 W
[TEMPERATURE DATA] [PRECIPITATION DATA] SYMBOLS USED IN COLUMN 16
AVERAGE MONTHLY: 46.9 TOTAL FOR MONTH: 0.51 1 = FOG OR MIST
DPTR FM NORMAL: -1.5 DPTR FM NORMAL: -5.13 2 = FOG REDUCING VISIBILITY
HIGHEST: 71 ON 10 GRTST 24HR 0.44 ON 21-22 TO 1/4 MILE OR LESS
LOWEST: 29 ON 24,23 3 = THUNDER
SNOW, ICE PELLETS, HAIL 4 = ICE PELLETS
TOTAL MONTH: 0.0 INCH 5 = HAIL
GRTST 24HR 0.0 6 = FREEZING RAIN OR DRIZZLE
GRTST DEPTH: 0 7 = DUSTSTORM OR SANDSTORM:
VSBY 1/2 MILE OR LESS
8 = SMOKE OR HAZE
[NO. OF DAYS WITH] [WEATHER - DAYS WITH] 9 = BLOWING SNOW
X = TORNADO
MAX 32 OR BELOW: 0 0.01 INCH OR MORE: 5
MAX 90 OR ABOVE: 0 0.10 INCH OR MORE: 2
MIN 32 OR BELOW: 3 0.50 INCH OR MORE: 0
MIN 0 OR BELOW: 0 1.00 INCH OR MORE: 0
[HDD (BASE 65) ]
TOTAL THIS MO. 500 CLEAR (SCALE 0-3) 13
DPTR FM NORMAL 34 PTCLDY (SCALE 4-7) 9
TOTAL FM JUL 1 3072 CLOUDY (SCALE 8-10) 6
DPTR FM NORMAL 96
[CDD (BASE 65) ]
TOTAL THIS MO. 0
DPTR FM NORMAL 0 [PRESSURE DATA]
TOTAL FM JAN 1 0 HIGHEST SLP M ON M
DPTR FM NORMAL 0 LOWEST SLP 29.96 ON 22
[REMARKS]
#FINAL-02-22#