000
CXUS53 KMKX 010810
CF6ENW
PRELIMINARY LOCAL CLIMATOLOGICAL DATA (WS FORM: F-6)
STATION: KENOSHA WI
MONTH: OCTOBER
YEAR: 2023
LATITUDE: 42 35 N
LONGITUDE: 87 56 W
TEMPERATURE IN F: :PCPN: SNOW: WIND :SUNSHINE: SKY :PK WND
================================================================================
1 2 3 4 5 6A 6B 7 8 9 10 11 12 13 14 15 16 17 18
12Z AVG MX 2MIN
DY MAX MIN AVG DEP HDD CDD WTR SNW DPTH SPD SPD DIR MIN PSBL S-S WX SPD DR
================================================================================
1 84 61 73 15 0 8 0.00 M M 4.6 13 110 M M 0 17 110
2 85 57 71 13 0 6 0.00 M M 4.7 13 150 M M 0 18 17 210
3 85 57 71 13 0 6 0.00 M M 6.4 16 200 M M 0 22 190
4 83 70 77 20 0 12 0.00 M M 10.3 20 220 M M 4 29 240
5 73 54 64 7 1 0 0.00 M M 6.1 13 240 M M 1 18 220
6 60 45 53 -4 12 0 0.05 M M 11.3 23 260 M M 5 30 260
7 60 42 51 -5 14 0 0.00 M M 10.3 20 310 M M 0 29 300
8 58 38 48 -8 17 0 0.00 M M 5.9 10 330 M M 3 17 310
9 59 36 48 -7 17 0 0.00 M M 8.7 20 280 M M 3 29 280
10 60 44 52 -3 13 0 0.00 M M 6.8 16 280 M M 10 23 270
11 66 36 51 -4 14 0 0.09 M M 4.9 13 80 M M 2 1 16 70
12 59 53 56 2 9 0 0.09 M M 13.7 23 90 M M 10 1 31 90
13 58 54 56 2 9 0 0.80 M M 18.7 26 100 M M 10 18 34 100
14 58 48 53 -1 12 0 1.22 M M 14.1 30 60 M M 9 1 41 60
15 59 43 51 -2 14 0 0.01 M M 8.7 16 330 M M 5 24 330
16 56 38 47 -6 18 0 0.00 M M 6.8 13 330 M M 7 1 21 340
17 62 36 49 -3 16 0 0.00 M M 5.0 16 270 M M 0 1 20 260
18 68 43 56 4 9 0 0.11 M M 8.7 23 200 M M 3 33 190
19 60 50 55 3 10 0 0.10 M M 6.7 14 280 M M 8 1 20 280
20 61 40 51 0 14 0 0.00 M M 7.7 17 330 M M 6 24 330
21 61 39 50 -1 15 0 0.06 M M 7.5 18 360 M M 8 18 28 360
22 57 36 47 -3 18 0 0.00 M M 4.6 12 340 M M 1 1 19 310
23 65 37 51 1 14 0 T M M 10.9 25 170 M M 0 1 34 160
24 82 60 71 21 0 6 0.00 M M 12.7 21 230 M M 2 33 240
25 69 62 66 17 0 1 T M M 8.3 16 210 M M 10 18 23 220
26 67 64 66 17 0 1 0.15 M M 9.7 14 220 M M 9 1 22 220
27 73 42 58 10 7 0 T M M 12.0 24 280 M M 10 18 35 260
28 51 38 45 -3 20 0 0.00 M M 8.0 14 340 M M 6 21 310
29 46 38 42 -6 23 0 T M M 9.6 14 350 M M 10 21 340
30 42 24 33 -14 32 0 0.00 M M 9.1 18 290 M M 1 27 290
31 37 26 32 -15 33 0 0.07 M M 9.3 22 340 M M 7 128 39 330
================================================================================
SM 1964 1411 361 40 2.75 M 271.8 M 150
================================================================================
AV 63.4 45.5 8.8 FASTST M M 5 MAX(MPH)
MISC ----> 30 60 41 60
================================================================================
NOTES:
# LAST OF SEVERAL OCCURRENCES
COLUMN 17 PEAK WIND IN M.P.H.
PRELIMINARY LOCAL CLIMATOLOGICAL DATA (WS FORM: F-6) , PAGE 2
STATION: KENOSHA WI
MONTH: OCTOBER
YEAR: 2023
LATITUDE: 42 35 N
LONGITUDE: 87 56 W
[TEMPERATURE DATA] [PRECIPITATION DATA] SYMBOLS USED IN COLUMN 16
AVERAGE MONTHLY: 54.4 TOTAL FOR MONTH: 2.75 1 = FOG OR MIST
DPTR FM NORMAL: 1.7 DPTR FM NORMAL: -0.15 2 = FOG REDUCING VISIBILITY
HIGHEST: 85 ON 3, 2 GRTST 24HR 1.70 ON 13-14 TO 1/4 MILE OR LESS
LOWEST: 24 ON 30 3 = THUNDER
SNOW, ICE PELLETS, HAIL 4 = ICE PELLETS
TOTAL MONTH: M 5 = HAIL
GRTST 24HR M ON M 6 = FREEZING RAIN OR DRIZZLE
GRTST DEPTH: M ON M 7 = DUSTSTORM OR SANDSTORM:
VSBY 1/2 MILE OR LESS
8 = SMOKE OR HAZE
[NO. OF DAYS WITH] [WEATHER - DAYS WITH] 9 = BLOWING SNOW
X = TORNADO
MAX 32 OR BELOW: 0 0.01 INCH OR MORE: 11
MAX 90 OR ABOVE: 0 0.10 INCH OR MORE: 5
MIN 32 OR BELOW: 2 0.50 INCH OR MORE: 2
MIN 0 OR BELOW: 0 1.00 INCH OR MORE: 1
[HDD (BASE 65) ]
TOTAL THIS MO. 361 CLEAR (SCALE 0-3) 12
DPTR FM NORMAL -33 PTCLDY (SCALE 4-7) 11
TOTAL FM JUL 1 403 CLOUDY (SCALE 8-10) 8
DPTR FM NORMAL -120
[CDD (BASE 65) ]
TOTAL THIS MO. 40
DPTR FM NORMAL 29 [PRESSURE DATA]
TOTAL FM JAN 1 858 HIGHEST SLP M ON M
DPTR FM NORMAL 137 LOWEST SLP 29.56 ON 21
[REMARKS]
#FINAL-10-23#