000
CXUS53 KDMX 050302
CF6EST
PRELIMINARY LOCAL CLIMATOLOGICAL DATA (WS FORM: F-6)
STATION: ESTHERVILLE IA
MONTH: MARCH
YEAR: 2022
LATITUDE: 43 24 N
LONGITUDE: 94 45 W
TEMPERATURE IN F: :PCPN: SNOW: WIND :SUNSHINE: SKY :PK WND
================================================================================
1 2 3 4 5 6A 6B 7 8 9 10 11 12 13 14 15 16 17 18
12Z AVG MX 2MIN
DY MAX MIN AVG DEP HDD CDD WTR SNW DPTH SPD SPD DIR MIN PSBL S-S WX SPD DR
================================================================================
1 44 32 38 13 27 0 0.00 0.0 M 6.5 12 40 M M 6 1 15 20
2 45 29 37 12 28 0 0.00 0.0 M 10.1 21 10 M M 5 18 27 10
3 29 26 28 2 37 0 0.00 0.0 M 11.5 18 30 M M 10 22 30
4 44 27 36 10 29 0 0.00 0.0 M 18.1 29 130 M M 3 37 130
5 42 28 35 8 30 0 0.13 M M 15.3 32 310 M M 10 1236 42 310
6 29 24 27 0 38 0 T M M 20.1 31 310 M M 9 1 43 310
7 34 20 27 -1 38 0 0.00 0.0 M 15.2 25 340 M M 3 34 340
8 44 22 33 5 32 0 0.00 0.0 M 12.8 22 340 M M 2 30 300
9 27 15 21 -7 44 0 T M M 14.5 23 340 M M 7 8 29 340
10 30 11 21 -8 44 0 0.00 0.0 M 8.9 20 210 M M 1 28 190
11 21 5 13 -17 52 0 0.00 0.0 M 17.9 30 310 M M 2 43 320
12 33 0 17 -13 48 0 0.00 0.0 M 13.4 25 210 M M 2 35 200
13 57 24 41 11 24 0 0.00 0.0 M 10.8 18 260 M M 0 8 24 290
14 47 29 38 7 27 0 0.00 0.0 M 14.3 28 40 M M 5 1 35 20
15 58 22 40 8 25 0 0.00 0.0 M 9.8 23 190 M M 0 12 29 180
16 64 34 49 17 16 0 0.00 0.0 M 10.3 24 240 M M 1 30 230
17 48 34 41 9 24 0 0.00 0.0 M 11.2 20 360 M M 5 1 24 360
18 48 29 39 6 26 0 0.00 0.0 M 12.1 21 10 M M 2 29 10
19 63 24 44 11 21 0 0.00 0.0 M 8.9 18 260 M M 1 26 280
20 71 27 49 15 16 0 0.00 0.0 M 11.8 23 170 M M 1 12 31 170
21 70 43 57 23 8 0 0.05 0.0 M 15.1 26 210 M M 2 36 220
22 43 34 39 4 26 0 0.61 M M 19.9 29 350 M M 10 1 40 350
23 36 33 35 0 30 0 M M M 22.7 32 360 M M 10 1 42 360
24 42 34 38 2 27 0 0.00 0.0 M 12.4 23 350 M M 8 1 30 350
25 46 30 38 2 27 0 0.00 0.0 M 25.3 45 320 M M 5 57 320
26 34 22 28 -9 37 0 0.00 0.0 M 21.2 35 340 M M 1 43 340
27 34 17 26 -11 39 0 0.00 0.0 M 8.6 21 340 M M 3 28 340
28 44 23 34 -4 31 0 0.00 0.0 M 15.1 23 130 M M 3 31 120
29 44 34 39 1 26 0 0.01 0.0 M 22.2 36 130 M M 8 43 130
30 36 32 34 -4 31 0 0.02 M M 19.6 29 350 M M 10 1 37 340
31 33 23 28 -11 37 0 0.00 0.0 M 16.8 28 340 M M 9 36 340
================================================================================
SM 1340 787 945 0 0.82 0.0 452.4 M 144
================================================================================
AV 43.2 25.4 14.6 FASTST M M 5 MAX(MPH)
MISC ----> 45 320 57 320
================================================================================
NOTES:
# LAST OF SEVERAL OCCURRENCES
COLUMN 17 PEAK WIND IN M.P.H.
PRELIMINARY LOCAL CLIMATOLOGICAL DATA (WS FORM: F-6) , PAGE 2
STATION: ESTHERVILLE IA
MONTH: MARCH
YEAR: 2022
LATITUDE: 43 24 N
LONGITUDE: 94 45 W
[TEMPERATURE DATA] [PRECIPITATION DATA] SYMBOLS USED IN COLUMN 16
AVERAGE MONTHLY: 34.3 TOTAL FOR MONTH: 0.82 1 = FOG OR MIST
DPTR FM NORMAL: 2.4 DPTR FM NORMAL: -0.63 2 = FOG REDUCING VISIBILITY
HIGHEST: 71 ON 20 GRTST 24HR 0.66 ON 21-22 TO 1/4 MILE OR LESS
LOWEST: 0 ON 12 3 = THUNDER
SNOW, ICE PELLETS, HAIL 4 = ICE PELLETS
TOTAL MONTH: 0.0 INCH 5 = HAIL
GRTST 24HR 0.0 6 = FREEZING RAIN OR DRIZZLE
GRTST DEPTH: M ON M 7 = DUSTSTORM OR SANDSTORM:
VSBY 1/2 MILE OR LESS
8 = SMOKE OR HAZE
[NO. OF DAYS WITH] [WEATHER - DAYS WITH] 9 = BLOWING SNOW
X = TORNADO
MAX 32 OR BELOW: 5 0.01 INCH OR MORE: 5
MAX 90 OR ABOVE: 0 0.10 INCH OR MORE: 2
MIN 32 OR BELOW: 24 0.50 INCH OR MORE: 1
MIN 0 OR BELOW: 1 1.00 INCH OR MORE: 0
[HDD (BASE 65) ]
TOTAL THIS MO. 945 CLEAR (SCALE 0-3) 15
DPTR FM NORMAL -81 PTCLDY (SCALE 4-7) 7
TOTAL FM JUL 1 6340 CLOUDY (SCALE 8-10) 9
DPTR FM NORMAL -663
[CDD (BASE 65) ]
TOTAL THIS MO. 0
DPTR FM NORMAL 0 [PRESSURE DATA]
TOTAL FM JAN 1 0 HIGHEST SLP 30.50 ON 3
DPTR FM NORMAL 0 LOWEST SLP 29.35 ON 30
[REMARKS]
#FINAL-03-22#