000
CXUS56 KPQR 011610
CF6EUG
PRELIMINARY LOCAL CLIMATOLOGICAL DATA (WS FORM: F-6)
STATION: EUGENE OR
MONTH: JUNE
YEAR: 2022
LATITUDE: 44 7 N
LONGITUDE: 123 13 W
TEMPERATURE IN F: :PCPN: SNOW: WIND :SUNSHINE: SKY :PK WND
================================================================================
1 2 3 4 5 6A 6B 7 8 9 10 11 12 13 14 15 16 17 18
12Z AVG MX 2MIN
DY MAX MIN AVG DEP HDD CDD WTR SNW DPTH SPD SPD DIR MIN PSBL S-S WX SPD DR
================================================================================
1 80 50 65 7 0 0 0.00 0.0 0 4.4 13 270 M M 5 16 270
2 80 49 65 7 0 0 0.00 0.0 0 5.1 15 250 M M 6 19 260
3 66 54 60 2 5 0 0.13 0.0 0 4.8 15 210 M M 9 1 19 210
4 67 55 61 2 4 0 0.74 0.0 0 7.7 28 180 M M 10 1 35 190
5 71 56 64 5 1 0 0.05 0.0 0 10.2 25 260 M M 8 1 30 250
6 68 47 58 -1 7 0 0.05 0.0 0 5.9 12 20 M M 8 1 15 350
7 72 45 59 0 6 0 T 0.0 0 3.7 17 240 M M 7 1 24 260
8 74 52 63 4 2 0 0.00 0.0 0 3.8 10 220 M M 8 13 240
9 82 48 65 6 0 0 0.04 0.0 0 8.1 23 210 M M 7 1 30 200
10 72 61 67 7 0 2 0.27 0.0 0 5.5 15 280 M M 10 1 18 260
11 67 57 62 2 3 0 0.37 0.0 0 3.3 13 340 M M 10 1 15 340
12 60 50 55 -5 10 0 0.38 0.0 0 8.2 17 280 M M 10 1 21 270
13 63 49 56 -4 9 0 0.04 0.0 0 8.2 17 280 M M 9 22 290
14 70 46 58 -2 7 0 0.00 0.0 0 4.7 10 360 M M 7 13 20
15 71 44 58 -2 7 0 T 0.0 0 4.6 14 270 M M 6 18 250
16 69 53 61 0 4 0 0.01 0.0 0 5.8 14 240 M M 9 18 250
17 65 49 57 -4 8 0 0.25 0.0 0 3.7 13 260 M M 9 1 15 250
18 66 46 56 -5 9 0 0.15 0.0 0 3.8 13 300 M M 8 1 14 300
19 64 52 58 -3 7 0 T 0.0 0 5.2 14 270 M M 9 17 270
20 73 45 59 -3 6 0 0.00 0.0 0 6.7 16 10 M M 5 12 22 360
21 82 48 65 3 0 0 0.00 0.0 0 9.1 21 350 M M 2 25 340
22 84 55 70 8 0 5 0.00 0.0 0 8.8 17 360 M M 1 20 360
23 77 49 63 1 2 0 0.00 0.0 0 9.9 18 10 M M 2 24 10
24 81 47 64 1 1 0 0.00 0.0 0 10.7 20 10 M M 1 24 30
25 92 48 70 7 0 5 0.00 0.0 0 8.6 20 360 M M 0 27 360
26 95 53 74 11 0 9 0.00 0.0 0 5.6 16 230 M M 1 8 20 230
27 93 54 74 10 0 9 0.00 0.0 0 7.7 21 250 M M 0 26 250
28 76 53 65 1 0 0 0.00 0.0 0 7.6 14 250 M M 5 20 340
29 78 53 66 2 0 1 0.00 0.0 0 5.1 13 30 M M 6 1 15 20
30 81 48 65 1 0 0 0.00 0.0 0 5.0 14 30 M M 3 1 16 360
================================================================================
SM 2239 1516 98 31 2.48 0.0 191.5 M 181
================================================================================
AV 74.6 50.5 6.4 FASTST M M 6 MAX(MPH)
MISC ----> 28 180 35 190
================================================================================
NOTES:
# LAST OF SEVERAL OCCURRENCES
COLUMN 17 PEAK WIND IN M.P.H.
PRELIMINARY LOCAL CLIMATOLOGICAL DATA (WS FORM: F-6) , PAGE 2
STATION: EUGENE OR
MONTH: JUNE
YEAR: 2022
LATITUDE: 44 7 N
LONGITUDE: 123 13 W
[TEMPERATURE DATA] [PRECIPITATION DATA] SYMBOLS USED IN COLUMN 16
AVERAGE MONTHLY: 62.6 TOTAL FOR MONTH: 2.48 1 = FOG OR MIST
DPTR FM NORMAL: 1.7 DPTR FM NORMAL: 1.25 2 = FOG REDUCING VISIBILITY
HIGHEST: 95 ON 26 GRTST 24HR 0.76 ON 4- 5 TO 1/4 MILE OR LESS
LOWEST: 44 ON 15 3 = THUNDER
SNOW, ICE PELLETS, HAIL 4 = ICE PELLETS
TOTAL MONTH: 0.0 INCH 5 = HAIL
GRTST 24HR 0.0 6 = FREEZING RAIN OR DRIZZLE
GRTST DEPTH: 0 7 = DUSTSTORM OR SANDSTORM:
VSBY 1/2 MILE OR LESS
8 = SMOKE OR HAZE
[NO. OF DAYS WITH] [WEATHER - DAYS WITH] 9 = BLOWING SNOW
X = TORNADO
MAX 32 OR BELOW: 0 0.01 INCH OR MORE: 12
MAX 90 OR ABOVE: 3 0.10 INCH OR MORE: 7
MIN 32 OR BELOW: 0 0.50 INCH OR MORE: 1
MIN 0 OR BELOW: 0 1.00 INCH OR MORE: 0
[HDD (BASE 65) ]
TOTAL THIS MO. 98 CLEAR (SCALE 0-3) 8
DPTR FM NORMAL -48 PTCLDY (SCALE 4-7) 12
TOTAL FM JUL 1 4361 CLOUDY (SCALE 8-10) 10
DPTR FM NORMAL -253
[CDD (BASE 65) ]
TOTAL THIS MO. 31
DPTR FM NORMAL 8 [PRESSURE DATA]
TOTAL FM JAN 1 31 HIGHEST SLP 30.33 ON 20
DPTR FM NORMAL 4 LOWEST SLP 29.66 ON 5
[REMARKS]
#FINAL-06-22#