000
CXUS56 KPQR 041632
CF6EUG
PRELIMINARY LOCAL CLIMATOLOGICAL DATA (WS FORM: F-6)
STATION: EUGENE OR
MONTH: OCTOBER
YEAR: 2020
LATITUDE: 44 7 N
LONGITUDE: 123 13 W
TEMPERATURE IN F: :PCPN: SNOW: WIND :SUNSHINE: SKY :PK WND
================================================================================
1 2 3 4 5 6A 6B 7 8 9 10 11 12 13 14 15 16 17 18
12Z AVG MX 2MIN
DY MAX MIN AVG DEP HDD CDD WTR SNW DPTH SPD SPD DIR MIN PSBL S-S WX SPD DR
================================================================================
1 77 49 63 5 2 0 0.00 0.0 0 3.1 8 10 M M 6 128 10 20
2 85 50 68 11 0 3 0.00 0.0 0 2.4 9 360 M M 6 128 10 50
3 77 48 63 6 2 0 0.00 0.0 0 3.4 9 20 M M 5 128 10 20
4 65 48 57 1 8 0 0.00 0.0 0 5.2 13 360 M M 6 128 15 340
5 71 46 59 3 6 0 0.00 0.0 0 4.6 15 360 M M 5 12 18 10
6 76 46 61 5 4 0 0.00 0.0 0 3.2 9 20 M M 3 128 13 350
7 77 45 61 5 4 0 0.00 0.0 0 5.3 13 220 M M 5 12 15 230
8 74 51 63 8 2 0 0.00 0.0 0 5.3 10 20 M M 7 1 13 40
9 71 50 61 6 4 0 0.00 0.0 0 6.9 18 280 M M 8 1 21 280
10 63 51 57 3 8 0 0.70 0.0 0 7.5 16 240 M M 8 1 20 250
11 64 52 58 4 7 0 0.38 0.0 0 13.9 25 190 M M 10 1 31 180
12 69 52 61 7 4 0 0.06 0.0 0 5.1 15 170 M M 6 1 18 170
13 66 47 57 3 8 0 0.23 0.0 0 7.8 23 190 M M 9 1 30 190
14 67 44 56 3 9 0 0.00 0.0 0 6.0 16 360 M M 7 12 19 360
15 63 43 53 0 12 0 0.00 0.0 0 9.9 20 10 M M 1 24 10
16 73 39 56 4 9 0 0.00 0.0 0 2.5 12 10 M M 2 18 14 10
17 70 50 60 8 5 0 0.00 0.0 0 4.2 9 150 M M 7 1 13 140
18 70 50 60 8 5 0 0.00 0.0 0 6.4 15 230 M M 7 18 220
19 67 50 59 7 6 0 0.00 0.0 0 3.7 8 330 M M 7 1 10 20
20 66 45 56 5 9 0 0.00 0.0 0 4.0 10 360 M M 6 1 11 350
21 62 37 50 -1 15 0 T 0.0 0 6.5 16 20 M M 6 19 20
22 57 30 44 -7 21 0 0.00 0.0 0 6.3 20 360 M M 4 18 23 360
23 63 31 47 -3 18 0 0.00 0.0 0 7.1 20 140 M M 7 1 22 140
24 63 39 51 1 14 0 0.01 0.0 0 8.8 21 10 M M 6 1 24 360
25 53 30 42 -8 23 0 0.00 0.0 0 15.2 30 10 M M 2 8 35 10
26 55 23 39 -11 26 0 0.00 0.0 0 3.3 13 360 M M 1 14 360
27 60 26 43 -6 22 0 0.00 0.0 0 4.0 18 360 M M 0 21 10
28 64 30 47 -2 18 0 0.00 0.0 0 3.7 10 350 M M 3 128 13 70
29 51 33 42 -7 23 0 0.00 0.0 0 3.4 9 170 M M 9 128 11 360
30 59 35 47 -2 18 0 T 0.0 0 5.8 13 350 M M 8 12 14 350
31 57 34 46 -2 19 0 0.00 0.0 0 6.4 17 10 M M 3 128 20 20
================================================================================
SM 2055 1304 331 3 1.38 0.0 180.9 M 170
================================================================================
AV 66.3 42.1 5.8 FASTST M M 5 MAX(MPH)
MISC ----> # 30 10 # 35 10
================================================================================
NOTES:
# LAST OF SEVERAL OCCURRENCES
COLUMN 17 PEAK WIND IN M.P.H.
PRELIMINARY LOCAL CLIMATOLOGICAL DATA (WS FORM: F-6) , PAGE 2
STATION: EUGENE OR
MONTH: OCTOBER
YEAR: 2020
LATITUDE: 44 7 N
LONGITUDE: 123 13 W
[TEMPERATURE DATA] [PRECIPITATION DATA] SYMBOLS USED IN COLUMN 16
AVERAGE MONTHLY: 54.2 TOTAL FOR MONTH: 1.38 1 = FOG OR MIST
DPTR FM NORMAL: 1.5 DPTR FM NORMAL: -1.87 2 = FOG REDUCING VISIBILITY
HIGHEST: 85 ON 2 GRTST 24HR 0.70 ON 10-10 TO 1/4 MILE OR LESS
LOWEST: 23 ON 26 3 = THUNDER
SNOW, ICE PELLETS, HAIL 4 = ICE PELLETS
TOTAL MONTH: 0.0 INCH 5 = HAIL
GRTST 24HR 0.0 6 = FREEZING RAIN OR DRIZZLE
GRTST DEPTH: 0 7 = DUSTSTORM OR SANDSTORM:
VSBY 1/2 MILE OR LESS
8 = SMOKE OR HAZE
[NO. OF DAYS WITH] [WEATHER - DAYS WITH] 9 = BLOWING SNOW
X = TORNADO
MAX 32 OR BELOW: 0 0.01 INCH OR MORE: 5
MAX 90 OR ABOVE: 0 0.10 INCH OR MORE: 3
MIN 32 OR BELOW: 6 0.50 INCH OR MORE: 1
MIN 0 OR BELOW: 0 1.00 INCH OR MORE: 0
[HDD (BASE 65) ]
TOTAL THIS MO. 331 CLEAR (SCALE 0-3) 7
DPTR FM NORMAL -51 PTCLDY (SCALE 4-7) 21
TOTAL FM JUL 1 404 CLOUDY (SCALE 8-10) 3
DPTR FM NORMAL -166
[CDD (BASE 65) ]
TOTAL THIS MO. 3
DPTR FM NORMAL 2 [PRESSURE DATA]
TOTAL FM JAN 1 404 HIGHEST SLP 30.56 ON 15
DPTR FM NORMAL 165 LOWEST SLP 29.71 ON 10
[REMARKS]
#FINAL-10-20#