000
CXUS56 KPQR 011716
CF6EUG
PRELIMINARY LOCAL CLIMATOLOGICAL DATA (WS FORM: F-6)
STATION: EUGENE OR
MONTH: OCTOBER
YEAR: 2023
LATITUDE: 44 7 N
LONGITUDE: 123 13 W
TEMPERATURE IN F: :PCPN: SNOW: WIND :SUNSHINE: SKY :PK WND
================================================================================
1 2 3 4 5 6A 6B 7 8 9 10 11 12 13 14 15 16 17 18
12Z AVG MX 2MIN
DY MAX MIN AVG DEP HDD CDD WTR SNW DPTH SPD SPD DIR MIN PSBL S-S WX SPD DR
================================================================================
1 71 40 56 -2 9 0 0.00 0.0 0 4.8 16 300 M M 2 1 21 310
2 66 44 55 -3 10 0 0.15 0.0 0 7.4 13 140 M M 8 1 16 130
3 70 52 61 3 4 0 T 0.0 0 5.9 12 320 M M 6 14 320
4 72 50 61 4 4 0 0.00 0.0 0 9.5 22 310 M M 5 1 27 310
5 76 54 65 8 0 0 0.00 0.0 0 6.7 16 300 M M 4 1 19 310
6 87 48 68 11 0 3 0.00 0.0 0 4.3 13 310 M M 3 12 23 230
7 85 51 68 12 0 3 0.00 0.0 0 4.9 15 200 M M 0 1 20 200
8 81 48 65 9 0 0 0.00 0.0 0 4.5 13 200 M M 2 1 16 210
9 65 51 58 2 7 0 0.23 0.0 0 4.8 16 130 M M 6 1 20 110
10 66 52 59 4 6 0 0.59 0.0 0 10.9 28 150 M M 9 1 33 140
11 62 53 58 3 7 0 0.32 0.0 0 11.8 21 170 M M 10 1 25 170
12 69 48 59 5 6 0 0.08 0.0 0 5.6 15 310 M M 6 1 17 310
13 63 44 54 0 11 0 0.14 0.0 0 3.1 13 150 M M 8 12 16 150
14 64 48 56 2 9 0 T 0.0 0 2.1 7 90 M M 10 12 8 150
15 71 54 63 9 2 0 0.00 0.0 0 2.2 7 150 M M 9 12 8 310
16 70 50 60 7 5 0 0.28 0.0 0 8.1 18 230 M M 7 1 22 230
17 66 51 59 6 6 0 0.00 0.0 0 3.1 7 200 M M 8 128 10 280
18 66 49 58 6 7 0 0.00 0.0 0 2.7 10 300 M M 6 128 12 300
19 68 45 57 5 8 0 0.00 0.0 0 2.2 8 290 M M 5 128 11 330
20 62 49 56 4 9 0 0.00 0.0 0 3.0 10 300 M M 10 128 13 300
21 60 50 55 3 10 0 0.00 0.0 0 3.8 10 190 M M 9 1 12 200
22 68 49 59 8 6 0 0.02 0.0 0 3.7 13 320 M M 10 12 16 330
23 62 47 55 4 10 0 0.00 0.0 0 4.8 14 280 M M 9 12 16 270
24 54 42 48 -3 17 0 0.65 0.0 0 6.3 18 240 M M 9 1 22 240
25 56 39 48 -2 17 0 0.29 0.0 0 8.9 23 230 M M 6 158 33 230
26 56 37 47 -3 18 0 0.00 0.0 0 4.0 9 130 M M 8 1 11 330
27 51 35 43 -7 22 0 0.00 0.0 0 9.1 16 320 M M 7 1 19 320
28 53 28 41 -9 24 0 0.00 0.0 0 9.1 20 300 M M 0 22 300
29 56 25 41 -9 24 0 0.00 0.0 0 3.5 14 320 M M 1 16 320
30 57 26 42 -7 23 0 0.00 0.0 0 3.0 10 310 M M 1 1 14 300
31 60 30 45 -4 20 0 0.00 0.0 0 2.0 7 10 M M 5 1 8 360
================================================================================
SM 2033 1389 301 6 2.75 0.0 165.8 M 189
================================================================================
AV 65.6 44.8 5.3 FASTST M M 6 MAX(MPH)
MISC ----> 28 150 # 33 140
================================================================================
NOTES:
# LAST OF SEVERAL OCCURRENCES
COLUMN 17 PEAK WIND IN M.P.H.
PRELIMINARY LOCAL CLIMATOLOGICAL DATA (WS FORM: F-6) , PAGE 2
STATION: EUGENE OR
MONTH: OCTOBER
YEAR: 2023
LATITUDE: 44 7 N
LONGITUDE: 123 13 W
[TEMPERATURE DATA] [PRECIPITATION DATA] SYMBOLS USED IN COLUMN 16
AVERAGE MONTHLY: 55.2 TOTAL FOR MONTH: 2.75 1 = FOG OR MIST
DPTR FM NORMAL: 1.8 DPTR FM NORMAL: -0.42 2 = FOG REDUCING VISIBILITY
HIGHEST: 87 ON 6 GRTST 24HR 0.86 ON 24-25 TO 1/4 MILE OR LESS
LOWEST: 25 ON 29 3 = THUNDER
SNOW, ICE PELLETS, HAIL 4 = ICE PELLETS
TOTAL MONTH: 0.0 INCH 5 = HAIL
GRTST 24HR 0.0 6 = FREEZING RAIN OR DRIZZLE
GRTST DEPTH: 0 7 = DUSTSTORM OR SANDSTORM:
VSBY 1/2 MILE OR LESS
8 = SMOKE OR HAZE
[NO. OF DAYS WITH] [WEATHER - DAYS WITH] 9 = BLOWING SNOW
X = TORNADO
MAX 32 OR BELOW: 0 0.01 INCH OR MORE: 10
MAX 90 OR ABOVE: 0 0.10 INCH OR MORE: 8
MIN 32 OR BELOW: 4 0.50 INCH OR MORE: 2
MIN 0 OR BELOW: 0 1.00 INCH OR MORE: 0
[HDD (BASE 65) ]
TOTAL THIS MO. 301 CLEAR (SCALE 0-3) 7
DPTR FM NORMAL -61 PTCLDY (SCALE 4-7) 13
TOTAL FM JUL 1 385 CLOUDY (SCALE 8-10) 11
DPTR FM NORMAL -126
[CDD (BASE 65) ]
TOTAL THIS MO. 6
DPTR FM NORMAL 5 [PRESSURE DATA]
TOTAL FM JAN 1 594 HIGHEST SLP 30.44 ON 29
DPTR FM NORMAL 301 LOWEST SLP 29.56 ON 10
[REMARKS]
#FINAL-10-23#