000
CXUS56 KSLC 041611
CF6EVW
PRELIMINARY LOCAL CLIMATOLOGICAL DATA (WS FORM: F-6)
STATION: EVANSTON WY
MONTH: JANUARY
YEAR: 2023
LATITUDE: 41 16 N
LONGITUDE: 111 2 W
TEMPERATURE IN F: :PCPN: SNOW: WIND :SUNSHINE: SKY :PK WND
================================================================================
1 2 3 4 5 6A 6B 7 8 9 10 11 12 13 14 15 16 17 18
12Z AVG MX 2MIN
DY MAX MIN AVG DEP HDD CDD WTR SNW DPTH SPD SPD DIR MIN PSBL S-S WX SPD DR
================================================================================
1 29 23 26 5 39 0 0.04 M M 11.2 24 60 M M 10 18 45 50
2 25 18 22 1 43 0 T M M 12.6 24 70 M M 10 18 35 70
3 24 16 20 -1 45 0 T M M 11.4 23 250 M M 10 1 28 250
4 24 13 19 -2 46 0 T M M 7.7 17 250 M M 5 20 250
5 22 14 18 -4 47 0 T M M 11.0 17 110 M M 5 18 20 90
6 31 19 25 3 40 0 T M M 11.5 20 240 M M 10 128 23 230
7 27 17 22 0 43 0 0.00 M M 6.9 14 250 M M 7 128 16 250
8 34 13 24 2 41 0 0.00 M M 9.5 16 270 M M 3 20 220
9 32 19 26 4 39 0 0.11 M M 9.2 18 210 M M 5 128 26 210
10 35 28 32 10 33 0 0.07 M M 12.4 30 230 M M 9 12 42 230
11 28 19 24 2 41 0 T M M 14.9 29 240 M M 7 1 40 240
12 28 13 21 -1 44 0 0.00 M M 5.2 9 200 M M 2 11 190
13 28 19 24 2 41 0 0.00 M M 7.1 13 80 M M 0 15 90
14 38 24 31 9 34 0 T M M 6.4 18 210 M M 5 22 230
15 28 18 23 1 42 0 T M M 11.7 22 240 M M 9 128 25 240
16 27 16 22 0 43 0 T M M 8.7 17 80 M M 9 128 21 80
17 21 17 19 -3 46 0 T M M 7.3 14 90 M M 10 1 17 90
18 19 6 13 -9 52 0 0.00 M M 10.5 21 240 M M 6 128 24 240
19 16 6 11 -11 54 0 T M M 5.6 12 60 M M 7 1 13 60
20 19 6 13 -9 52 0 T M M 8.0 18 340 M M 7 18 22 340
21 15 2 9 -13 56 0 T M M 10.7 21 220 M M 3 12 24 220
22 13 2 8 -14 57 0 T M M 6.4 15 230 M M 8 18 17 230
23 17 6 12 -10 53 0 T M M 9.6 17 360 M M 6 1 21 10
24 16 4 10 -12 55 0 T M M 14.7 22 240 M M 5 18 30 230
25 17 3 10 -12 55 0 T M M 7.5 18 220 M M 8 12 23 220
26 22 8 15 -7 50 0 T M M 14.3 25 230 M M 9 128 33 230
27 27 22 25 3 40 0 T M M 20.8 40 230 M M 10 12 54 230
28 24 14 19 -3 46 0 T M M 17.8 29 230 M M 8 128 38 230
29 20 -5 8 -14 57 0 T M M 13.8 21 90 M M 10 18 25 90
30 1 -15 -7 -29 72 0 T M M 3.5 13 90 M M 3 18 16 90
31 11 -10 1 -21 64 0 0.00 M M 10.4 17 230 M M 2 21 230
================================================================================
SM 718 355 1470 0 0.22 M 318.3 M 208
================================================================================
AV 23.2 11.5 10.3 FASTST M M 7 MAX(MPH)
MISC ----> 40 230 54 230
================================================================================
NOTES:
# LAST OF SEVERAL OCCURRENCES
COLUMN 17 PEAK WIND IN M.P.H.
PRELIMINARY LOCAL CLIMATOLOGICAL DATA (WS FORM: F-6) , PAGE 2
STATION: EVANSTON WY
MONTH: JANUARY
YEAR: 2023
LATITUDE: 41 16 N
LONGITUDE: 111 2 W
[TEMPERATURE DATA] [PRECIPITATION DATA] SYMBOLS USED IN COLUMN 16
AVERAGE MONTHLY: 17.3 TOTAL FOR MONTH: 0.22 1 = FOG OR MIST
DPTR FM NORMAL: -4.4 DPTR FM NORMAL: -0.19 2 = FOG REDUCING VISIBILITY
HIGHEST: 38 ON 14 GRTST 24HR 0.89 ON 1- 1 TO 1/4 MILE OR LESS
LOWEST: -15 ON 30 3 = THUNDER
SNOW, ICE PELLETS, HAIL 4 = ICE PELLETS
TOTAL MONTH: M 5 = HAIL
GRTST 24HR M ON M 6 = FREEZING RAIN OR DRIZZLE
GRTST DEPTH: M ON M 7 = DUSTSTORM OR SANDSTORM:
VSBY 1/2 MILE OR LESS
8 = SMOKE OR HAZE
[NO. OF DAYS WITH] [WEATHER - DAYS WITH] 9 = BLOWING SNOW
X = TORNADO
MAX 32 OR BELOW: 28 0.01 INCH OR MORE: 3
MAX 90 OR ABOVE: 0 0.10 INCH OR MORE: 1
MIN 32 OR BELOW: 31 0.50 INCH OR MORE: 0
MIN 0 OR BELOW: 3 1.00 INCH OR MORE: 0
[HDD (BASE 65) ]
TOTAL THIS MO. 1470 CLEAR (SCALE 0-3) 6
DPTR FM NORMAL 128 PTCLDY (SCALE 4-7) 12
TOTAL FM JUL 1 4669 CLOUDY (SCALE 8-10) 13
DPTR FM NORMAL -34
[CDD (BASE 65) ]
TOTAL THIS MO. 0
DPTR FM NORMAL 0 [PRESSURE DATA]
TOTAL FM JAN 1 0 HIGHEST SLP 30.61 ON 31
DPTR FM NORMAL 0 LOWEST SLP 29.46 ON 15
[REMARKS]
#FINAL-01-23#