908
CXUS56 KSLC 280806
CF6EVW
PRELIMINARY LOCAL CLIMATOLOGICAL DATA (WS FORM: F-6)
STATION: EVANSTON WY
MONTH: FEBRUARY
YEAR: 2021
LATITUDE: 41 16 N
LONGITUDE: 111 2 W
TEMPERATURE IN F: :PCPN: SNOW: WIND :SUNSHINE: SKY :PK WND
================================================================================
1 2 3 4 5 6A 6B 7 8 9 10 11 12 13 14 15 16 17 18
12Z AVG MX 2MIN
DY MAX MIN AVG DEP HDD CDD WTR SNW DPTH SPD SPD DIR MIN PSBL S-S WX SPD DR
================================================================================
1 37 15 26 4 39 0 0.00 M M 7.8 13 80 M M 2 15 90
2 44 24 34 12 31 0 0.00 M M 8.3 17 240 M M 1 21 250
3 37 9 23 1 42 0 0.04 M M 12.3 37 220 M M 7 12 48 220
4 24 10 17 -5 48 0 T M M 13.6 24 260 M M 7 1 29 250
5 29 17 23 1 42 0 T M M 22.8 35 230 M M 7 18 42 250
6 33 20 27 5 38 0 0.00 M M 23.4 37 270 M M 5 44 240
7 36 25 31 9 34 0 0.00 M M 14.4 33 240 M M 3 45 240
8 37 25 31 9 34 0 0.00 M M 14.6 29 260 M M 3 35 260
9 34 27 31 9 34 0 T M M 15.7 24 260 M M 9 32 270
10 36 23 30 8 35 0 T M M 16.8 32 260 M M 3 40 250
11 36 25 31 9 34 0 T M M 14.0 28 250 M M 9 1 33 260
12 36 28 32 10 33 0 T M M 16.6 35 250 M M 10 12 39 250
13 32 2 17 -5 48 0 0.09 M M 13.6 25 80 M M 9 12 33 80
14 17 -3 7 -15 58 0 T M M 10.6 24 80 M M 10 8 28 80
15 29 11 20 -3 45 0 T M M 14.7 30 230 M M 9 18 35 230
16 30 17 24 1 41 0 0.05 M M 12.7 23 270 M M 7 1 27 270
17 25 8 17 -6 48 0 0.03 M M 9.3 17 340 M M 8 18 20 330
18 21 3 12 -11 53 0 T M M 10.9 22 250 M M 3 26 250
19 34 15 25 2 40 0 0.02 M M 10.2 24 230 M M 10 18 32 220
20 30 13 22 -2 43 0 T M M 12.5 29 290 M M 6 12 34 300
21 25 11 18 -6 47 0 0.00 M M 14.4 24 250 M M 7 29 260
22 35 18 27 3 38 0 0.00 M M 14.1 25 220 M M 5 34 220
23 34 15 25 1 40 0 T M M 16.2 36 240 M M 1 41 240
24 25 9 17 -8 48 0 0.05 M M 7.4 15 10 M M 6 18 18 340
25 25 0 13 -12 52 0 0.00 M M 9.9 22 250 M M 2 26 240
26 26 11 19 -6 46 0 T M M 16.2 29 240 M M 9 18 33 240
27 21 8 15 -10 50 0 T M M 11.1 21 250 M M 5 18 25 260
================================================================================
SM 828 386 1141 0 0.28 M 364.1 M 163
================================================================================
AV 30.7 14.3 13.5 FASTST M M 6 MAX(MPH)
MISC ----> # 37 220 48 220
================================================================================
NOTES:
# LAST OF SEVERAL OCCURRENCES
COLUMN 17 PEAK WIND IN M.P.H.
PRELIMINARY LOCAL CLIMATOLOGICAL DATA (WS FORM: F-6) , PAGE 2
STATION: EVANSTON WY
MONTH: FEBRUARY
YEAR: 2021
LATITUDE: 41 16 N
LONGITUDE: 111 2 W
[TEMPERATURE DATA] [PRECIPITATION DATA] SYMBOLS USED IN COLUMN 16
AVERAGE MONTHLY: 22.5 TOTAL FOR MONTH: 0.28 1 = FOG OR MIST
DPTR FM NORMAL: -0.4 DPTR FM NORMAL: -0.31 2 = FOG REDUCING VISIBILITY
HIGHEST: 44 ON 2 GRTST 24HR 0.09 ON 13-13 TO 1/4 MILE OR LESS
LOWEST: -3 ON 14 3 = THUNDER
SNOW, ICE PELLETS, HAIL 4 = ICE PELLETS
TOTAL MONTH: M 5 = HAIL
GRTST 24HR M ON M 6 = FREEZING RAIN OR DRIZZLE
GRTST DEPTH: M ON M 7 = DUSTSTORM OR SANDSTORM:
VSBY 1/2 MILE OR LESS
8 = SMOKE OR HAZE
[NO. OF DAYS WITH] [WEATHER - DAYS WITH] 9 = BLOWING SNOW
X = TORNADO
MAX 32 OR BELOW: 14 0.01 INCH OR MORE: 6
MAX 90 OR ABOVE: 0 0.10 INCH OR MORE: 0
MIN 32 OR BELOW: 27 0.50 INCH OR MORE: 0
MIN 0 OR BELOW: 2 1.00 INCH OR MORE: 0
[HDD (BASE 65) ]
TOTAL THIS MO. 1141 CLEAR (SCALE 0-3) 8
DPTR FM NORMAL 3 PTCLDY (SCALE 4-7) 11
TOTAL FM JUL 1 5416 CLOUDY (SCALE 8-10) 8
DPTR FM NORMAL -551
[CDD (BASE 65) ]
TOTAL THIS MO. 0
DPTR FM NORMAL 0 [PRESSURE DATA]
TOTAL FM JAN 1 0 HIGHEST SLP M ON M
DPTR FM NORMAL 0 LOWEST SLP 29.45 ON 13
[REMARKS]