000
CXUS53 KIND 010700
CF6EYE
PRELIMINARY LOCAL CLIMATOLOGICAL DATA (WS FORM: F-6)
STATION: INDIANAPOLIS EAGLE CREEK IN
MONTH: JANUARY
YEAR: 2023
LATITUDE: 39 49 N
LONGITUDE: 86 18 W
TEMPERATURE IN F: :PCPN: SNOW: WIND :SUNSHINE: SKY :PK WND
================================================================================
1 2 3 4 5 6A 6B 7 8 9 10 11 12 13 14 15 16 17 18
12Z AVG MX 2MIN
DY MAX MIN AVG DEP HDD CDD WTR SNW DPTH SPD SPD DIR MIN PSBL S-S WX SPD DR
================================================================================
1 52 41 47 17 18 0 0.00 M M 4.2 8 170 M M 10 1 13 150
2 60 48 54 24 11 0 0.02 M M 5.4 12 110 M M 10 123 15 110
3 63 56 60 30 5 0 0.93 M M 7.2 16 210 M M 10 123 26 210
4 60 37 49 19 16 0 0.00 M M 8.3 20 290 M M 8 27 290
5 39 33 36 7 29 0 0.01 M M 7.9 16 260 M M 9 18 25 270
6 38 29 34 5 31 0 0.00 M M 5.6 15 280 M M 7 24 280
7 40 25 33 4 32 0 0.00 M M 5.5 13 80 M M 1 1 19 80
8 38 30 34 5 31 0 0.00 M M 6.1 13 300 M M 9 18 290
9 43 29 36 7 29 0 0.00 M M 5.6 13 290 M M 5 18 17 280
10 51 31 41 12 24 0 T M M 2.6 10 190 M M 2 15 200
11 49 34 42 13 23 0 T M M 3.2 10 110 M M 7 128 14 110
12 48 36 42 13 23 0 0.83 M M 11.8 25 330 M M 10 123 39 320
13 36 31 34 6 31 0 0.02 M M 13.3 21 340 M M 10 1 30 350
14 32 24 28 0 37 0 0.00 M M 6.2 17 330 M M 7 1 23 340
15 43 21 32 4 33 0 0.00 M M 6.7 15 140 M M 0 18 24 150
16 49 35 42 14 23 0 0.16 M M 7.6 14 130 M M 7 1 20 130
17 54 40 47 19 18 0 0.05 M M 10.7 21 290 M M 5 1 32 240
18 45 36 41 13 24 0 0.92 M M 8.1 18 100 M M 9 1 24 80
19 55 35 45 17 20 0 0.09 M M 11.5 24 270 M M 9 138 41 240
20 35 31 33 5 32 0 T M M 12.2 24 290 M M 10 39 280
21 33 29 31 3 34 0 0.00 M M 4.2 9 120 M M 9 14 270
22 34 28 31 3 34 0 0.03 M M 4.4 10 320 M M 9 1 14 330
23 33 29 31 3 34 0 T M M 8.8 15 270 M M 8 1 22 270
24 44 25 35 7 30 0 0.00 M M 3.6 10 200 M M 2 1 16 230
25 37 33 35 7 30 0 0.54 M M 10.2 20 50 M M 10 12 30 70
26 33 24 29 0 36 0 T M M 9.8 18 270 M M 9 18 29 270
27 42 18 30 1 35 0 T M M 8.6 18 210 M M 7 29 170
28 53 28 41 12 24 0 0.11 M M 6.0 24 200 M M 5 1 38 210
29 43 30 37 8 28 0 0.08 M M 7.7 15 330 M M 10 18 20 210
30 31 19 25 -4 40 0 T M M 10.0 16 330 M M 10 18 21 330
31 23 12 18 -11 47 0 0.00 M M 7.3 13 360 M M 3 19 330
================================================================================
SM 1336 957 862 0 3.79 M 230.3 M 227
================================================================================
AV 43.1 30.9 7.4 FASTST M M 7 MAX(MPH)
MISC ----> 25 330 41 240
================================================================================
NOTES:
# LAST OF SEVERAL OCCURRENCES
COLUMN 17 PEAK WIND IN M.P.H.
PRELIMINARY LOCAL CLIMATOLOGICAL DATA (WS FORM: F-6) , PAGE 2
STATION: INDIANAPOLIS EAGLE CREEK IN
MONTH: JANUARY
YEAR: 2023
LATITUDE: 39 49 N
LONGITUDE: 86 18 W
[TEMPERATURE DATA] [PRECIPITATION DATA] SYMBOLS USED IN COLUMN 16
AVERAGE MONTHLY: 37.0 TOTAL FOR MONTH: 3.79 1 = FOG OR MIST
DPTR FM NORMAL: 8.2 DPTR FM NORMAL: 1.20 2 = FOG REDUCING VISIBILITY
HIGHEST: 63 ON 3 GRTST 24HR 1.10 ON 18-19 TO 1/4 MILE OR LESS
LOWEST: 12 ON 31 3 = THUNDER
SNOW, ICE PELLETS, HAIL 4 = ICE PELLETS
TOTAL MONTH: M 5 = HAIL
GRTST 24HR M ON M 6 = FREEZING RAIN OR DRIZZLE
GRTST DEPTH: M ON M 7 = DUSTSTORM OR SANDSTORM:
VSBY 1/2 MILE OR LESS
8 = SMOKE OR HAZE
[NO. OF DAYS WITH] [WEATHER - DAYS WITH] 9 = BLOWING SNOW
X = TORNADO
MAX 32 OR BELOW: 3 0.01 INCH OR MORE: 13
MAX 90 OR ABOVE: 0 0.10 INCH OR MORE: 6
MIN 32 OR BELOW: 19 0.50 INCH OR MORE: 4
MIN 0 OR BELOW: 0 1.00 INCH OR MORE: 0
[HDD (BASE 65) ]
TOTAL THIS MO. 862 CLEAR (SCALE 0-3) 5
DPTR FM NORMAL -260 PTCLDY (SCALE 4-7) 9
TOTAL FM JUL 1 2846 CLOUDY (SCALE 8-10) 17
DPTR FM NORMAL -272
[CDD (BASE 65) ]
TOTAL THIS MO. 0
DPTR FM NORMAL 0 [PRESSURE DATA]
TOTAL FM JAN 1 0 HIGHEST SLP M ON M
DPTR FM NORMAL 0 LOWEST SLP 29.46 ON 19
[REMARKS]
#FINAL-01-23#