000
CDUS43 KIND 220537
CLIEYE


CLIMATE REPORT
NATIONAL WEATHER SERVICE INDIANAPOLIS IN
134 AM EDT SAT APR 22 2017


...................................

...THE INDIANAPOLIS EAGLE CREEK IN CLIMATE SUMMARY FOR APRIL 21 2017...

CLIMATE NORMAL PERIOD 1981 TO 2010
CLIMATE RECORD PERIOD 9999 TO 9999


WEATHER ITEM   OBSERVED TIME   NORMAL DEPARTURE LAST
                VALUE   (LST)  VALUE  FROM      YEAR
                                      NORMAL
......................................................
TEMPERATURE (F)
 YESTERDAY
  MAXIMUM         59    255 PM  65     -6       70
  MINIMUM         46   1159 PM  45      1       55
  AVERAGE         53            55     -2       63

PRECIPITATION (IN)
  YESTERDAY        T             0.12  -0.12     0.34
  MONTH TO DATE    1.47          2.46  -0.99     2.22
  SINCE MAR 1      5.92          5.76   0.16     4.66
  SINCE JAN 1     11.08         10.10   0.98     6.62

DEGREE DAYS
 HEATING
  YESTERDAY       12            11      1        2
  MONTH TO DATE  156           288   -132      305
  SINCE MAR 1    804           988   -184      791
  SINCE JUL 1   4064          5113  -1049     4304

 COOLING
  YESTERDAY        0             1     -1        0
  MONTH TO DATE   22            11     11        5
  SINCE MAR 1     24            12     12        5
  SINCE JAN 1     24            12     12        5
......................................................


WIND (MPH)
  HIGHEST WIND SPEED    17   HIGHEST WIND DIRECTION     N (360)
  HIGHEST GUST SPEED    22   HIGHEST GUST DIRECTION     N (350)
  AVERAGE WIND SPEED     9.5


SKY COVER
  AVERAGE SKY COVER 0.5


WEATHER CONDITIONS
 THE FOLLOWING WEATHER WAS RECORDED YESTERDAY.
  LIGHT RAIN


RELATIVE HUMIDITY (PERCENT)
 HIGHEST    77           500 AM
 LOWEST     55           400 PM
 AVERAGE    66

..........................................................


THE INDIANAPOLIS EAGLE CREEK IN CLIMATE NORMALS FOR TODAY
                         NORMAL
 MAXIMUM TEMPERATURE (F)   65
 MINIMUM TEMPERATURE (F)   46


SUNRISE AND SUNSET
APRIL 22 2017.........SUNRISE   657 AM EDT   SUNSET   831 PM EDT
APRIL 23 2017.........SUNRISE   656 AM EDT   SUNSET   832 PM EDT


-  INDICATES NEGATIVE NUMBERS.
R  INDICATES RECORD WAS SET OR TIED.
MM INDICATES DATA IS MISSING.
T  INDICATES TRACE AMOUNT.




$$
