000
CDUS43 KIND 200553
CLIEYE


CLIMATE REPORT
NATIONAL WEATHER SERVICE INDIANAPOLIS IN
153 AM EDT TUE SEP 20 2016


...................................

...THE INDIANAPOLIS EAGLE CREEK IN CLIMATE SUMMARY FOR SEPTEMBER 19 2016...

CLIMATE NORMAL PERIOD 1981 TO 2010
CLIMATE RECORD PERIOD 9999 TO 9999


WEATHER ITEM   OBSERVED TIME   NORMAL DEPARTURE LAST
                VALUE   (LST)  VALUE  FROM      YEAR
                                      NORMAL
......................................................
TEMPERATURE (F)
 YESTERDAY
  MAXIMUM         85    418 PM  76      9       73
  MINIMUM         57    629 AM  56      1       55
  AVERAGE         71            66      5       64

PRECIPITATION (IN)
  YESTERDAY        0.00          0.06  -0.06     1.11
  MONTH TO DATE    2.92          1.41   1.51     1.94
  SINCE SEP 1      2.92          1.41   1.51     1.94
  SINCE JAN 1     34.95         30.06   4.89    27.94

DEGREE DAYS
 HEATING
  YESTERDAY        0             2     -2        1
  MONTH TO DATE    0            14    -14       18
  SINCE SEP 1      0            14    -14       18
  SINCE JUL 1      3            17    -14       21

 COOLING
  YESTERDAY        6             3      3        0
  MONTH TO DATE  153           100     53      137
  SINCE SEP 1    153           100     53      137
  SINCE JAN 1   1342          1020    322      997
......................................................


WIND (MPH)
  HIGHEST WIND SPEED     7   HIGHEST WIND DIRECTION     S (170)
  HIGHEST GUST SPEED     9   HIGHEST GUST DIRECTION     S (170)
  AVERAGE WIND SPEED     1.2


SKY COVER
  AVERAGE SKY COVER 0.0


WEATHER CONDITIONS
 THE FOLLOWING WEATHER WAS RECORDED YESTERDAY.
  FOG
  FOG W/VISIBILITY <= 1/4 MILE


RELATIVE HUMIDITY (PERCENT)
 HIGHEST    97           500 AM
 LOWEST     31           200 PM
 AVERAGE    64

..........................................................


THE INDIANAPOLIS EAGLE CREEK IN CLIMATE NORMALS FOR TODAY
                         NORMAL
 MAXIMUM TEMPERATURE (F)   76
 MINIMUM TEMPERATURE (F)   55


SUNRISE AND SUNSET
SEPTEMBER 20 2016.....SUNRISE   731 AM EDT   SUNSET   745 PM EDT
SEPTEMBER 21 2016.....SUNRISE   732 AM EDT   SUNSET   743 PM EDT


-  INDICATES NEGATIVE NUMBERS.
R  INDICATES RECORD WAS SET OR TIED.
MM INDICATES DATA IS MISSING.
T  INDICATES TRACE AMOUNT.




$$
