000
CDUS43 KIND 140531
CLIEYE


CLIMATE REPORT
NATIONAL WEATHER SERVICE INDIANAPOLIS IN
131 AM EDT TUE APR 14 2015


...................................

...THE INDIANAPOLIS EAGLE CREEK IN CLIMATE SUMMARY FOR APRIL 13 2015...

CLIMATE NORMAL PERIOD 1981 TO 2010
CLIMATE RECORD PERIOD 9999 TO 9999


WEATHER ITEM   OBSERVED TIME   NORMAL DEPARTURE LAST
                VALUE   (LST)  VALUE  FROM      YEAR
                                      NORMAL
......................................................
TEMPERATURE (F)
 YESTERDAY
  MAXIMUM         71   1010 AM  62      9       75
  MINIMUM         54   1216 AM  43     11       64
  AVERAGE         63            52     11       70

PRECIPITATION (IN)
  YESTERDAY        0.03          0.11  -0.08     0.00
  MONTH TO DATE    2.59          1.51   1.08     4.05
  SINCE MAR 1      5.66          4.81   0.85     5.03
  SINCE JAN 1      8.14          9.15  -1.01     9.41

DEGREE DAYS
 HEATING
  YESTERDAY        2            13    -11        0
  MONTH TO DATE  126           194    -68      169
  SINCE MAR 1    943           894     49     1066
  SINCE JUL 1   5629          5019    610     5892

 COOLING
  YESTERDAY        0             1     -1        5
  MONTH TO DATE    4             3      1        5
  SINCE MAR 1      4             4      0        5
  SINCE JAN 1      4             4      0        5
......................................................


WIND (MPH)
  HIGHEST WIND SPEED    22   HIGHEST WIND DIRECTION     S (200)
  HIGHEST GUST SPEED    32   HIGHEST GUST DIRECTION    SW (210)
  AVERAGE WIND SPEED     9.1


SKY COVER
  AVERAGE SKY COVER 0.4


WEATHER CONDITIONS
 THE FOLLOWING WEATHER WAS RECORDED YESTERDAY.
  LIGHT RAIN
  FOG


RELATIVE HUMIDITY (PERCENT)
 HIGHEST    87           100 PM
 LOWEST     39           100 AM
 AVERAGE    63

..........................................................


THE INDIANAPOLIS EAGLE CREEK IN CLIMATE NORMALS FOR TODAY
                         NORMAL
 MAXIMUM TEMPERATURE (F)   62
 MINIMUM TEMPERATURE (F)   43


SUNRISE AND SUNSET
APRIL 14 2015.........SUNRISE   709 AM EDT   SUNSET   822 PM EDT
APRIL 15 2015.........SUNRISE   708 AM EDT   SUNSET   823 PM EDT


-  INDICATES NEGATIVE NUMBERS.
R  INDICATES RECORD WAS SET OR TIED.
MM INDICATES DATA IS MISSING.
T  INDICATES TRACE AMOUNT.




$$
