000
CDUS43 KIND 090539
CLIEYE


CLIMATE REPORT
NATIONAL WEATHER SERVICE INDIANAPOLIS IN
138 AM EDT MON OCT 9 2017


...................................

...THE INDIANAPOLIS EAGLE CREEK IN CLIMATE SUMMARY FOR OCTOBER 8 2017...

CLIMATE NORMAL PERIOD 1981 TO 2010
CLIMATE RECORD PERIOD 9999 TO 9999


WEATHER ITEM   OBSERVED TIME   NORMAL DEPARTURE LAST
                VALUE   (LST)  VALUE  FROM      YEAR
                                      NORMAL
......................................................
TEMPERATURE (F)
 YESTERDAY
  MAXIMUM         70   1031 AM  67      3       67
  MINIMUM         53    637 AM  47      6       48
  AVERAGE         62            57      5       58

PRECIPITATION (IN)
  YESTERDAY        0.17          0.11   0.06     0.00
  MONTH TO DATE    1.56          0.83   0.73     0.01
  SINCE SEP 1      2.05          3.08  -1.03     4.05
  SINCE JAN 1     34.19         31.73   2.46    36.08

DEGREE DAYS
 HEATING
  YESTERDAY        3             8     -5        7
  MONTH TO DATE    8            57    -49       18
  SINCE SEP 1     35           115    -80       30
  SINCE JUL 1     35           118    -83       33

 COOLING
  YESTERDAY        0             1     -1        0
  MONTH TO DATE   36             8     28       22
  SINCE SEP 1    205           131     74      234
  SINCE JAN 1   1133          1051     82     1423
......................................................


WIND (MPH)
  HIGHEST WIND SPEED    14   HIGHEST WIND DIRECTION    SE (130)
  HIGHEST GUST SPEED    17   HIGHEST GUST DIRECTION    SE (120)
  AVERAGE WIND SPEED     4.5


SKY COVER
  AVERAGE SKY COVER 0.5


WEATHER CONDITIONS
 THE FOLLOWING WEATHER WAS RECORDED YESTERDAY.
  LIGHT RAIN
  FOG


RELATIVE HUMIDITY (PERCENT)
 HIGHEST    93           400 AM
 LOWEST     55          1200 PM
 AVERAGE    74

..........................................................


THE INDIANAPOLIS EAGLE CREEK IN CLIMATE NORMALS FOR TODAY
                         NORMAL
 MAXIMUM TEMPERATURE (F)   67
 MINIMUM TEMPERATURE (F)   47


SUNRISE AND SUNSET
OCTOBER  9 2017.......SUNRISE   750 AM EDT   SUNSET   714 PM EDT
OCTOBER 10 2017.......SUNRISE   751 AM EDT   SUNSET   713 PM EDT


-  INDICATES NEGATIVE NUMBERS.
R  INDICATES RECORD WAS SET OR TIED.
MM INDICATES DATA IS MISSING.
T  INDICATES TRACE AMOUNT.




$$
