805
CDUS43 KIND 240536
CLIEYE


CLIMATE REPORT
NATIONAL WEATHER SERVICE INDIANAPOLIS IN
132 AM EDT SAT JUN 24 2017


...................................

...THE INDIANAPOLIS EAGLE CREEK IN CLIMATE SUMMARY FOR JUNE 23 2017...

CLIMATE NORMAL PERIOD 1981 TO 2010
CLIMATE RECORD PERIOD 9999 TO 9999


WEATHER ITEM   OBSERVED TIME   NORMAL DEPARTURE LAST
                VALUE   (LST)  VALUE  FROM      YEAR
                                      NORMAL
......................................................
TEMPERATURE (F)
 YESTERDAY
  MAXIMUM         76    718 AM  83     -7       90
  MINIMUM         64   1118 PM  66     -2       70
  AVERAGE         70            74     -4       80

PRECIPITATION (IN)
  YESTERDAY        1.88          0.16   1.72     0.14
  MONTH TO DATE    3.56          3.35   0.21     8.63
  SINCE JUN 1      3.56          3.35   0.21     8.63
  SINCE JAN 1     25.40         20.16   5.24    20.14

DEGREE DAYS
 HEATING
  YESTERDAY        0             0      0        0
  MONTH TO DATE    0            12    -12        0
  SINCE JUN 1      0            12    -12        0
  SINCE JUL 1   4242          5346  -1104     4505

 COOLING
  YESTERDAY        5             9     -4       15
  MONTH TO DATE  198           164     34      230
  SINCE JUN 1    198           164     34      230
  SINCE JAN 1    300           248     52      332
......................................................


WIND (MPH)
  HIGHEST WIND SPEED    21   HIGHEST WIND DIRECTION    NW (320)
  HIGHEST GUST SPEED    25   HIGHEST GUST DIRECTION    NW (310)
  AVERAGE WIND SPEED     6.4


SKY COVER
  AVERAGE SKY COVER 0.8


WEATHER CONDITIONS
 THE FOLLOWING WEATHER WAS RECORDED YESTERDAY.
  THUNDERSTORM
  HEAVY RAIN
  RAIN
  LIGHT RAIN
  FOG


RELATIVE HUMIDITY (PERCENT)
 HIGHEST    93           300 AM
 LOWEST     68           700 PM
 AVERAGE    81

..........................................................


THE INDIANAPOLIS EAGLE CREEK IN CLIMATE NORMALS FOR TODAY
                         NORMAL
 MAXIMUM TEMPERATURE (F)   83
 MINIMUM TEMPERATURE (F)   66


SUNRISE AND SUNSET
JUNE 24 2017..........SUNRISE   618 AM EDT   SUNSET   917 PM EDT
JUNE 25 2017..........SUNRISE   618 AM EDT   SUNSET   918 PM EDT


-  INDICATES NEGATIVE NUMBERS.
R  INDICATES RECORD WAS SET OR TIED.
MM INDICATES DATA IS MISSING.
T  INDICATES TRACE AMOUNT.




$$
