000
CDUS43 KIND 230531
CLIEYE


CLIMATE REPORT
NATIONAL WEATHER SERVICE INDIANAPOLIS IN
130 AM EDT SAT MAY 23 2015


...................................

...THE INDIANAPOLIS EAGLE CREEK IN CLIMATE SUMMARY FOR MAY 22 2015...

CLIMATE NORMAL PERIOD 1981 TO 2010
CLIMATE RECORD PERIOD 9999 TO 9999


WEATHER ITEM   OBSERVED TIME   NORMAL DEPARTURE LAST
                VALUE   (LST)  VALUE  FROM      YEAR
                                      NORMAL
......................................................
TEMPERATURE (F)
 YESTERDAY
  MAXIMUM         75    407 PM  74      1       75
  MINIMUM         45    329 AM  55    -10       59
  AVERAGE         60            65     -5       67

PRECIPITATION (IN)
  YESTERDAY        0.00          0.15  -0.15     0.00
  MONTH TO DATE    1.10          4.10  -3.00     3.87
  SINCE MAR 1      9.23         11.30  -2.07    11.53
  SINCE JAN 1     11.71         15.64  -3.93    15.91

DEGREE DAYS
 HEATING
  YESTERDAY        5             3      2        0
  MONTH TO DATE   80           117    -37      143
  SINCE MAR 1   1232          1187     45     1395
  SINCE JUL 1   5918          5312    606     6221

 COOLING
  YESTERDAY        0             3     -3        2
  MONTH TO DATE   69            37     32       48
  SINCE MAR 1     73            52     21       53
  SINCE JAN 1     73            52     21       53
......................................................


WIND (MPH)
  HIGHEST WIND SPEED    14   HIGHEST WIND DIRECTION    NW (300)
  HIGHEST GUST SPEED    17   HIGHEST GUST DIRECTION    NW (310)
  AVERAGE WIND SPEED     5.1


SKY COVER
  AVERAGE SKY COVER 0.1


WEATHER CONDITIONS
 THE FOLLOWING WEATHER WAS RECORDED YESTERDAY.
  NO SIGNIFICANT WEATHER WAS OBSERVED.


RELATIVE HUMIDITY (PERCENT)
 HIGHEST    86           600 AM
 LOWEST     33           300 PM
 AVERAGE    60

..........................................................


THE INDIANAPOLIS EAGLE CREEK IN CLIMATE NORMALS FOR TODAY
                         NORMAL
 MAXIMUM TEMPERATURE (F)   75
 MINIMUM TEMPERATURE (F)   55


SUNRISE AND SUNSET
MAY 23 2015...........SUNRISE   624 AM EDT   SUNSET   900 PM EDT
MAY 24 2015...........SUNRISE   623 AM EDT   SUNSET   901 PM EDT


-  INDICATES NEGATIVE NUMBERS.
R  INDICATES RECORD WAS SET OR TIED.
MM INDICATES DATA IS MISSING.
T  INDICATES TRACE AMOUNT.




$$
