000
CDUS43 KIND 200537
CLIEYE


CLIMATE REPORT
NATIONAL WEATHER SERVICE INDIANAPOLIS IN
133 AM EDT MON OCT 20 2014


...................................

...THE INDIANAPOLIS EAGLE CREEK IN CLIMATE SUMMARY FOR OCTOBER 19 2014...

CLIMATE NORMAL PERIOD 1981 TO 2010
CLIMATE RECORD PERIOD 9999 TO 9999


WEATHER ITEM   OBSERVED TIME   NORMAL DEPARTURE LAST
                VALUE   (LST)  VALUE  FROM      YEAR
                                      NORMAL
......................................................
TEMPERATURE (F)
 YESTERDAY
  MAXIMUM         57        MM  63     -6       52
  MINIMUM         42        MM  44     -2       40
  AVERAGE         50            54     -4       46

PRECIPITATION (IN)
  YESTERDAY        0.00          0.10  -0.10     0.27
  MONTH TO DATE    1.92          1.94  -0.02     3.49
  SINCE SEP 1      5.34          4.19   1.15     5.80
  SINCE JAN 1     34.16         32.84   1.32    33.29

DEGREE DAYS
 HEATING
  YESTERDAY       15            12      3       19
  MONTH TO DATE  162           169     -7      127
  SINCE SEP 1    236           227      9      169
  SINCE JUL 1    244           230     14      180

 COOLING
  YESTERDAY        0             0      0        0
  MONTH TO DATE    8            12     -4       28
  SINCE SEP 1    100           135    -35      171
  SINCE JAN 1    893          1055   -162     1006
......................................................


WIND (MPH)
  HIGHEST WIND SPEED    12   HIGHEST WIND DIRECTION     N (10)
  HIGHEST GUST SPEED    MM   HIGHEST GUST DIRECTION    MM
  AVERAGE WIND SPEED     3.9


SKY COVER
  AVERAGE SKY COVER 0.4


WEATHER CONDITIONS
 THE FOLLOWING WEATHER WAS RECORDED YESTERDAY.
  HAZE


RELATIVE HUMIDITY (PERCENT)
 HIGHEST    82          1200 AM
 LOWEST     54           100 PM
 AVERAGE    68

..........................................................


THE INDIANAPOLIS EAGLE CREEK IN CLIMATE NORMALS FOR TODAY
                         NORMAL
 MAXIMUM TEMPERATURE (F)   63
 MINIMUM TEMPERATURE (F)   44


SUNRISE AND SUNSET
OCTOBER 20 2014.......SUNRISE   801 AM EDT   SUNSET   659 PM EDT
OCTOBER 21 2014.......SUNRISE   802 AM EDT   SUNSET   657 PM EDT


-  INDICATES NEGATIVE NUMBERS.
R  INDICATES RECORD WAS SET OR TIED.
MM INDICATES DATA IS MISSING.
T  INDICATES TRACE AMOUNT.




$$
