000
CDUS43 KIND 250541
CLIEYE


CLIMATE REPORT
NATIONAL WEATHER SERVICE INDIANAPOLIS IN
1241 AM EST TUE NOV 25 2014


...................................

...THE INDIANAPOLIS EAGLE CREEK IN CLIMATE SUMMARY FOR NOVEMBER 24 2014...

CLIMATE NORMAL PERIOD 1981 TO 2010
CLIMATE RECORD PERIOD 9999 TO 9999


WEATHER ITEM   OBSERVED TIME   NORMAL DEPARTURE LAST
                VALUE   (LST)  VALUE  FROM      YEAR
                                      NORMAL
......................................................
TEMPERATURE (F)
 YESTERDAY
  MAXIMUM         58    634 AM  48     10       27
  MINIMUM         36   1159 PM  33      3       14
  AVERAGE         47            40      7       21

PRECIPITATION (IN)
  YESTERDAY        0.27          0.12   0.15     0.00
  MONTH TO DATE    2.70          2.99  -0.29     2.13
  SINCE SEP 1      8.56          8.35   0.21    10.69
  SINCE JAN 1     37.38         37.00   0.38    38.18

DEGREE DAYS
 HEATING
  YESTERDAY       18            25     -7       44
  MONTH TO DATE  675           473    202      553
  SINCE SEP 1   1053           862    191      955
  SINCE JUL 1   1061           865    196      966

 COOLING
  YESTERDAY        0             0      0        0
  MONTH TO DATE    0             0      0        0
  SINCE SEP 1    100           138    -38      171
  SINCE JAN 1    893          1058   -165     1006
......................................................


WIND (MPH)
  HIGHEST WIND SPEED    26   HIGHEST WIND DIRECTION    SW (230)
  HIGHEST GUST SPEED    41   HIGHEST GUST DIRECTION     W (270)
  AVERAGE WIND SPEED    13.2


SKY COVER
  AVERAGE SKY COVER 1.0


WEATHER CONDITIONS
 THE FOLLOWING WEATHER WAS RECORDED YESTERDAY.
  THUNDERSTORM
  RAIN
  LIGHT RAIN
  FOG
  HAZE


RELATIVE HUMIDITY (PERCENT)
 HIGHEST   100          1200 AM
 LOWEST     64           700 PM
 AVERAGE    82

..........................................................


THE INDIANAPOLIS EAGLE CREEK IN CLIMATE NORMALS FOR TODAY
                         NORMAL
 MAXIMUM TEMPERATURE (F)   47
 MINIMUM TEMPERATURE (F)   33


SUNRISE AND SUNSET
NOVEMBER 25 2014......SUNRISE   741 AM EST   SUNSET   523 PM EST
NOVEMBER 26 2014......SUNRISE   742 AM EST   SUNSET   523 PM EST


-  INDICATES NEGATIVE NUMBERS.
R  INDICATES RECORD WAS SET OR TIED.
MM INDICATES DATA IS MISSING.
T  INDICATES TRACE AMOUNT.




$$
