000
CDUS43 KIND 290533
CLIEYE


CLIMATE REPORT
NATIONAL WEATHER SERVICE INDIANAPOLIS IN
132 AM EDT SUN MAR 29 2015


...................................

...THE INDIANAPOLIS EAGLE CREEK IN CLIMATE SUMMARY FOR MARCH 28 2015...

CLIMATE NORMAL PERIOD 1981 TO 2010
CLIMATE RECORD PERIOD 9999 TO 9999


WEATHER ITEM   OBSERVED TIME   NORMAL DEPARTURE LAST
                VALUE   (LST)  VALUE  FROM      YEAR
                                      NORMAL
......................................................
TEMPERATURE (F)
 YESTERDAY
  MAXIMUM         38    531 PM  56    -18       52
  MINIMUM         18    703 AM  38    -20       38
  AVERAGE         28            47    -19       45

PRECIPITATION (IN)
  YESTERDAY        0.00          0.14  -0.14     0.19
  MONTH TO DATE    2.99          2.88   0.11     0.55
  SINCE MAR 1      2.99          2.88   0.11     0.55
  SINCE JAN 1      5.47          7.22  -1.75     4.93

DEGREE DAYS
 HEATING
  YESTERDAY       37            18     19       20
  MONTH TO DATE  758           646    112      829
  SINCE MAR 1    758           646    112      829
  SINCE JUL 1   5444          4771    673     5655

 COOLING
  YESTERDAY        0             0      0        0
  MONTH TO DATE    0             0      0        0
  SINCE MAR 1      0             0      0        0
  SINCE JAN 1      0             0      0        0
......................................................


WIND (MPH)
  HIGHEST WIND SPEED    14   HIGHEST WIND DIRECTION     N (10)
  HIGHEST GUST SPEED    16   HIGHEST GUST DIRECTION     N (10)
  AVERAGE WIND SPEED     5.6


SKY COVER
  AVERAGE SKY COVER 0.0


WEATHER CONDITIONS
 THE FOLLOWING WEATHER WAS RECORDED YESTERDAY.
  NO SIGNIFICANT WEATHER WAS OBSERVED.


RELATIVE HUMIDITY (PERCENT)
 HIGHEST    73           200 AM
 LOWEST     35           300 PM
 AVERAGE    54

..........................................................


THE INDIANAPOLIS EAGLE CREEK IN CLIMATE NORMALS FOR TODAY
                         NORMAL
 MAXIMUM TEMPERATURE (F)   57
 MINIMUM TEMPERATURE (F)   38


SUNRISE AND SUNSET
MARCH 29 2015.........SUNRISE   735 AM EDT   SUNSET   806 PM EDT
MARCH 30 2015.........SUNRISE   733 AM EDT   SUNSET   807 PM EDT


-  INDICATES NEGATIVE NUMBERS.
R  INDICATES RECORD WAS SET OR TIED.
MM INDICATES DATA IS MISSING.
T  INDICATES TRACE AMOUNT.




$$
