000
CXUS52 KKEY 012220 AAB
CF6EYW
PRELIMINARY LOCAL CLIMATOLOGICAL DATA (WS FORM: F-6)...UPDATED
STATION: KEY WEST
MONTH: APRIL
YEAR: 2023
LATITUDE: 24 32 N
LONGITUDE: 81 45 W
TEMPERATURE IN F: :PCPN: SNOW: WIND :SUNSHINE: SKY :PK WND
================================================================================
1 2 3 4 5 6A 6B 7 8 9 10 11 12 13 14 15 16 17 18
12Z AVG MX 2MIN
DY MAX MIN AVG DEP HDD CDD WTR SNW DPTH SPD SPD DIR MIN PSBL S-S WX SPD DR
================================================================================
1 84 74 79 3 0 14 0.00 0.0 0 10.0 16 110 M M 2 27 160
2 83 72 78 2 0 13 0.00 0.0 0 2.9 10 340 M M 3 15 170
3 84 76 80 4 0 15 0.00 0.0 0 9.2 15 120 M M 1 M M
4 85 78 82 6 0 17 0.00 0.0 0 12.7 20 100 M M 3 27 90
5 85 79 82 5 0 17 T 0.0 0 15.9 21 110 M M 4 32 120
6 85 79 82 5 0 17 0.00 0.0 0 17.0 23 100 M M 4 34 80
7 84 77 81 4 0 16 0.00 0.0 0 13.4 18 110 M M 2 26 90
8 84 75 80 3 0 15 0.00 0.0 0 6.2 16 100 M M 2 22 100
9 86 73 80 3 0 15 0.00 0.0 0 5.8 14 10 M M 2 20 350
10 83 70 77 0 0 12 0.02 0.0 0 8.3 17 20 M M 4 13 28 20
11 81 73 77 0 0 12 T 0.0 0 15.9 23 70 M M 7 37 40
12 83 73 78 0 0 13 0.60 0.0 0 13.0 28 120 M M 4 13 37 160
13 82 77 80 2 0 15 T 0.0 0 5.4 13 160 M M 1 16 180
14 83 78 81 3 0 16 0.00 0.0 0 5.4 10 110 M M 0 18 170
15 85 79 82 4 0 17 0.00 0.0 0 9.9 16 100 M M 1 19 140
16 85 73 79 1 0 14 0.04 0.0 0 9.1 36 240 M M 2 3 46 250
17 85 72 79 1 0 14 0.01 0.0 0 13.0 22 310 M M 3 3 31 330
18 82 72 77 -1 0 12 0.00 0.0 0 8.1 15 10 M M 2 22 70
19 84 75 80 2 0 15 0.00 0.0 0 10.2 17 100 M M 3 23 100
20 83 75 79 1 0 14 T 0.0 0 10.6 17 100 M M 3 26 110
21 85 73 79 0 0 14 0.00 0.0 0 5.7 12 100 M M 1 19 140
22 84 77 81 2 0 16 0.00 0.0 0 7.5 15 210 M M 2 20 210
23 88 75 82 3 0 17 0.00 0.0 0 5.5 12 30 M M 2 17 10
24 84 77 81 2 0 16 0.00 0.0 0 6.3 14 120 M M 2 22 170
25 81 71 76 -3 0 11 0.90 0.0 0 8.9 18 150 M M 5 1 27 140
26 84 74 79 0 0 14 0.00 0.0 0 3.7 9 150 M M 2 20 170
27 87 76 82 3 0 17 0.00 0.0 0 10.6 16 120 M M 2 26 160
28 86 77 82 3 0 17 0.00 0.0 0 8.0 14 210 M M 1 19 200
29 87 80 84 5 0 19 0.10 0.0 0 9.8 21 160 M M 2 38 37 170
30 84 77 81 1 0 16 0.02 0.0 0 16.9 31 240 M M 5 13 43 240
================================================================================
SM 2526 2257 0 450 1.69 0.0 284.9 M 77
================================================================================
AV 84.2 75.2 9.5 FASTST M M 3 MAX(MPH)
MISC ----> 36 240 46 250
================================================================================
NOTES:
# LAST OF SEVERAL OCCURRENCES
COLUMN 17 PEAK WIND IN M.P.H.
PRELIMINARY LOCAL CLIMATOLOGICAL DATA (WS FORM: F-6) , PAGE 2
STATION: KEY WEST
MONTH: APRIL
YEAR: 2023
LATITUDE: 24 32 N
LONGITUDE: 81 45 W
[TEMPERATURE DATA] [PRECIPITATION DATA] SYMBOLS USED IN COLUMN 16
AVERAGE MONTHLY: 79.7 TOTAL FOR MONTH: 1.69 1 = FOG OR MIST
DPTR FM NORMAL: 1.8 DPTR FM NORMAL: -0.38 2 = FOG REDUCING VISIBILITY
HIGHEST: 88 ON 23 GRTST 24HR 0.90 ON 25-25 TO 1/4 MILE OR LESS
LOWEST: 70 ON 10 3 = THUNDER
SNOW, ICE PELLETS, HAIL 4 = ICE PELLETS
TOTAL MONTH: 0.0 INCH 5 = HAIL
GRTST 24HR 0.0 6 = FREEZING RAIN OR DRIZZLE
GRTST DEPTH: 0 7 = DUSTSTORM OR SANDSTORM:
VSBY 1/2 MILE OR LESS
8 = SMOKE OR HAZE
[NO. OF DAYS WITH] [WEATHER - DAYS WITH] 9 = BLOWING SNOW
X = TORNADO
MAX 32 OR BELOW: 0 0.01 INCH OR MORE: 7
MAX 90 OR ABOVE: 0 0.10 INCH OR MORE: 3
MIN 32 OR BELOW: 0 0.50 INCH OR MORE: 2
MIN 0 OR BELOW: 0 1.00 INCH OR MORE: 0
[HDD (BASE 65) ]
TOTAL THIS MO. 0 CLEAR (SCALE 0-3) 23
DPTR FM NORMAL 0 PTCLDY (SCALE 4-7) 7
TOTAL FM JUL 1 29 CLOUDY (SCALE 8-10) 0
DPTR FM NORMAL -17
[CDD (BASE 65) ]
TOTAL THIS MO. 450
DPTR FM NORMAL 64 [PRESSURE DATA]
TOTAL FM JAN 1 1426 HIGHEST SLP M ON M
DPTR FM NORMAL 332 LOWEST SLP 29.77 ON 30
[REMARKS]
SOME DATES THIS MONTH UTILIZED DATA FROM THE OFFICIAL BACKUP SITE
LOCATED AT THE FLORIDA KEYS NWS OFFICE (SITE ID: KWFF1). THOSE DATES
ARE INDICATED BELOW, ALONG WITH THE OBSERVATION PARAMETER THAT WAS
BACKED UP (INDICATED BY AN X.)
TEMPERATURE :PCPN:
================================
1 2 3 4 5 6A 6B 7
DY MAX MIN AVG DEP HDD CDD WTR
================================
26 X X
27 X X
28 X
CORRECTED SNOW DEPTH ON THE 30TH TO ZERO
CORRECTED ALIGNMENT OF SNOW, ICE PELLETS, HAIL TABLE
UPDATED TO INCLUDE BACKUP DATA TABLE
#FINAL-04-23#