000
CXUS52 KKEY 011414 CCA
CF6EYW
PRELIMINARY LOCAL CLIMATOLOGICAL DATA (WS FORM: F-6)...CORRECTED
STATION: KEY WEST
MONTH: SEPTEMBER
YEAR: 2023
LATITUDE: 24 32 N
LONGITUDE: 81 45 W
TEMPERATURE IN F: :PCPN: SNOW: WIND :SUNSHINE: SKY :PK WND
================================================================================
1 2 3 4 5 6A 6B 7 8 9 10 11 12 13 14 15 16 17 18
12Z AVG MX 2MIN
DY MAX MIN AVG DEP HDD CDD WTR SNW DPTH SPD SPD DIR MIN PSBL S-S WX SPD DR
================================================================================
1 91 84 88 3 0 23 T 0.0 0 4.5 12 20 M M 2 3 17 150
2 92 80 86 1 0 21 0.13 0.0 0 6.6 21 40 M M 3 13 32 40
3 91 82 87 2 0 22 T 0.0 0 10.2 23 90 M M 6 33 90
4 89 77 83 -2 0 18 0.47 0.0 0 12.7 25 110 M M 8 18 33 110
5 89 82 86 1 0 21 0.18 0.0 0 12.4 18 110 M M 6 13 24 110
6 89 83 86 1 0 21 0.00 0.0 0 8.4 15 110 M M 2 25 120
7 92 83 88 3 0 23 0.00 0.0 0 6.9 13 120 M M 1 19 140
8 90 81 86 2 0 21 0.00 0.0 0 6.2 12 110 M M 1 3 16 150
9 90 82 86 2 0 21 0.02 0.0 0 4.5 9 90 M M 2 17 140
10 92 82 87 3 0 22 0.00 0.0 0 4.0 8 150 M M 2 14 210
11 92 85 89 5 0 24 0.00 0.0 0 6.7 12 120 M M 2 3 19 160
12 94 84 89 5 0 24 0.00 0.0 0 5.8 13 30 M M 1 19 30
13 94 82 88 4 0 23 0.00 0.0 0 4.3 12 350 M M 1 17 10
14 95 85 90 6 0 25 T 0.0 0 7.9 15 360 M M 3 20 350
15 94 83 89 5 0 24 0.00 0.0 0 5.2 13 320 M M 2 18 320
16 93 82 88 4 0 23 0.00 0.0 0 3.5 12 310 M M 1 17 300
17 91 85 88 4 0 23 T 0.0 0 6.7 13 240 M M 3 17 240
18 93 83 88 4 0 23 0.12 0.0 0 3.3 10 120 M M 3 13 17 160
19 90 75 83 -1 0 18 1.44 0.0 0 5.9 28 360 M M 2 13 41 360
20 89 79 84 0 0 19 0.06 0.0 0 8.2 17 140 M M 3 13 24 60
21 87 74 81 -3 0 16 1.46 0.0 0 5.0 21 210 M M 3 13 29 180
22 90 78 84 0 0 19 0.03 0.0 0 5.3 12 20 M M 2 13 16 20
23 87 76 82 -2 0 17 0.60 0.0 0 8.7 20 170 M M 4 13 25 180
24 87 72 80 -4 0 15 2.47 0.0 0 9.2 41 230 M M 4 13 59 230
25 89 83 86 2 0 21 0.00 0.0 0 11.5 18 130 M M 2 24 130
26 88 76 82 -2 0 17 0.27 0.0 0 10.9 40 130 M M 4 138 53 120
27 88 81 85 2 0 20 0.03 0.0 0 6.8 21 130 M M 5 13 29 130
28 88 77 83 0 0 18 0.45 0.0 0 5.2 21 180 M M 2 13 26 180
29 89 77 83 0 0 18 1.03 0.0 0 7.8 18 50 M M 2 12 31 40
30 88 81 85 2 0 20 0.01 0.0 0 9.2 17 140 M M 2 18 22 100
================================================================================
SM 2711 2414 0 620 8.77 0.0 213.5 M 84
================================================================================
AV 90.4 80.5 7.1 FASTST M M 3 MAX(MPH)
MISC ----> 41 230 59 230
================================================================================
NOTES:
# LAST OF SEVERAL OCCURRENCES
COLUMN 17 PEAK WIND IN M.P.H.
PRELIMINARY LOCAL CLIMATOLOGICAL DATA (WS FORM: F-6) , PAGE 2
STATION: KEY WEST
MONTH: SEPTEMBER
YEAR: 2023
LATITUDE: 24 32 N
LONGITUDE: 81 45 W
[TEMPERATURE DATA] [PRECIPITATION DATA] SYMBOLS USED IN COLUMN 16
AVERAGE MONTHLY: 85.4 TOTAL FOR MONTH: 8.77 1 = FOG OR MIST
DPTR FM NORMAL: 1.3 DPTR FM NORMAL: 1.53 2 = FOG REDUCING VISIBILITY
HIGHEST: 95 ON 14 GRTST 24HR 2.47 ON 23-24 TO 1/4 MILE OR LESS
LOWEST: 72 ON 24 3 = THUNDER
SNOW, ICE PELLETS, HAIL 4 = ICE PELLETS
TOTAL MONTH: 0.0 INCH 5 = HAIL
GRTST 24HR 0.0 6 = FREEZING RAIN OR DRIZZLE
GRTST DEPTH: 0 7 = DUSTSTORM OR SANDSTORM:
VSBY 1/2 MILE OR LESS
8 = SMOKE OR HAZE
[NO. OF DAYS WITH] [WEATHER - DAYS WITH] 9 = BLOWING SNOW
X = TORNADO
MAX 32 OR BELOW: 0 0.01 INCH OR MORE: 16
MAX 90 OR ABOVE: 17 0.10 INCH OR MORE: 11
MIN 32 OR BELOW: 0 0.50 INCH OR MORE: 5
MIN 0 OR BELOW: 0 1.00 INCH OR MORE: 4
[HDD (BASE 65) ]
TOTAL THIS MO. 0 CLEAR (SCALE 0-3) 23
DPTR FM NORMAL 0 PTCLDY (SCALE 4-7) 6
TOTAL FM JUL 1 0 CLOUDY (SCALE 8-10) 1
DPTR FM NORMAL 0
[CDD (BASE 65) ]
TOTAL THIS MO. 620
DPTR FM NORMAL 47 [PRESSURE DATA]
TOTAL FM JAN 1 4619 HIGHEST SLP M ON M
DPTR FM NORMAL 610 LOWEST SLP 29.83 ON 23
[REMARKS]
CORRECTED ALIGNMENT OF SNOW, ICE PELLETS, HAIL TABLE
CORRECTED SKY COVER TABLE
#FINAL-09-23#
NB/BT