000
CXUS53 KLMK 010810
CF6FFT
PRELIMINARY LOCAL CLIMATOLOGICAL DATA (WS FORM: F-6)
STATION: FRANKFORT KY
MONTH: FEBRUARY
YEAR: 2022
LATITUDE: 38 10 N
LONGITUDE: 84 54 W
TEMPERATURE IN F: :PCPN: SNOW: WIND :SUNSHINE: SKY :PK WND
================================================================================
1 2 3 4 5 6A 6B 7 8 9 10 11 12 13 14 15 16 17 18
12Z AVG MX 2MIN
DY MAX MIN AVG DEP HDD CDD WTR SNW DPTH SPD SPD DIR MIN PSBL S-S WX SPD DR
================================================================================
1 62 27 45 10 20 0 0.00 M M 8.1 22 210 M M 0 30 190
2 51 43 47 12 18 0 0.69 M M 7.2 16 150 M M 8 1 23 140
3 49 26 38 3 27 0 1.93 M M 9.2 16 10 M M 10 16 25 20
4 27 22 25 -10 40 0 0.06 M M 7.2 14 350 M M 10 168 22 10
5 27 14 21 -15 44 0 0.00 M M 3.8 12 250 M M 4 18 250
6 44 14 29 -7 36 0 0.00 M M 3.2 14 230 M M 0 1 19 230
7 45 21 33 -3 32 0 0.00 M M 4.7 14 310 M M 0 23 290
8 51 19 35 -1 30 0 0.00 M M 6.4 16 190 M M 0 22 210
9 55 34 45 9 20 0 T M M 9.5 22 250 M M 5 46 250
10 51 30 41 4 24 0 0.00 M M 6.4 18 230 M M 1 27 270
11 63 28 46 9 19 0 0.00 M M 11.0 30 230 M M 5 46 210
12 46 27 37 0 28 0 0.00 M M 8.1 15 300 M M 9 23 280
13 34 22 28 -9 37 0 T M M 6.2 16 340 M M 7 22 340
14 38 18 28 -10 37 0 0.00 M M 2.6 12 230 M M 3 16 280
15 61 16 39 1 26 0 0.00 M M 4.0 13 170 M M 0 17 180
16 67 42 55 17 10 0 0.00 M M 13.6 31 200 M M 4 43 200
17 64 34 49 11 16 0 2.41 M M 12.8 31 290 M M 9 1 54 280
18 36 26 31 -7 34 0 T M M 8.8 17 310 M M 6 1 27 310
19 38 21 30 -9 35 0 0.00 M M 8.8 20 320 M M 0 30 300
20 60 19 40 1 25 0 0.00 M M 8.2 22 200 M M 0 32 200
21 68 36 52 13 13 0 0.00 M M 8.5 23 180 M M 4 34 180
22 63 55 59 19 6 0 0.75 M M 14.8 31 200 M M 10 13 45 200
23 55 31 43 3 22 0 0.00 M M 8.6 18 320 M M 10 1 27 320
24 42 31 37 -3 28 0 1.19 M M 7.4 13 90 M M 10 1368 20 50
25 43 31 37 -3 28 0 0.26 M M 7.3 20 260 M M 10 1 32 260
26 41 29 35 -6 30 0 0.00 M M 2.9 8 220 M M 5 12 310
27 51 23 37 -4 28 0 0.00 M M 2.3 12 320 M M 1 1 17 270
28 54 24 39 -2 26 0 0.00 M M 3.2 13 240 M M 0 20 230
================================================================================
SM 1386 763 739 0 7.29 M 204.8 M 131
================================================================================
AV 49.5 27.3 7.3 FASTST M M 5 MAX(MPH)
MISC ----> # 31 200 54 280
================================================================================
NOTES:
# LAST OF SEVERAL OCCURRENCES
COLUMN 17 PEAK WIND IN M.P.H.
PRELIMINARY LOCAL CLIMATOLOGICAL DATA (WS FORM: F-6) , PAGE 2
STATION: FRANKFORT KY
MONTH: FEBRUARY
YEAR: 2022
LATITUDE: 38 10 N
LONGITUDE: 84 54 W
[TEMPERATURE DATA] [PRECIPITATION DATA] SYMBOLS USED IN COLUMN 16
AVERAGE MONTHLY: 38.4 TOTAL FOR MONTH: 7.29 1 = FOG OR MIST
DPTR FM NORMAL: 0.6 DPTR FM NORMAL: 3.89 2 = FOG REDUCING VISIBILITY
HIGHEST: 68 ON 21 GRTST 24HR 2.41 ON 17-17 TO 1/4 MILE OR LESS
LOWEST: 14 ON 6, 5 3 = THUNDER
SNOW, ICE PELLETS, HAIL 4 = ICE PELLETS
TOTAL MONTH: M 5 = HAIL
GRTST 24HR M ON M 6 = FREEZING RAIN OR DRIZZLE
GRTST DEPTH: M ON M 7 = DUSTSTORM OR SANDSTORM:
VSBY 1/2 MILE OR LESS
8 = SMOKE OR HAZE
[NO. OF DAYS WITH] [WEATHER - DAYS WITH] 9 = BLOWING SNOW
X = TORNADO
MAX 32 OR BELOW: 2 0.01 INCH OR MORE: 7
MAX 90 OR ABOVE: 0 0.10 INCH OR MORE: 6
MIN 32 OR BELOW: 22 0.50 INCH OR MORE: 5
MIN 0 OR BELOW: 0 1.00 INCH OR MORE: 3
[HDD (BASE 65) ]
TOTAL THIS MO. 739 CLEAR (SCALE 0-3) 11
DPTR FM NORMAL -23 PTCLDY (SCALE 4-7) 9
TOTAL FM JUL 1 3137 CLOUDY (SCALE 8-10) 8
DPTR FM NORMAL -288
[CDD (BASE 65) ]
TOTAL THIS MO. 0
DPTR FM NORMAL 0 [PRESSURE DATA]
TOTAL FM JAN 1 0 HIGHEST SLP 30.57 ON 26
DPTR FM NORMAL 0 LOWEST SLP 29.45 ON 17
[REMARKS]
#FINAL-02-22#