000
CXUS53 KFGF 010915
CF6FGF
PRELIMINARY LOCAL CLIMATOLOGICAL DATA (WS FORM: F-6)
STATION: GRAND FORKS UNIV. (NWS) ND
MONTH: JANUARY
YEAR: 2022
LATITUDE: 47 55 N
LONGITUDE: 97 6 W
TEMPERATURE IN F: :PCPN: SNOW: WIND :SUNSHINE: SKY :PK WND
================================================================================
1 2 3 4 5 6A 6B 7 8 9 10 11 12 13 14 15 16 17 18
12Z AVG MX 2MIN
DY MAX MIN AVG DEP HDD CDD WTR SNW DPTH SPD SPD DIR MIN PSBL S-S WX SPD DR
================================================================================
1 -12 -29 -20 -28 85 0 0.00 0.0 9 M M M M M M M M
2 0 -25 -12 -20 77 0 0.00 0.0 9 M M M M M M M M
3 11 -1 5 -2 60 0 T T 9 M M M M M M M M
4 10 1 6 -1 59 0 0.20 2.9 9 M M M M M M 1 M M
5 5 -14 -4 -11 69 0 0.06 0.6 11 M M M M M M M M
6 -13 -25 -19 -26 84 0 0.00 0.0 10 M M M M M M M M
7 11 -27 -8 -15 73 0 0.05 0.6 10 M M M M M M M M
8 21 -8 7 0 58 0 T 0.1 9 M M M M M M M M
9 -5 -17 -11 -18 76 0 0.00 0.0 9 M M M M M M M M
10 -2 -19 -10 -17 75 0 0.00 0.0 8 M M M M M M M M
11 34 -2 16 9 49 0 0.00 0.0 8 M M M M M M M M
12 25 19 22 15 43 0 0.00 0.0 7 M M M M M M M M
13 29 8 19 12 46 0 T T 7 M M M M M M M M
14 11 -6 3 -4 62 0 0.01 0.2 7 M M M M M M 1 M M
15 15 -9 3 -4 62 0 T T 7 M M M M M M 19 M M
16 32 15 24 17 41 0 0.04 0.4 7 M M M M M M M M
17 28 18 23 16 42 0 T T 7 M M M M M M M M
18 29 -3 13 6 52 0 T T 7 M M M M M M M M
19 -3 -15 -9 -16 74 0 0.00 0.0 7 M M M M M M M M
20 -3 -21 -12 -19 77 0 0.00 0.0 7 M M M M M M M M
21 30 -7 12 5 53 0 0.06 1.4 7 M M M M M M 9 M M
22 3 -14 -5 -12 70 0 0.03 0.8 7 M M M M M M M M
23 5 -21 -8 -16 73 0 0.02 0.4 8 M M M M M M M M
24 4 -15 -5 -13 70 0 T T 8 M M M M M M M M
25 -4 -18 -11 -19 76 0 0.00 0.0 8 M M M M M M M M
26 36 -14 11 3 54 0 T 0.1 8 M M M M M M M M
27 24 -8 8 0 57 0 0.04 0.7 8 M M M M M M M M
28 15 -7 4 -4 61 0 T T 8 M M M M M M M M
29 22 5 14 5 51 0 T T 8 M M M M M M M M
30 15 6 11 2 54 0 T 0.1 8 M M M M M M M M
31 24 5 15 6 50 0 0.09 1.6 7 M M M M M M 9 M M
================================================================================
SM 397 -248 1933 0 0.60 9.9 M M M
================================================================================
AV 12.8 -8.0 M FASTST M M M MAX(MPH)
MISC ----> M M M M
================================================================================
NOTES:
# LAST OF SEVERAL OCCURRENCES
COLUMN 17 PEAK WIND IN M.P.H.
PRELIMINARY LOCAL CLIMATOLOGICAL DATA (WS FORM: F-6) , PAGE 2
STATION: GRAND FORKS UNIV. (NWS) ND
MONTH: JANUARY
YEAR: 2022
LATITUDE: 47 55 N
LONGITUDE: 97 6 W
[TEMPERATURE DATA] [PRECIPITATION DATA] SYMBOLS USED IN COLUMN 16
AVERAGE MONTHLY: 2.4 TOTAL FOR MONTH: 0.60 1 = FOG OR MIST
DPTR FM NORMAL: -5.0 DPTR FM NORMAL: -0.11 2 = FOG REDUCING VISIBILITY
HIGHEST: 36 ON 26 GRTST 24HR 0.20 ON 4- 4 TO 1/4 MILE OR LESS
LOWEST: -29 ON 1 3 = THUNDER
SNOW, ICE PELLETS, HAIL 4 = ICE PELLETS
TOTAL MONTH: 9.9 INCHES 5 = HAIL
GRTST 24HR 2.9 ON 4- 4 6 = FREEZING RAIN OR DRIZZLE
GRTST DEPTH: 11 ON 5 7 = DUSTSTORM OR SANDSTORM:
VSBY 1/2 MILE OR LESS
8 = SMOKE OR HAZE
[NO. OF DAYS WITH] [WEATHER - DAYS WITH] 9 = BLOWING SNOW
X = TORNADO
MAX 32 OR BELOW: 29 0.01 INCH OR MORE: 10
MAX 90 OR ABOVE: 0 0.10 INCH OR MORE: 1
MIN 32 OR BELOW: 31 0.50 INCH OR MORE: 0
MIN 0 OR BELOW: 23 1.00 INCH OR MORE: 0
[HDD (BASE 65) ]
TOTAL THIS MO. 1933 CLEAR (SCALE 0-3) 0
DPTR FM NORMAL 146 PTCLDY (SCALE 4-7) 0
TOTAL FM JUL 1 5121 CLOUDY (SCALE 8-10) 31
DPTR FM NORMAL -395
[CDD (BASE 65) ]
TOTAL THIS MO. 0
DPTR FM NORMAL 0 [PRESSURE DATA]
TOTAL FM JAN 1 0 HIGHEST SLP M ON M
DPTR FM NORMAL 0 LOWEST SLP M ON M
[REMARKS]
#FINAL-01-22#