000
CXUS53 KFGF 010915
CF6FGF
PRELIMINARY LOCAL CLIMATOLOGICAL DATA (WS FORM: F-6)
STATION: GRAND FORKS UNIV. (NWS) ND
MONTH: JANUARY
YEAR: 2021
LATITUDE: 47 55 N
LONGITUDE: 97 6 W
TEMPERATURE IN F: :PCPN: SNOW: WIND :SUNSHINE: SKY :PK WND
================================================================================
1 2 3 4 5 6A 6B 7 8 9 10 11 12 13 14 15 16 17 18
12Z AVG MX 2MIN
DY MAX MIN AVG DEP HDD CDD WTR SNW DPTH SPD SPD DIR MIN PSBL S-S WX SPD DR
================================================================================
1 27 15 21 13 44 0 0.00 0.0 4 M M M M M M M M
2 27 17 22 14 43 0 0.00 0.0 3 M M M M M M M M
3 30 18 24 17 41 0 0.00 0.0 3 M M M M M M M M
4 39 17 28 21 37 0 0.00 0.0 3 M M M M M M M M
5 27 11 19 12 46 0 0.00 0.0 3 M M M M M M M M
6 37 23 30 23 35 0 0.00 0.0 3 M M M M M M M M
7 26 18 22 15 43 0 T T 3 M M M M M M M M
8 27 23 25 18 40 0 0.01 0.1 3 M M M M M M M M
9 33 14 24 17 41 0 T T 3 M M M M M M M M
10 32 8 20 13 45 0 0.00 0.0 3 M M M M M M M M
11 30 18 24 17 41 0 0.00 0.0 3 M M M M M M M M
12 39 14 27 20 38 0 0.00 0.0 3 M M M M M M M M
13 36 20 28 21 37 0 0.08 0.0 3 M M M M M M M M
14 39 29 34 27 31 0 0.06 0.3 2 M M M M M M 16 M M
15 29 13 21 14 44 0 0.01 0.2 2 M M M M M M M M
16 26 9 18 11 47 0 0.00 0.0 2 M M M M M M M M
17 24 12 18 11 47 0 T 0.1 2 M M M M M M M M
18 12 -2 5 -2 60 0 0.01 0.4 2 M M M M M M M M
19 7 1 4 -3 61 0 0.01 0.4 3 M M M M M M M M
20 39 7 23 16 42 0 0.00 0.0 3 M M M M M M M M
21 31 -1 15 8 50 0 T T 3 M M M M M M M M
22 21 -1 10 3 55 0 T T 2 M M M M M M M M
23 25 14 20 12 45 0 T T 2 M M M M M M M M
24 14 -3 6 -2 59 0 T T 2 M M M M M M M M
25 5 -2 2 -6 63 0 0.02 1.0 3 M M M M M M M M
26 -2 -17 -9 -17 74 0 0.01 0.5 3 M M M M M M M M
27 3 -19 -8 -16 73 0 T T 3 M M M M M M M M
28 19 3 11 3 54 0 T T 3 M M M M M M M M
29 23 16 20 11 45 0 T T 3 M M M M M M M M
30 25 22 24 15 41 0 0.07 0.5 3 M M M M M M M M
31 26 13 20 11 45 0 0.00 0.0 4 M M M M M M M M
================================================================================
SM 776 310 1467 0 0.28 3.5 M M M
================================================================================
AV 25.0 10.0 M FASTST M M M MAX(MPH)
MISC ----> M M M M
================================================================================
NOTES:
# LAST OF SEVERAL OCCURRENCES
COLUMN 17 PEAK WIND IN M.P.H.
PRELIMINARY LOCAL CLIMATOLOGICAL DATA (WS FORM: F-6) , PAGE 2
STATION: GRAND FORKS UNIV. (NWS) ND
MONTH: JANUARY
YEAR: 2021
LATITUDE: 47 55 N
LONGITUDE: 97 6 W
[TEMPERATURE DATA] [PRECIPITATION DATA] SYMBOLS USED IN COLUMN 16
AVERAGE MONTHLY: 17.5 TOTAL FOR MONTH: 0.28 1 = FOG OR MIST
DPTR FM NORMAL: 10.1 DPTR FM NORMAL: -0.43 2 = FOG REDUCING VISIBILITY
HIGHEST: 39 ON 20,14 GRTST 24HR 0.26 ON 14-14 TO 1/4 MILE OR LESS
LOWEST: -19 ON 27 3 = THUNDER
SNOW, ICE PELLETS, HAIL 4 = ICE PELLETS
TOTAL MONTH: 3.5 INCHES 5 = HAIL
GRTST 24HR 1.0 ON 25-25 6 = FREEZING RAIN OR DRIZZLE
GRTST DEPTH: 4 ON 31, 1 7 = DUSTSTORM OR SANDSTORM:
VSBY 1/2 MILE OR LESS
8 = SMOKE OR HAZE
[NO. OF DAYS WITH] [WEATHER - DAYS WITH] 9 = BLOWING SNOW
X = TORNADO
MAX 32 OR BELOW: 24 0.01 INCH OR MORE: 9
MAX 90 OR ABOVE: 0 0.10 INCH OR MORE: 0
MIN 32 OR BELOW: 31 0.50 INCH OR MORE: 0
MIN 0 OR BELOW: 7 1.00 INCH OR MORE: 0
[HDD (BASE 65) ]
TOTAL THIS MO. 1467 CLEAR (SCALE 0-3) 0
DPTR FM NORMAL -320 PTCLDY (SCALE 4-7) 0
TOTAL FM JUL 1 4851 CLOUDY (SCALE 8-10) 31
DPTR FM NORMAL -665
[CDD (BASE 65) ]
TOTAL THIS MO. 0
DPTR FM NORMAL 0 [PRESSURE DATA]
TOTAL FM JAN 1 0 HIGHEST SLP M ON M
DPTR FM NORMAL 0 LOWEST SLP M ON M
[REMARKS]
#FINAL-01-21#