686
CXUS53 KFGF 010815
CF6FGF
PRELIMINARY LOCAL CLIMATOLOGICAL DATA (WS FORM: F-6)
STATION: GRAND FORKS UNIV. (NWS) ND
MONTH: SEPTEMBER
YEAR: 2020
LATITUDE: 47 55 N
LONGITUDE: 97 6 W
TEMPERATURE IN F: :PCPN: SNOW: WIND :SUNSHINE: SKY :PK WND
================================================================================
1 2 3 4 5 6A 6B 7 8 9 10 11 12 13 14 15 16 17 18
12Z AVG MX 2MIN
DY MAX MIN AVG DEP HDD CDD WTR SNW DPTH SPD SPD DIR MIN PSBL S-S WX SPD DR
================================================================================
1 79 50 65 1 0 0 T 0.0 0 M M M M M M M M
2 74 52 63 -1 2 0 0.11 0.0 0 M M M M M M M M
3 67 51 59 -5 6 0 0.00 0.0 0 M M M M M M M M
4 76 49 63 0 2 0 T 0.0 0 M M M M M M M M
5 77 46 62 -1 3 0 0.00 0.0 0 M M M M M M M M
6 75 50 63 1 2 0 0.00 0.0 0 M M M M M M M M
7 53 38 46 -16 19 0 0.00 0.0 0 M M M M M M M M
8 51 32 42 -19 23 0 0.00 0.0 0 M M M M M M M M
9 60 33 47 -14 18 0 0.00 0.0 0 M M M M M M M M
10 74 39 57 -3 8 0 0.00 0.0 0 M M M M M M M M
11 68 41 55 -5 10 0 0.03 0.0 0 M M M M M M M M
12 73 53 63 3 2 0 0.00 0.0 0 M M M M M M M M
13 65 46 56 -3 9 0 0.00 0.0 0 M M M M M M M M
14 70 42 56 -3 9 0 0.00 0.0 0 M M M M M M M M
15 70 50 60 2 5 0 0.00 0.0 0 M M M M M M M M
16 58 44 51 -7 14 0 0.00 0.0 0 M M M M M M M M
17 60 43 52 -5 13 0 0.00 0.0 0 M M M M M M M M
18 70 41 56 -1 9 0 0.00 0.0 0 M M M M M M M M
19 78 46 62 6 3 0 0.00 0.0 0 M M M M M M M M
20 77 58 68 12 0 3 0.00 0.0 0 M M M M M M M M
21 81 52 67 11 0 2 0.00 0.0 0 M M M M M M M M
22 87 47 67 12 0 2 0.00 0.0 0 M M M M M M M M
23 69 51 60 5 5 0 0.00 0.0 0 M M M M M M M M
24 73 43 58 4 7 0 0.00 0.0 0 M M M M M M M M
25 80 58 69 15 0 4 0.01 0.0 0 M M M M M M M M
26 78 53 66 13 0 1 0.00 0.0 0 M M M M M M M M
27 64 51 58 5 7 0 0.02 0.0 0 M M M M M M M M
28 60 47 54 2 11 0 T 0.0 0 M M M M M M M M
29 71 48 60 8 5 0 0.05 0.0 0 M M M M M M M M
30 60 44 52 0 13 0 T 0.0 0 M M M M M M M M
================================================================================
SM 2098 1398 205 12 0.22 0.0 M M M
================================================================================
AV 69.9 46.6 M FASTST M M M MAX(MPH)
MISC ----> M M M M
================================================================================
NOTES:
# LAST OF SEVERAL OCCURRENCES
COLUMN 17 PEAK WIND IN M.P.H.
PRELIMINARY LOCAL CLIMATOLOGICAL DATA (WS FORM: F-6) , PAGE 2
STATION: GRAND FORKS UNIV. (NWS) ND
MONTH: SEPTEMBER
YEAR: 2020
LATITUDE: 47 55 N
LONGITUDE: 97 6 W
[TEMPERATURE DATA] [PRECIPITATION DATA] SYMBOLS USED IN COLUMN 16
AVERAGE MONTHLY: 58.3 TOTAL FOR MONTH: 0.22 1 = FOG OR MIST
DPTR FM NORMAL: 0.3 DPTR FM NORMAL: -1.83 2 = FOG REDUCING VISIBILITY
HIGHEST: 87 ON 22 GRTST 24HR 0.11 ON 2- 2 TO 1/4 MILE OR LESS
LOWEST: 32 ON 8 3 = THUNDER
SNOW, ICE PELLETS, HAIL 4 = ICE PELLETS
TOTAL MONTH: 0.0 INCH 5 = HAIL
GRTST 24HR 0.0 6 = FREEZING RAIN OR DRIZZLE
GRTST DEPTH: 0 7 = DUSTSTORM OR SANDSTORM:
VSBY 1/2 MILE OR LESS
8 = SMOKE OR HAZE
[NO. OF DAYS WITH] [WEATHER - DAYS WITH] 9 = BLOWING SNOW
X = TORNADO
MAX 32 OR BELOW: 0 0.01 INCH OR MORE: 5
MAX 90 OR ABOVE: 0 0.10 INCH OR MORE: 1
MIN 32 OR BELOW: 1 0.50 INCH OR MORE: 0
MIN 0 OR BELOW: 0 1.00 INCH OR MORE: 0
[HDD (BASE 65) ]
TOTAL THIS MO. 205 CLEAR (SCALE 0-3) 0
DPTR FM NORMAL -35 PTCLDY (SCALE 4-7) 0
TOTAL FM JUL 1 217 CLOUDY (SCALE 8-10) 30
DPTR FM NORMAL -89
[CDD (BASE 65) ]
TOTAL THIS MO. 12
DPTR FM NORMAL -18 [PRESSURE DATA]
TOTAL FM JAN 1 619 HIGHEST SLP M ON M
DPTR FM NORMAL 157 LOWEST SLP M ON M
[REMARKS]
#FINAL-09-20#