572
CXUS53 KFGF 010815
CF6FGF
PRELIMINARY LOCAL CLIMATOLOGICAL DATA (WS FORM: F-6)
STATION: GRAND FORKS UNIV. (NWS) ND
MONTH: JULY
YEAR: 2020
LATITUDE: 47 55 N
LONGITUDE: 97 6 W
TEMPERATURE IN F: :PCPN: SNOW: WIND :SUNSHINE: SKY :PK WND
================================================================================
1 2 3 4 5 6A 6B 7 8 9 10 11 12 13 14 15 16 17 18
12Z AVG MX 2MIN
DY MAX MIN AVG DEP HDD CDD WTR SNW DPTH SPD SPD DIR MIN PSBL S-S WX SPD DR
================================================================================
1 84 66 75 6 0 10 1.03 0.0 0 M M M M M M 3 M M
2 91 69 80 11 0 15 0.00 0.0 0 M M M M M M M M
3 91 74 83 14 0 18 0.00 0.0 0 M M M M M M M M
4 90 64 77 8 0 12 0.55 0.0 0 M M M M M M M M
5 91 71 81 12 0 16 T 0.0 0 M M M M M M M M
6 84 67 76 7 0 11 T 0.0 0 M M M M M M M M
7 84 62 73 4 0 8 0.00 0.0 0 M M M M M M M M
8 85 66 76 7 0 11 0.51 0.0 0 M M M M M M M M
9 79 66 73 3 0 8 0.00 0.0 0 M M M M M M M M
10 82 62 72 2 0 7 0.00 0.0 0 M M M M M M M M
11 83 63 73 3 0 8 0.02 0.0 0 M M M M M M 3 M M
12 83 61 72 2 0 7 0.00 0.0 0 M M M M M M M M
13 82 68 75 5 0 10 0.07 0.0 0 M M M M M M M M
14 80 62 71 1 0 6 0.00 0.0 0 M M M M M M M M
15 85 62 74 4 0 9 0.00 0.0 0 M M M M M M M M
16 84 64 74 4 0 9 0.00 0.0 0 M M M M M M M M
17 91 60 76 6 0 11 1.18 0.0 0 M M M M M M 3 M M
18 82 62 72 2 0 7 0.00 0.0 0 M M M M M M M M
19 77 60 69 -1 0 4 0.00 0.0 0 M M M M M M M M
20 76 56 66 -4 0 1 0.17 0.0 0 M M M M M M M M
21 70 58 64 -6 1 0 0.26 0.0 0 M M M M M M M M
22 76 53 65 -5 0 0 0.00 0.0 0 M M M M M M M M
23 83 60 72 2 0 7 0.00 0.0 0 M M M M M M M M
24 94 69 82 12 0 17 0.82 0.0 0 M M M M M M M M
25 89 68 79 9 0 14 0.52 0.0 0 M M M M M M M M
26 81 63 72 2 0 7 0.00 0.0 0 M M M M M M M M
27 82 61 72 2 0 7 0.00 0.0 0 M M M M M M M M
28 83 59 71 1 0 6 0.00 0.0 0 M M M M M M M M
29 81 56 69 -1 0 4 0.00 0.0 0 M M M M M M M M
30 84 59 72 2 0 7 0.00 0.0 0 M M M M M M M M
31 83 63 73 3 0 8 0.08 0.0 0 M M M M M M 3 M M
================================================================================
SM 2590 1954 1 265 5.21 0.0 M M M
================================================================================
AV 83.5 63.0 M FASTST M M M MAX(MPH)
MISC ----> M M M M
================================================================================
NOTES:
# LAST OF SEVERAL OCCURRENCES
COLUMN 17 PEAK WIND IN M.P.H.
PRELIMINARY LOCAL CLIMATOLOGICAL DATA (WS FORM: F-6) , PAGE 2
STATION: GRAND FORKS UNIV. (NWS) ND
MONTH: JULY
YEAR: 2020
LATITUDE: 47 55 N
LONGITUDE: 97 6 W
[TEMPERATURE DATA] [PRECIPITATION DATA] SYMBOLS USED IN COLUMN 16
AVERAGE MONTHLY: 73.3 TOTAL FOR MONTH: 5.21 1 = FOG OR MIST
DPTR FM NORMAL: 3.5 DPTR FM NORMAL: 2.04 2 = FOG REDUCING VISIBILITY
HIGHEST: 94 ON 24 GRTST 24HR 1.18 ON 17-17 TO 1/4 MILE OR LESS
LOWEST: 53 ON 22 3 = THUNDER
SNOW, ICE PELLETS, HAIL 4 = ICE PELLETS
TOTAL MONTH: 0.0 INCH 5 = HAIL
GRTST 24HR 0.0 6 = FREEZING RAIN OR DRIZZLE
GRTST DEPTH: 0 7 = DUSTSTORM OR SANDSTORM:
VSBY 1/2 MILE OR LESS
8 = SMOKE OR HAZE
[NO. OF DAYS WITH] [WEATHER - DAYS WITH] 9 = BLOWING SNOW
X = TORNADO
MAX 32 OR BELOW: 0 0.01 INCH OR MORE: 11
MAX 90 OR ABOVE: 6 0.10 INCH OR MORE: 8
MIN 32 OR BELOW: 0 0.50 INCH OR MORE: 6
MIN 0 OR BELOW: 0 1.00 INCH OR MORE: 2
[HDD (BASE 65) ]
TOTAL THIS MO. 1 CLEAR (SCALE 0-3) 0
DPTR FM NORMAL -22 PTCLDY (SCALE 4-7) 0
TOTAL FM JUL 1 1 CLOUDY (SCALE 8-10) 31
DPTR FM NORMAL -22
[CDD (BASE 65) ]
TOTAL THIS MO. 265
DPTR FM NORMAL 94 [PRESSURE DATA]
TOTAL FM JAN 1 452 HIGHEST SLP M ON M
DPTR FM NORMAL 164 LOWEST SLP M ON M
[REMARKS]
#FINAL-07-20#