648
CXUS53 KFGF 151229
CF6FGF
PRELIMINARY LOCAL CLIMATOLOGICAL DATA (WS FORM: F-6)
STATION: GRAND FORKS UNIV. (NWS) ND
MONTH: MAY
YEAR: 2020
LATITUDE: 47 55 N
LONGITUDE: 97 6 W
TEMPERATURE IN F: :PCPN: SNOW: WIND :SUNSHINE: SKY :PK WND
================================================================================
1 2 3 4 5 6A 6B 7 8 9 10 11 12 13 14 15 16 17 18
12Z AVG MX 2MIN
DY MAX MIN AVG DEP HDD CDD WTR SNW DPTH SPD SPD DIR MIN PSBL S-S WX SPD DR
================================================================================
1 62 51 57 7 8 0 0.09 0.0 0 M M M M M M M M
2 64 36 50 -1 15 0 0.00 0.0 0 M M M M M M M M
3 50 30 40 -11 25 0 0.00 0.0 0 M M M M M M M M
4 51 35 43 -9 22 0 0.38 0.0 0 M M M M M M M M
5 54 41 48 -4 17 0 0.17 0.0 0 M M M M M M M M
6 62 36 49 -3 16 0 0.00 0.0 0 M M M M M M M M
7 51 28 40 -13 25 0 0.00 0.0 0 M M M M M M M M
8 51 27 39 -14 26 0 0.00 0.0 0 M M M M M M M M
9 46 32 39 -14 26 0 0.17 T 0 M M M M M M M M
10 52 30 41 -13 24 0 0.00 0.0 0 M M M M M M M M
11 49 24 37 -17 28 0 0.00 0.0 0 M M M M M M M M
12 52 23 38 -16 27 0 0.00 0.0 0 M M M M M M M M
13 51 42 47 -8 18 0 0.34 0.0 0 M M M M M M M M
14 62 38 50 -5 15 0 T 0.0 0 M M M M M M 1 M M
15 68 32 50 -6 15 0 0.00 0.0 0 M M M M M M M M
16 71 41 56 0 9 0 0.00 0.0 0 M M M M M M M M
17 74 43 59 3 6 0 0.00 0.0 0 M M M M M 0 M M
18 78 45 62 6 3 0 0.00 0.0 0 M M M M M M M M
19 77 52 65 8 0 0 0.00 0.0 0 M M M M M M M M
20 74 55 65 8 0 0 0.00 0.0 0 M M M M M M M M
21 72 57 65 7 0 0 0.00 0.0 0 M M M M M M M M
22 76 58 67 9 0 2 0.01 0.0 0 M M M M M M M M
23 78 57 68 10 0 3 0.00 0.0 0 M M M M M M M M
24 73 55 64 6 1 0 T 0.0 0 M M M M M M M M
25 74 51 63 4 2 0 T 0.0 0 M M M M M M M M
26 77 56 67 8 0 2 0.07 0.0 0 M M M M M M M M
27 81 54 68 9 0 3 0.00 0.0 0 M M M M M M M M
28 66 47 57 -3 8 0 0.00 0.0 0 M M M M M M M M
29 64 44 54 -6 11 0 0.00 0.0 0 M M M M M M M M
30 68 38 53 -7 12 0 0.00 0.0 0 M M M M M M M M
31 82 44 63 2 2 0 0.00 0.0 0 M M M M M M M M
================================================================================
SM 2010 1302 361 10 1.23 T M M 0
================================================================================
AV 64.8 42.0 M FASTST M M 0 MAX(MPH)
MISC ----> M M M M
================================================================================
NOTES:
# LAST OF SEVERAL OCCURRENCES
COLUMN 17 PEAK WIND IN M.P.H.
PRELIMINARY LOCAL CLIMATOLOGICAL DATA (WS FORM: F-6) , PAGE 2
STATION: GRAND FORKS UNIV. (NWS) ND
MONTH: MAY
YEAR: 2020
LATITUDE: 47 55 N
LONGITUDE: 97 6 W
[TEMPERATURE DATA] [PRECIPITATION DATA] SYMBOLS USED IN COLUMN 16
AVERAGE MONTHLY: 53.4 TOTAL FOR MONTH: 1.23 1 = FOG OR MIST
DPTR FM NORMAL: -2.4 DPTR FM NORMAL: -1.52 2 = FOG REDUCING VISIBILITY
HIGHEST: 82 ON 31 GRTST 24HR 0.38 ON 4- 4 TO 1/4 MILE OR LESS
LOWEST: 23 ON 12 3 = THUNDER
SNOW, ICE PELLETS, HAIL 4 = ICE PELLETS
TOTAL MONTH: T 5 = HAIL
GRTST 24HR T ON 9- 9 6 = FREEZING RAIN OR DRIZZLE
GRTST DEPTH: 0 7 = DUSTSTORM OR SANDSTORM:
VSBY 1/2 MILE OR LESS
8 = SMOKE OR HAZE
[NO. OF DAYS WITH] [WEATHER - DAYS WITH] 9 = BLOWING SNOW
X = TORNADO
MAX 32 OR BELOW: 0 0.01 INCH OR MORE: 7
MAX 90 OR ABOVE: 0 0.10 INCH OR MORE: 4
MIN 32 OR BELOW: 8 0.50 INCH OR MORE: 0
MIN 0 OR BELOW: 0 1.00 INCH OR MORE: 0
[HDD (BASE 65) ]
TOTAL THIS MO. 361 CLEAR (SCALE 0-3) 1
DPTR FM NORMAL 51 PTCLDY (SCALE 4-7) 0
TOTAL FM JUL 1 9430 CLOUDY (SCALE 8-10) 30
DPTR FM NORMAL 305
[CDD (BASE 65) ]
TOTAL THIS MO. 10
DPTR FM NORMAL -13 [PRESSURE DATA]
TOTAL FM JAN 1 10 HIGHEST SLP M ON M
DPTR FM NORMAL -16 LOWEST SLP M ON M
[REMARKS]
#FINAL-05-20#