000
CXUS53 KFGF 010815
CF6FGF
PRELIMINARY LOCAL CLIMATOLOGICAL DATA (WS FORM: F-6)
STATION: GRAND FORKS UNIV. (NWS) ND
MONTH: JULY
YEAR: 2023
LATITUDE: 47 55 N
LONGITUDE: 97 6 W
TEMPERATURE IN F: :PCPN: SNOW: WIND :SUNSHINE: SKY :PK WND
================================================================================
1 2 3 4 5 6A 6B 7 8 9 10 11 12 13 14 15 16 17 18
12Z AVG MX 2MIN
DY MAX MIN AVG DEP HDD CDD WTR SNW DPTH SPD SPD DIR MIN PSBL S-S WX SPD DR
================================================================================
1 86 61 74 6 0 9 0.00 0.0 0 M M M M M M M M
2 87 68 78 9 0 13 0.00 0.0 0 M M M M M M M M
3 81 64 73 4 0 8 0.00 0.0 0 M M M M M M M M
4 79 57 68 -1 0 3 0.01 0.0 0 M M M M M M M M
5 68 52 60 -9 5 0 T 0.0 0 M M M M M M M M
6 82 49 66 -3 0 1 0.00 0.0 0 M M M M M M M M
7 75 55 65 -4 0 0 T 0.0 0 M M M M M M M M
8 77 47 62 -7 3 0 0.44 0.0 0 M M M M M M M M
9 88 59 74 5 0 9 0.00 0.0 0 M M M M M M M M
10 74 54 64 -5 1 0 0.00 0.0 0 M M M M M M M M
11 68 46 57 -12 8 0 0.00 0.0 0 M M M M M M M M
12 72 48 60 -10 5 0 0.00 0.0 0 M M M M M M M M
13 79 58 69 -1 0 4 0.64 T 0 M M M M M M M M
14 79 60 70 0 0 5 0.09 0.0 0 M M M M M M M M
15 73 53 63 -7 2 0 T 0.0 0 M M M M M M M M
16 70 55 63 -7 2 0 0.00 0.0 0 M M M M M M M M
17 76 52 64 -6 1 0 0.00 0.0 0 M M M M M M M M
18 79 53 66 -4 0 1 0.02 0.0 0 M M M M M M 18 M M
19 78 58 68 -2 0 3 0.01 0.0 0 M M M M M M M M
20 81 58 70 0 0 5 0.00 0.0 0 M M M M M M M M
21 84 54 69 -1 0 4 0.00 0.0 0 M M M M M M M M
22 83 63 73 3 0 8 0.00 0.0 0 M M M M M M 8 M M
23 86 59 73 3 0 8 0.00 0.0 0 M M M M M M 8 M M
24 87 64 76 6 0 11 0.00 0.0 0 M M M M M M M M
25 86 67 77 7 0 12 0.32 0.0 0 M M M M M M 3 M M
26 95 65 80 10 0 15 0.01 0.0 0 M M M M M M M M
27 81 61 71 1 0 6 T 0.0 0 M M M M M M M M
28 76 56 66 -4 0 1 0.01 0.0 0 M M M M M M M M
29 73 49 61 -9 4 0 0.00 0.0 0 M M M M M M M M
30 81 57 69 -1 0 4 T 0.0 0 M M M M M M M M
31 82 56 69 -1 0 4 T 0.0 0 M M M M M M M M
================================================================================
SM 2466 1758 31 134 1.55 T M M M
================================================================================
AV 79.5 56.7 M FASTST M M M MAX(MPH)
MISC ----> M M M M
================================================================================
NOTES:
# LAST OF SEVERAL OCCURRENCES
COLUMN 17 PEAK WIND IN M.P.H.
PRELIMINARY LOCAL CLIMATOLOGICAL DATA (WS FORM: F-6) , PAGE 2
STATION: GRAND FORKS UNIV. (NWS) ND
MONTH: JULY
YEAR: 2023
LATITUDE: 47 55 N
LONGITUDE: 97 6 W
[TEMPERATURE DATA] [PRECIPITATION DATA] SYMBOLS USED IN COLUMN 16
AVERAGE MONTHLY: 68.1 TOTAL FOR MONTH: 1.55 1 = FOG OR MIST
DPTR FM NORMAL: -1.4 DPTR FM NORMAL: -2.00 2 = FOG REDUCING VISIBILITY
HIGHEST: 95 ON 26 GRTST 24HR 0.64 ON 13-13 TO 1/4 MILE OR LESS
LOWEST: 46 ON 11 3 = THUNDER
SNOW, ICE PELLETS, HAIL 4 = ICE PELLETS
TOTAL MONTH: T 5 = HAIL
GRTST 24HR T ON 13-13 6 = FREEZING RAIN OR DRIZZLE
GRTST DEPTH: 0 7 = DUSTSTORM OR SANDSTORM:
VSBY 1/2 MILE OR LESS
8 = SMOKE OR HAZE
[NO. OF DAYS WITH] [WEATHER - DAYS WITH] 9 = BLOWING SNOW
X = TORNADO
MAX 32 OR BELOW: 0 0.01 INCH OR MORE: 9
MAX 90 OR ABOVE: 1 0.10 INCH OR MORE: 3
MIN 32 OR BELOW: 0 0.50 INCH OR MORE: 1
MIN 0 OR BELOW: 0 1.00 INCH OR MORE: 0
[HDD (BASE 65) ]
TOTAL THIS MO. 31 CLEAR (SCALE 0-3) 0
DPTR FM NORMAL 8 PTCLDY (SCALE 4-7) 0
TOTAL FM JUL 1 31 CLOUDY (SCALE 8-10) 31
DPTR FM NORMAL 3
[CDD (BASE 65) ]
TOTAL THIS MO. 134
DPTR FM NORMAL -29 [PRESSURE DATA]
TOTAL FM JAN 1 436 HIGHEST SLP M ON M
DPTR FM NORMAL 164 LOWEST SLP M ON M
[REMARKS]
#FINAL-07-23#