000
CXUS53 KFGF 180815
CF6FGF
PRELIMINARY LOCAL CLIMATOLOGICAL DATA (WS FORM: F-6)
STATION: GRAND FORKS UNIV. (NWS) ND
MONTH: MARCH
YEAR: 2024
LATITUDE: 47 55 N
LONGITUDE: 97 6 W
TEMPERATURE IN F: :PCPN: SNOW: WIND :SUNSHINE: SKY :PK WND
================================================================================
1 2 3 4 5 6A 6B 7 8 9 10 11 12 13 14 15 16 17 18
12Z AVG MX 2MIN
DY MAX MIN AVG DEP HDD CDD WTR SNW DPTH SPD SPD DIR MIN PSBL S-S WX SPD DR
================================================================================
1 48 24 36 19 29 0 0.00 0.0 2 M M M M M M M M
2 32 25 29 11 36 0 0.16 1.6 T M M M M M M M M
3 40 19 30 12 35 0 0.01 T 0 M M M M M M 9 M M
4 21 11 16 -3 49 0 0.00 0.0 0 M M M M M M M M
5 23 9 16 -3 49 0 T T 0 M M M M M M M M
6 41 15 28 8 37 0 T T 0 M M M M M M M M
7 21 10 16 -4 49 0 T T 0 M M M M M M M M
8 29 17 23 2 42 0 T T T M M M M M M M M
9 32 10 21 0 44 0 0.00 0.0 0 M M M M M M M M
10 49 25 37 15 28 0 0.00 0.0 0 M M M M M M M M
11 56 30 43 21 22 0 0.00 0.0 0 M M M M M M M M
12 53 29 41 18 24 0 0.00 0.0 0 M M M M M M M M
13 48 32 40 16 25 0 T 0.0 0 M M M M M M M M
14 46 31 39 15 26 0 0.02 0.0 0 M M M M M M M M
15 50 30 40 15 25 0 0.00 0.0 0 M M M M M M M M
16 39 20 30 5 35 0 T 0.1 0 M M M M M M M M
17 23 14 19 -7 46 0 T 0.2 T M M M M M M 8 M M
================================================================================
SM 651 351 601 0 0.19 1.9 M M M
================================================================================
AV 38.3 20.6 M FASTST M M M MAX(MPH)
MISC ----> M M M M
================================================================================
NOTES:
# LAST OF SEVERAL OCCURRENCES
COLUMN 17 PEAK WIND IN M.P.H.
PRELIMINARY LOCAL CLIMATOLOGICAL DATA (WS FORM: F-6) , PAGE 2
STATION: GRAND FORKS UNIV. (NWS) ND
MONTH: MARCH
YEAR: 2024
LATITUDE: 47 55 N
LONGITUDE: 97 6 W
[TEMPERATURE DATA] [PRECIPITATION DATA] SYMBOLS USED IN COLUMN 16
AVERAGE MONTHLY: 29.5 TOTAL FOR MONTH: 0.19 1 = FOG OR MIST
DPTR FM NORMAL: 8.1 DPTR FM NORMAL: -0.27 2 = FOG REDUCING VISIBILITY
HIGHEST: 56 ON 11 GRTST 24HR 0.16 ON 2- 2 TO 1/4 MILE OR LESS
LOWEST: 9 ON 5 3 = THUNDER
SNOW, ICE PELLETS, HAIL 4 = ICE PELLETS
TOTAL MONTH: 1.9 INCHES 5 = HAIL
GRTST 24HR 1.6 ON 2- 2 6 = FREEZING RAIN OR DRIZZLE
GRTST DEPTH: 2 ON 1 7 = DUSTSTORM OR SANDSTORM:
VSBY 1/2 MILE OR LESS
8 = SMOKE OR HAZE
[NO. OF DAYS WITH] [WEATHER - DAYS WITH] 9 = BLOWING SNOW
X = TORNADO
MAX 32 OR BELOW: 7 0.01 INCH OR MORE: 3
MAX 90 OR ABOVE: 0 0.10 INCH OR MORE: 1
MIN 32 OR BELOW: 17 0.50 INCH OR MORE: 0
MIN 0 OR BELOW: 0 1.00 INCH OR MORE: 0
[HDD (BASE 65) ]
TOTAL THIS MO. 601 CLEAR (SCALE 0-3) 0
DPTR FM NORMAL -139 PTCLDY (SCALE 4-7) 0
TOTAL FM JUL 1 6294 CLOUDY (SCALE 8-10) 17
DPTR FM NORMAL -1418
[CDD (BASE 65) ]
TOTAL THIS MO. 0
DPTR FM NORMAL 0 [PRESSURE DATA]
TOTAL FM JAN 1 0 HIGHEST SLP M ON M
DPTR FM NORMAL 0 LOWEST SLP M ON M
[REMARKS]