687
CXUS56 KFGZ 251012
CF6FLG
PRELIMINARY LOCAL CLIMATOLOGICAL DATA (WS FORM: F-6)
STATION: FLAGSTAFF AZ AIRPORT
MONTH: MARCH
YEAR: 2020
LATITUDE: 35 7 N
LONGITUDE: 111 40 W
TEMPERATURE IN F: :PCPN: SNOW: WIND :SUNSHINE: SKY :PK WND
================================================================================
1 2 3 4 5 6A 6B 7 8 9 10 11 12 13 14 15 16 17 18
12Z AVG MX 2MIN
DY MAX MIN AVG DEP HDD CDD WTR SNW DPTH SPD SPD DIR MIN PSBL S-S WX SPD DR
================================================================================
1 48 25 37 3 28 0 0.00 0.0 0 12.6 31 230 M M 3 40 230
2 45 21 33 -1 32 0 T M M 5.6 20 130 M M 3 27 60
3 53 27 40 5 25 0 0.00 0.0 0 12.1 22 70 M M 0 31 20
4 58 23 41 6 24 0 0.00 0.0 0 5.1 17 220 M M 0 8 21 220
5 59 20 40 5 25 0 0.00 0.0 0 3.2 14 100 M M 0 22 40
6 56 23 40 5 25 0 0.00 0.0 0 3.6 20 210 M M 0 26 210
7 55 25 40 5 25 0 0.00 0.0 0 12.6 30 210 M M 1 40 220
8 49 29 39 3 26 0 0.00 0.0 0 13.8 29 220 M M 3 37 230
9 53 28 41 5 24 0 0.00 0.0 0 5.9 18 230 M M 1 25 190
10 44 31 38 2 27 0 0.53 T 0 5.4 21 220 M M 9 12 27 220
11 51 40 46 10 19 0 0.62 0.0 0 7.6 18 220 M M 8 12 23 220
12 50 41 46 10 19 0 0.28 0.0 0 4.3 13 60 M M 10 12 21 60
13 43 31 37 1 28 0 0.87 1.5 1 13.8 24 210 M M 10 12 30 190
14 44 29 37 0 28 0 0.09 T T 6.5 14 200 M M 9 12 19 210
15 50 28 39 2 26 0 0.00 0.0 0 5.2 20 220 M M 4 1 24 230
16 52 25 39 2 26 0 0.00 0.0 0 6.3 18 220 M M 0 24 220
17 48 36 42 5 23 0 0.00 0.0 0 17.6 31 230 M M 3 36 220
18 37 26 32 -5 33 0 1.00 7.0 0 12.0 25 200 M M 10 12 34 230
19 31 21 26 -12 39 0 0.57 7.6 10 11.7 21 220 M M 9 12 25 220
20 39 15 27 -11 38 0 0.00 0.0 6 2.2 13 220 M M 5 1 16 210
21 44 22 33 -5 32 0 0.00 0.0 3 7.0 21 210 M M 3 26 210
22 46 25 36 -2 29 0 0.00 0.0 M 3.5 16 220 M M 0 20 220
23 42 25 34 -4 31 0 0.28 0.2 T 8.6 25 210 M M 6 1 35 220
24 50 24 37 -1 28 0 0.00 0.0 0 7.2 24 220 M M 1 28 220
25 49 32 41 2 24 0 0.00 0.0 0 13.6 28 220 M M 4 34 210
26 46 29 38 -1 27 0 0.00 0.0 0 19.1 37 220 M M 1 44 220
27 35 20 28 -11 37 0 0.03 0.3 0 9.8 26 220 M M 6 18 34 240
28 47 14 31 -8 34 0 0.00 0.0 0 5.2 18 220 M M 2 26 220
29 49 25 37 -2 28 0 0.00 0.0 0 8.6 24 220 M M 4 32 220
30 55 24 40 0 25 0 0.00 0.0 0 5.4 16 230 M M 0 21 220
31 64 24 44 4 21 0 0.00 0.0 0 4.3 16 210 M M 0 20 220
================================================================================
SM 1492 808 856 0 4.27 16.6 259.4 M 115
================================================================================
AV 48.1 26.1 8.4 FASTST M M 4 MAX(MPH)
MISC ----> # 37 220 # 44 220
================================================================================
NOTES:
# LAST OF SEVERAL OCCURRENCES
COLUMN 17 PEAK WIND IN M.P.H.
PRELIMINARY LOCAL CLIMATOLOGICAL DATA (WS FORM: F-6) , PAGE 2
STATION: FLAGSTAFF AZ AIRPORT
MONTH: MARCH
YEAR: 2020
LATITUDE: 35 7 N
LONGITUDE: 111 40 W
[TEMPERATURE DATA] [PRECIPITATION DATA] SYMBOLS USED IN COLUMN 16
AVERAGE MONTHLY: 37.1 TOTAL FOR MONTH: 4.27 1 = FOG OR MIST
DPTR FM NORMAL: 0.1 DPTR FM NORMAL: 2.15 2 = FOG REDUCING VISIBILITY
HIGHEST: 64 ON 31 GRTST 24HR 1.00 ON 18-18 TO 1/4 MILE OR LESS
LOWEST: 14 ON 28 3 = THUNDER
SNOW, ICE PELLETS, HAIL 4 = ICE PELLETS
TOTAL MONTH: 16.6 INCHES 5 = HAIL
GRTST 24HR 7.6 ON 19-19 6 = FREEZING RAIN OR DRIZZLE
GRTST DEPTH: 10 ON 19 7 = DUSTSTORM OR SANDSTORM:
VSBY 1/2 MILE OR LESS
8 = SMOKE OR HAZE
[NO. OF DAYS WITH] [WEATHER - DAYS WITH] 9 = BLOWING SNOW
X = TORNADO
MAX 32 OR BELOW: 1 0.01 INCH OR MORE: 9
MAX 90 OR ABOVE: 0 0.10 INCH OR MORE: 7
MIN 32 OR BELOW: 28 0.50 INCH OR MORE: 5
MIN 0 OR BELOW: 0 1.00 INCH OR MORE: 1
[HDD (BASE 65) ]
TOTAL THIS MO. 856 CLEAR (SCALE 0-3) 17
DPTR FM NORMAL -12 PTCLDY (SCALE 4-7) 8
TOTAL FM JUL 1 5538 CLOUDY (SCALE 8-10) 6
DPTR FM NORMAL -169
[CDD (BASE 65) ]
TOTAL THIS MO. 0
DPTR FM NORMAL 0 [PRESSURE DATA]
TOTAL FM JAN 1 0 HIGHEST SLP 30.35 ON 5
DPTR FM NORMAL 0 LOWEST SLP 29.62 ON 13
[REMARKS]
#FINAL-03-20#