000
CXUS52 KMFL 011030
CF6FLL
PRELIMINARY LOCAL CLIMATOLOGICAL DATA (WS FORM: F-6)
STATION: FORT LAUDERDALE
MONTH: OCTOBER
YEAR: 2022
LATITUDE: 26 4 N
LONGITUDE: 80 9 W
TEMPERATURE IN F: :PCPN: SNOW: WIND :SUNSHINE: SKY :PK WND
================================================================================
1 2 3 4 5 6A 6B 7 8 9 10 11 12 13 14 15 16 17 18
12Z AVG MX 2MIN
DY MAX MIN AVG DEP HDD CDD WTR SNW DPTH SPD SPD DIR MIN PSBL S-S WX SPD DR
================================================================================
1 85 74 80 -2 0 15 T 0.0 0 6.9 17 100 M M 7 23 70
2 87 74 81 -1 0 16 0.20 0.0 0 4.6 13 300 M M 8 18 340
3 89 72 81 -1 0 16 0.00 0.0 0 6.1 13 50 M M 5 15 320
4 87 73 80 -2 0 15 0.00 0.0 0 7.4 15 50 M M 5 20 50
5 86 73 80 -2 0 15 0.00 0.0 0 7.8 16 70 M M 6 21 30
6 85 73 79 -3 0 14 0.00 0.0 0 8.7 18 90 M M 3 22 80
7 85 72 79 -3 0 14 0.00 0.0 0 8.4 16 60 M M 3 20 60
8 84 73 79 -2 0 14 0.08 0.0 0 11.3 22 100 M M 7 27 100
9 83 76 80 -1 0 15 1.50 0.0 0 5.6 17 100 M M 8 13 25 80
10 88 76 82 1 0 17 0.00 0.0 M 6.3 12 120 M M 5 15 130
11 88 81 85 4 0 20 0.00 0.0 M 9.3 21 70 M M 6 24 70
12 88 76 82 1 0 17 0.20 0.0 0 9.4 18 90 M M 7 1 21 70
13 89 75 82 1 0 17 1.25 0.0 0 4.9 30 200 M M 6 3 36 210
14 87 75 81 1 0 16 0.25 0.0 0 4.8 16 40 M M 7 1 19 40
15 86 75 81 1 0 16 0.40 0.0 0 8.9 23 60 M M 5 13 30 60
16 86 79 83 3 0 18 0.00 0.0 0 11.1 17 80 M M 5 22 100
17 87 78 83 3 0 18 0.02 0.0 0 9.1 20 140 M M 6 23 140
18 86 77 82 2 0 17 0.00 0.0 0 7.4 17 270 M M 6 3 21 270
19 78 61 70 -10 0 5 0.78 0.0 0 7.8 15 330 M M 9 18 20 330
20 83 63 73 -6 0 8 0.01 0.0 0 7.0 14 310 M M 7 19 310
21 84 67 76 -3 0 11 T 0.0 0 10.5 18 40 M M 8 26 40
22 85 67 76 -3 0 11 0.00 0.0 0 8.7 18 50 M M 3 25 60
23 85 68 77 -2 0 12 0.00 0.0 0 8.1 16 50 M M 3 21 30
24 84 70 77 -1 0 12 0.00 0.0 0 8.5 16 60 M M 3 21 80
25 84 70 77 -1 0 12 0.00 M M 7.5 16 60 M M 2 22 40
26 87 69 78 0 0 13 0.00 0.0 0 4.7 10 70 M M 2 13 80
27 86 72 79 1 0 14 0.00 M M 5.7 14 80 M M 2 17 70
28 85 74 80 2 0 15 0.00 0.0 0 8.2 15 50 M M 3 21 70
29 87 77 82 5 0 17 0.00 0.0 0 11.8 20 80 M M 4 26 80
30 85 76 81 4 0 16 0.02 0.0 0 10.8 20 100 M M 4 8 24 90
31 86 76 81 4 0 16 0.00 0.0 0 8.2 16 130 M M 4 1 20 90
================================================================================
SM 2655 2262 0 452 4.71 0.0 245.5 M 159
================================================================================
AV 85.6 73.0 7.9 FASTST M M 5 MAX(MPH)
MISC ----> 30 200 36 210
================================================================================
NOTES:
# LAST OF SEVERAL OCCURRENCES
COLUMN 17 PEAK WIND IN M.P.H.
PRELIMINARY LOCAL CLIMATOLOGICAL DATA (WS FORM: F-6) , PAGE 2
STATION: FORT LAUDERDALE
MONTH: OCTOBER
YEAR: 2022
LATITUDE: 26 4 N
LONGITUDE: 80 9 W
[TEMPERATURE DATA] [PRECIPITATION DATA] SYMBOLS USED IN COLUMN 16
AVERAGE MONTHLY: 79.3 TOTAL FOR MONTH: 4.71 1 = FOG OR MIST
DPTR FM NORMAL: -0.6 DPTR FM NORMAL: -2.66 2 = FOG REDUCING VISIBILITY
HIGHEST: 89 ON 13, 3 GRTST 24HR 1.50 ON 9- 9 TO 1/4 MILE OR LESS
LOWEST: 61 ON 19 3 = THUNDER
SNOW, ICE PELLETS, HAIL 4 = ICE PELLETS
TOTAL MONTH: 0.0 INCH 5 = HAIL
GRTST 24HR 0.0 6 = FREEZING RAIN OR DRIZZLE
GRTST DEPTH: 0 7 = DUSTSTORM OR SANDSTORM:
VSBY 1/2 MILE OR LESS
8 = SMOKE OR HAZE
[NO. OF DAYS WITH] [WEATHER - DAYS WITH] 9 = BLOWING SNOW
X = TORNADO
MAX 32 OR BELOW: 0 0.01 INCH OR MORE: 11
MAX 90 OR ABOVE: 0 0.10 INCH OR MORE: 7
MIN 32 OR BELOW: 0 0.50 INCH OR MORE: 3
MIN 0 OR BELOW: 0 1.00 INCH OR MORE: 2
[HDD (BASE 65) ]
TOTAL THIS MO. 0 CLEAR (SCALE 0-3) 9
DPTR FM NORMAL 0 PTCLDY (SCALE 4-7) 20
TOTAL FM JUL 1 0 CLOUDY (SCALE 8-10) 2
DPTR FM NORMAL 0
[CDD (BASE 65) ]
TOTAL THIS MO. 452
DPTR FM NORMAL -10 [PRESSURE DATA]
TOTAL FM JAN 1 4421 HIGHEST SLP 30.11 ON 11
DPTR FM NORMAL 360 LOWEST SLP 29.77 ON 18
[REMARKS]
#FINAL-10-22#