000
CXUS52 KMFL 011030
CF6FLL
PRELIMINARY LOCAL CLIMATOLOGICAL DATA (WS FORM: F-6)
STATION: FORT LAUDERDALE
MONTH: MAY
YEAR: 2021
LATITUDE: 26 4 N
LONGITUDE: 80 9 W
TEMPERATURE IN F: :PCPN: SNOW: WIND :SUNSHINE: SKY :PK WND
================================================================================
1 2 3 4 5 6A 6B 7 8 9 10 11 12 13 14 15 16 17 18
12Z AVG MX 2MIN
DY MAX MIN AVG DEP HDD CDD WTR SNW DPTH SPD SPD DIR MIN PSBL S-S WX SPD DR
================================================================================
1 90 74 82 4 0 17 0.00 0.0 0 8.1 17 130 M M 3 24 160
2 88 76 82 4 0 17 0.00 0.0 0 8.7 18 130 M M 4 24 140
3 88 79 84 6 0 19 0.00 0.0 0 12.5 23 140 M M 6 27 130
4 88 79 84 6 0 19 0.00 0.0 0 11.0 22 130 M M 4 26 130
5 89 78 84 5 0 19 0.00 0.0 0 8.6 18 130 M M 4 24 140
6 90 73 82 3 0 17 0.44 0.0 0 7.3 20 140 M M 3 13 24 140
7 91 71 81 2 0 16 0.55 0.0 0 9.1 26 100 M M 5 13 38 140
8 85 73 79 0 0 14 0.00 0.0 0 11.9 18 70 M M 5 26 70
9 86 77 82 3 0 17 T 0.0 0 15.3 23 110 M M 5 3 29 100
10 87 78 83 4 0 18 0.07 M M 9.9 18 140 M M 6 3 25 140
11 88 76 82 3 0 17 0.00 M M 8.6 17 130 M M 4 23 140
12 88 72 80 1 0 15 0.60 0.0 M 10.4 21 300 M M 6 13 31 300
13 89 74 82 3 0 17 0.06 0.0 0 6.4 20 40 M M 6 13 24 20
14 84 73 79 0 0 14 0.12 M M 7.2 17 60 M M 7 1 23 10
15 85 72 79 -1 0 14 0.00 0.0 0 11.7 23 50 M M 4 29 50
16 84 74 79 -1 0 14 0.06 0.0 0 11.9 23 50 M M 6 1 29 40
17 83 75 79 -1 0 14 0.00 0.0 0 12.5 20 90 M M 6 25 90
18 85 76 81 1 0 16 0.02 M M 17.4 26 100 M M 6 32 90
19 85 77 81 1 0 16 T M M 21.9 28 90 M M 7 36 90
20 84 75 80 0 0 15 T M M 21.9 29 100 M M 7 38 80
21 83 74 79 -1 0 14 T 0.0 0 18.4 26 80 M M 5 33 80
22 84 74 79 -1 0 14 0.13 0.0 0 16.2 24 100 M M 5 29 90
23 83 74 79 -1 0 14 T M M 12.7 18 80 M M 4 25 90
24 83 73 78 -2 0 13 0.00 M M 10.6 18 100 M M 3 25 90
25 84 75 80 -1 0 15 0.00 0.0 0 13.1 17 110 M M 5 23 80
26 85 76 81 0 0 16 0.00 M M 11.9 18 120 M M 3 23 110
27 85 76 81 0 0 16 0.00 M M 9.2 14 110 M M 4 22 90
28 86 76 81 0 0 16 0.00 0.0 0 10.0 18 130 M M 3 24 120
29 88 74 81 0 0 16 0.00 0.0 0 9.4 21 130 M M 3 25 140
30 87 75 81 0 0 16 0.02 0.0 0 7.1 18 120 M M 5 3 24 140
31 87 75 81 0 0 16 0.00 M M 10.1 22 80 M M 4 27 90
================================================================================
SM 2672 2324 0 491 2.07 0.0 361.0 M 148
================================================================================
AV 86.2 75.0 11.6 FASTST M M 5 MAX(MPH)
MISC ----> 29 100 # 38 140
================================================================================
NOTES:
# LAST OF SEVERAL OCCURRENCES
COLUMN 17 PEAK WIND IN M.P.H.
PRELIMINARY LOCAL CLIMATOLOGICAL DATA (WS FORM: F-6) , PAGE 2
STATION: FORT LAUDERDALE
MONTH: MAY
YEAR: 2021
LATITUDE: 26 4 N
LONGITUDE: 80 9 W
[TEMPERATURE DATA] [PRECIPITATION DATA] SYMBOLS USED IN COLUMN 16
AVERAGE MONTHLY: 80.6 TOTAL FOR MONTH: 2.07 1 = FOG OR MIST
DPTR FM NORMAL: 0.9 DPTR FM NORMAL: -3.49 2 = FOG REDUCING VISIBILITY
HIGHEST: 91 ON 7 GRTST 24HR 0.99 ON 6- 7 TO 1/4 MILE OR LESS
LOWEST: 71 ON 7 3 = THUNDER
SNOW, ICE PELLETS, HAIL 4 = ICE PELLETS
TOTAL MONTH: 0.0 INCH 5 = HAIL
GRTST 24HR 0.0 6 = FREEZING RAIN OR DRIZZLE
GRTST DEPTH: 0 7 = DUSTSTORM OR SANDSTORM:
VSBY 1/2 MILE OR LESS
8 = SMOKE OR HAZE
[NO. OF DAYS WITH] [WEATHER - DAYS WITH] 9 = BLOWING SNOW
X = TORNADO
MAX 32 OR BELOW: 0 0.01 INCH OR MORE: 10
MAX 90 OR ABOVE: 3 0.10 INCH OR MORE: 5
MIN 32 OR BELOW: 0 0.50 INCH OR MORE: 2
MIN 0 OR BELOW: 0 1.00 INCH OR MORE: 0
[HDD (BASE 65) ]
TOTAL THIS MO. 0 CLEAR (SCALE 0-3) 5
DPTR FM NORMAL 0 PTCLDY (SCALE 4-7) 26
TOTAL FM JUL 1 81 CLOUDY (SCALE 8-10) 0
DPTR FM NORMAL -41
[CDD (BASE 65) ]
TOTAL THIS MO. 491
DPTR FM NORMAL 37 [PRESSURE DATA]
TOTAL FM JAN 1 1596 HIGHEST SLP 30.23 ON 21
DPTR FM NORMAL 223 LOWEST SLP 29.89 ON 29
[REMARKS]
#FINAL-05-21#