000
CXUS52 KMFL 011030
CF6FLL
PRELIMINARY LOCAL CLIMATOLOGICAL DATA (WS FORM: F-6)
STATION: FORT LAUDERDALE
MONTH: MARCH
YEAR: 2021
LATITUDE: 26 4 N
LONGITUDE: 80 9 W
TEMPERATURE IN F: :PCPN: SNOW: WIND :SUNSHINE: SKY :PK WND
================================================================================
1 2 3 4 5 6A 6B 7 8 9 10 11 12 13 14 15 16 17 18
12Z AVG MX 2MIN
DY MAX MIN AVG DEP HDD CDD WTR SNW DPTH SPD SPD DIR MIN PSBL S-S WX SPD DR
================================================================================
1 84 75 80 8 0 15 0.00 0.0 0 10.8 18 140 M M 4 M M
2 84 73 79 7 0 14 0.00 0.0 0 6.0 16 140 M M 6 M M
3 84 65 75 3 0 10 0.00 0.0 0 11.0 22 260 M M 3 27 250
4 75 57 66 -6 0 1 0.00 0.0 M 8.5 13 280 M M 5 22 280
5 80 61 71 -1 0 6 0.00 0.0 M 8.2 12 90 M M 5 18 50
6 80 64 72 0 0 7 1.02 M M 8.6 17 130 M M 7 1 24 130
7 78 61 70 -2 0 5 T M M 12.1 17 10 M M 5 25 340
8 75 57 66 -6 0 1 0.00 0.0 M 12.4 20 70 M M 6 29 70
9 76 69 73 1 0 8 0.00 0.0 M 15.8 20 70 M M 7 30 70
10 76 69 73 1 0 8 0.02 0.0 M 16.1 21 80 M M 7 30 80
11 79 69 74 2 0 9 0.14 0.0 0 15.8 22 100 M M 8 31 80
12 80 67 74 2 0 9 0.00 0.0 0 12.9 18 40 M M 5 22 70
13 80 70 75 3 0 10 0.00 0.0 0 9.5 15 70 M M 4 18 60
14 81 68 75 2 0 10 0.00 0.0 0 7.0 13 140 M M 3 M M
15 81 68 75 2 0 10 0.00 0.0 0 7.5 14 120 M M 3 16 110
16 81 73 77 4 0 12 0.00 0.0 0 12.7 21 140 M M 5 25 160
17 83 74 79 6 0 14 0.00 0.0 M 12.2 22 140 M M 4 27 140
18 84 75 80 7 0 15 0.00 0.0 0 12.4 20 180 M M 4 27 180
19 84 66 75 2 0 10 0.00 0.0 0 9.6 15 240 M M 5 18 310
20 79 59 69 -4 0 4 0.00 0.0 0 10.2 16 20 M M 6 21 50
21 75 59 67 -6 0 2 0.00 0.0 0 9.0 14 350 M M 6 21 290
22 75 57 66 -7 0 1 0.00 0.0 0 6.6 13 300 M M 5 20 300
23 77 63 70 -4 0 5 0.00 0.0 0 6.1 14 130 M M 3 20 130
24 82 63 73 -1 0 8 0.00 0.0 0 7.5 17 130 M M 2 21 150
25 84 75 80 6 0 15 0.00 0.0 0 12.9 18 150 M M 5 24 180
26 84 75 80 6 0 15 0.00 0.0 0 12.6 18 150 M M 3 27 140
27 82 75 79 5 0 14 0.00 M M 12.4 16 150 M M 4 24 120
28 84 75 80 6 0 15 0.00 0.0 0 13.3 20 140 M M 5 M M
29 84 75 80 6 0 15 0.00 0.0 0 6.9 14 140 M M 8 M M
30 84 75 80 6 0 15 0.00 0.0 0 12.4 23 140 M M 5 27 140
31 85 76 81 7 0 16 0.00 0.0 0 11.5 22 130 M M 5 26 120
================================================================================
SM 2500 2108 0 299 1.18 0.0 330.5 M 153
================================================================================
AV 80.6 68.0 10.7 FASTST M M 5 MAX(MPH)
MISC ----> 23 140 31 80
================================================================================
NOTES:
# LAST OF SEVERAL OCCURRENCES
COLUMN 17 PEAK WIND IN M.P.H.
PRELIMINARY LOCAL CLIMATOLOGICAL DATA (WS FORM: F-6) , PAGE 2
STATION: FORT LAUDERDALE
MONTH: MARCH
YEAR: 2021
LATITUDE: 26 4 N
LONGITUDE: 80 9 W
[TEMPERATURE DATA] [PRECIPITATION DATA] SYMBOLS USED IN COLUMN 16
AVERAGE MONTHLY: 74.3 TOTAL FOR MONTH: 1.18 1 = FOG OR MIST
DPTR FM NORMAL: 1.4 DPTR FM NORMAL: -2.18 2 = FOG REDUCING VISIBILITY
HIGHEST: 85 ON 31 GRTST 24HR 1.02 ON 6- 6 TO 1/4 MILE OR LESS
LOWEST: 57 ON 22, 8 3 = THUNDER
SNOW, ICE PELLETS, HAIL 4 = ICE PELLETS
TOTAL MONTH: 0.0 INCH 5 = HAIL
GRTST 24HR 0.0 6 = FREEZING RAIN OR DRIZZLE
GRTST DEPTH: 0 7 = DUSTSTORM OR SANDSTORM:
VSBY 1/2 MILE OR LESS
8 = SMOKE OR HAZE
[NO. OF DAYS WITH] [WEATHER - DAYS WITH] 9 = BLOWING SNOW
X = TORNADO
MAX 32 OR BELOW: 0 0.01 INCH OR MORE: 3
MAX 90 OR ABOVE: 0 0.10 INCH OR MORE: 2
MIN 32 OR BELOW: 0 0.50 INCH OR MORE: 1
MIN 0 OR BELOW: 0 1.00 INCH OR MORE: 1
[HDD (BASE 65) ]
TOTAL THIS MO. 0 CLEAR (SCALE 0-3) 5
DPTR FM NORMAL -9 PTCLDY (SCALE 4-7) 26
TOTAL FM JUL 1 81 CLOUDY (SCALE 8-10) 0
DPTR FM NORMAL -28
[CDD (BASE 65) ]
TOTAL THIS MO. 299
DPTR FM NORMAL 45 [PRESSURE DATA]
TOTAL FM JAN 1 731 HIGHEST SLP 30.42 ON 9
DPTR FM NORMAL 121 LOWEST SLP 29.83 ON 6
[REMARKS]
#FINAL-03-21#