000
CXUS52 KMFL 011340
CF6FLL
PRELIMINARY LOCAL CLIMATOLOGICAL DATA (WS FORM: F-6)
STATION: FORT LAUDERDALE
MONTH: OCTOBER
YEAR: 2020
LATITUDE: 26 4 N
LONGITUDE: 80 9 W
TEMPERATURE IN F: :PCPN: SNOW: WIND :SUNSHINE: SKY :PK WND
================================================================================
1 2 3 4 5 6A 6B 7 8 9 10 11 12 13 14 15 16 17 18
12Z AVG MX 2MIN
DY MAX MIN AVG DEP HDD CDD WTR SNW DPTH SPD SPD DIR MIN PSBL S-S WX SPD DR
================================================================================
1 90 75 83 1 0 18 2.64 0.0 0 5.5 16 250 M M 7 123 19 250
2 84 75 80 -2 0 15 0.48 0.0 0 3.4 12 40 M M 8 13 14 40
3 85 75 80 -2 0 15 0.99 0.0 0 6.3 30 140 M M 8 1 35 130
4 89 82 86 4 0 21 T 0.0 0 13.1 24 90 M M 7 29 90
5 90 81 86 4 0 21 T 0.0 0 14.8 23 100 M M 8 29 100
6 90 80 85 3 0 20 0.15 0.0 0 14.2 21 120 M M 5 1 28 100
7 90 83 87 5 0 22 0.00 0.0 0 13.9 22 120 M M 6 27 140
8 89 79 84 2 0 19 T 0.0 0 9.1 20 140 M M 4 24 130
9 89 78 84 2 0 19 0.06 0.0 0 12.9 18 120 M M 4 1 25 120
10 89 78 84 2 0 19 0.50 0.0 0 11.5 28 130 M M 5 13 34 130
11 92 78 85 3 0 20 0.35 0.0 0 4.4 16 270 M M 5 13 21 310
12 93 79 86 5 0 21 0.15 0.0 0 4.5 16 140 M M 4 13 20 150
13 89 75 82 1 0 17 0.00 0.0 0 6.3 14 70 M M 2 17 60
14 89 74 82 1 0 17 0.38 0.0 0 8.5 24 130 M M 4 1 30 120
15 88 76 82 1 0 17 0.04 0.0 0 7.7 17 90 M M 6 26 100
16 88 74 81 0 0 16 0.40 0.0 0 5.0 23 280 M M 7 13 29 270
17 88 76 82 2 0 17 0.00 0.0 0 11.4 23 70 M M 7 28 70
18 87 81 84 4 0 19 0.00 0.0 0 14.0 22 60 M M 6 27 60
19 82 74 78 -2 0 13 1.67 0.0 0 13.3 31 110 M M 7 138 38 120
20 84 72 78 -2 0 13 1.69 0.0 0 16.4 33 80 M M 10 123 47 90
21 80 74 77 -3 0 12 2.69 0.0 0 15.6 41 100 M M 9 123 49 90
22 86 74 80 0 0 15 0.96 0.0 0 13.3 25 100 M M 8 1 31 100
23 87 77 82 2 0 17 0.03 0.0 0 14.3 24 100 M M 6 28 100
24 87 75 81 2 0 16 1.98 0.0 0 11.5 21 90 M M 7 13 26 90
25 85 75 80 1 0 15 3.39 0.0 0 7.6 20 170 M M 8 138 25 170
26 86 76 81 2 0 16 T 0.0 0 10.7 20 120 M M 6 1 24 130
27 88 80 84 5 0 19 0.00 0.0 0 13.1 20 100 M M 3 23 100
28 87 80 84 5 0 19 0.08 0.0 M 12.8 20 130 M M 5 1 23 90
29 89 79 84 6 0 19 0.02 0.0 0 9.7 18 140 M M 6 23 160
30 89 77 83 5 0 18 0.48 0.0 0 5.6 17 150 M M 6 13 27 130
31 85 76 81 3 0 16 1.18 0.0 0 10.4 29 110 M M 6 13 35 120
================================================================================
SM 2714 2388 0 541 20.31 0.0 320.8 M 190
================================================================================
AV 87.6 77.0 10.3 FASTST M M 6 MAX(MPH)
MISC ----> # 41 100 # 49 90
================================================================================
NOTES:
# LAST OF SEVERAL OCCURRENCES
COLUMN 17 PEAK WIND IN M.P.H.
PRELIMINARY LOCAL CLIMATOLOGICAL DATA (WS FORM: F-6) , PAGE 2
STATION: FORT LAUDERDALE
MONTH: OCTOBER
YEAR: 2020
LATITUDE: 26 4 N
LONGITUDE: 80 9 W
[TEMPERATURE DATA] [PRECIPITATION DATA] SYMBOLS USED IN COLUMN 16
AVERAGE MONTHLY: 82.3 TOTAL FOR MONTH: 20.31 1 = FOG OR MIST
DPTR FM NORMAL: 1.7 DPTR FM NORMAL: 13.49 2 = FOG REDUCING VISIBILITY
HIGHEST: 93 ON 12 GRTST 24HR 3.39 ON 25-25 TO 1/4 MILE OR LESS
LOWEST: 72 ON 20 3 = THUNDER
SNOW, ICE PELLETS, HAIL 4 = ICE PELLETS
TOTAL MONTH: 0.0 INCH 5 = HAIL
GRTST 24HR 0.0 6 = FREEZING RAIN OR DRIZZLE
GRTST DEPTH: 0 7 = DUSTSTORM OR SANDSTORM:
VSBY 1/2 MILE OR LESS
8 = SMOKE OR HAZE
[NO. OF DAYS WITH] [WEATHER - DAYS WITH] 9 = BLOWING SNOW
X = TORNADO
MAX 32 OR BELOW: 0 0.01 INCH OR MORE: 22
MAX 90 OR ABOVE: 6 0.10 INCH OR MORE: 17
MIN 32 OR BELOW: 0 0.50 INCH OR MORE: 10
MIN 0 OR BELOW: 0 1.00 INCH OR MORE: 7
[HDD (BASE 65) ]
TOTAL THIS MO. 0 CLEAR (SCALE 0-3) 2
DPTR FM NORMAL 0 PTCLDY (SCALE 4-7) 27
TOTAL FM JUL 1 0 CLOUDY (SCALE 8-10) 2
DPTR FM NORMAL 0
[CDD (BASE 65) ]
TOTAL THIS MO. 541
DPTR FM NORMAL 59 [PRESSURE DATA]
TOTAL FM JAN 1 4608 HIGHEST SLP 30.09 ON 31
DPTR FM NORMAL 414 LOWEST SLP 29.82 ON 24
[REMARKS]
#FINAL-10-20#