000
CXUS52 KTBW 090544
CF6FMY
PRELIMINARY LOCAL CLIMATOLOGICAL DATA (WS FORM: F-6)
STATION: FORT MYERS
MONTH: DECEMBER
YEAR: 2022
LATITUDE: 26 34 N
LONGITUDE: 81 52 W
TEMPERATURE IN F: :PCPN: SNOW: WIND :SUNSHINE: SKY :PK WND
================================================================================
1 2 3 4 5 6A 6B 7 8 9 10 11 12 13 14 15 16 17 18
12Z AVG MX 2MIN
DY MAX MIN AVG DEP HDD CDD WTR SNW DPTH SPD SPD DIR MIN PSBL S-S WX SPD DR
================================================================================
1 83 67 75 6 0 10 0.00 0.0 0 11.2 18 70 M M 1 26 70
2 84 65 75 6 0 10 0.00 0.0 0 8.8 18 60 M M 2 27 60
3 84 63 74 5 0 9 0.00 0.0 0 6.6 14 60 M M 3 21 100
4 83 62 73 4 0 8 0.00 0.0 0 4.0 12 320 M M 2 14 10
5 84 63 74 5 0 9 0.00 0.0 0 2.6 10 320 M M 0 14 310
6 86 64 75 6 0 10 0.00 0.0 0 3.5 12 30 M M 1 15 40
7 86 66 76 7 0 11 0.00 0.0 0 6.0 14 40 M M 1 18 70
8 84 68 76 8 0 11 0.00 0.0 0 5.0 10 310 M M 6 12 15 280
9 84 65 75 7 0 10 0.00 0.0 0 5.2 12 330 M M 1 12 14 320
10 81 63 72 4 0 7 0.00 0.0 0 3.9 9 320 M M 0 1 13 340
11 80 63 72 4 0 7 0.00 0.0 0 6.7 12 40 M M 3 128 17 20
12 79 60 70 2 0 5 0.00 0.0 0 4.4 9 20 M M 2 128 13 320
13 82 61 72 4 0 7 0.00 0.0 0 5.4 10 60 M M 0 1 17 120
14 83 64 74 6 0 9 0.00 0.0 0 6.9 15 170 M M 1 22 160
15 82 70 76 8 0 11 0.69 0.0 0 9.4 25 290 M M 4 138 40 190
16 73 59 66 -1 0 1 0.05 0.0 0 8.0 15 20 M M 10 1 19 20
17 78 60 69 2 0 4 0.05 0.0 0 6.6 13 90 M M 7 1 18 60
18 76 59 68 1 0 3 T 0.0 0 9.0 17 10 M M 4 23 20
19 77 52 65 -2 0 0 0.00 0.0 0 9.3 16 70 M M 0 24 70
20 78 62 70 3 0 5 0.29 0.0 0 8.3 18 40 M M 3 1 23 20
21 79 62 71 4 0 6 T 0.0 0 6.7 15 20 M M 6 1 20 30
22 78 63 71 5 0 6 0.01 0.0 0 2.6 9 250 M M 4 1 12 160
23 81 50 66 0 0 1 0.01 0.0 0 12.1 25 310 M M 5 3 34 320
24 50 41 46 -20 19 0 0.00 0.0 0 11.1 18 360 M M 0 24 20
25 48 41 45 -21 20 0 0.00 0.0 0 9.1 16 360 M M 1 21 20
26 56 44 50 -16 15 0 0.00 0.0 0 9.3 14 20 M M 3 18 30
27 74 51 63 -3 2 0 0.00 0.0 0 8.1 14 30 M M 3 18 30
28 79 50 65 -1 0 0 0.00 0.0 0 8.0 16 60 M M 1 23 60
29 82 57 70 5 0 5 0.00 0.0 0 8.7 16 110 M M 2 26 80
30 84 64 74 9 0 9 0.00 0.0 0 5.6 13 100 M M 2 18 140
31 85 66 76 11 0 11 0.00 0.0 0 6.4 16 210 M M 2 12 23 200
================================================================================
SM 2423 1845 56 185 1.10 0.0 218.5 M 80
================================================================================
AV 78.2 59.5 7.0 FASTST M M 3 MAX(MPH)
MISC ----> # 25 290 40 190
================================================================================
NOTES:
# LAST OF SEVERAL OCCURRENCES
COLUMN 17 PEAK WIND IN M.P.H.
PRELIMINARY LOCAL CLIMATOLOGICAL DATA (WS FORM: F-6) , PAGE 2
STATION: FORT MYERS
MONTH: DECEMBER
YEAR: 2022
LATITUDE: 26 34 N
LONGITUDE: 81 52 W
[TEMPERATURE DATA] [PRECIPITATION DATA] SYMBOLS USED IN COLUMN 16
AVERAGE MONTHLY: 68.8 TOTAL FOR MONTH: 1.10 1 = FOG OR MIST
DPTR FM NORMAL: 1.5 DPTR FM NORMAL: -0.80 2 = FOG REDUCING VISIBILITY
HIGHEST: 86 ON 7, 6 GRTST 24HR 0.70 ON 15-16 TO 1/4 MILE OR LESS
LOWEST: 41 ON 25,24 3 = THUNDER
SNOW, ICE PELLETS, HAIL 4 = ICE PELLETS
TOTAL MONTH: 0.0 INCH 5 = HAIL
GRTST 24HR 0.0 6 = FREEZING RAIN OR DRIZZLE
GRTST DEPTH: 0 7 = DUSTSTORM OR SANDSTORM:
VSBY 1/2 MILE OR LESS
8 = SMOKE OR HAZE
[NO. OF DAYS WITH] [WEATHER - DAYS WITH] 9 = BLOWING SNOW
X = TORNADO
MAX 32 OR BELOW: 0 0.01 INCH OR MORE: 6
MAX 90 OR ABOVE: 0 0.10 INCH OR MORE: 2
MIN 32 OR BELOW: 0 0.50 INCH OR MORE: 1
MIN 0 OR BELOW: 0 1.00 INCH OR MORE: 0
[HDD (BASE 65) ]
TOTAL THIS MO. 56 CLEAR (SCALE 0-3) 20
DPTR FM NORMAL -6 PTCLDY (SCALE 4-7) 10
TOTAL FM JUL 1 57 CLOUDY (SCALE 8-10) 1
DPTR FM NORMAL -22
[CDD (BASE 65) ]
TOTAL THIS MO. 185
DPTR FM NORMAL 52 [PRESSURE DATA]
TOTAL FM JAN 1 4810 HIGHEST SLP 30.35 ON 25
DPTR FM NORMAL 766 LOWEST SLP 29.87 ON 15
[REMARKS]
#FINAL-12-22#