000
CXUS52 KTBW 011223
CF6FMY
PRELIMINARY LOCAL CLIMATOLOGICAL DATA (WS FORM: F-6)
STATION: FORT MYERS
MONTH: APRIL
YEAR: 2021
LATITUDE: 26 34 N
LONGITUDE: 81 52 W
TEMPERATURE IN F: :PCPN: SNOW: WIND :SUNSHINE: SKY :PK WND
================================================================================
1 2 3 4 5 6A 6B 7 8 9 10 11 12 13 14 15 16 17 18
12Z AVG MX 2MIN
DY MAX MIN AVG DEP HDD CDD WTR SNW DPTH SPD SPD DIR MIN PSBL S-S WX SPD DR
================================================================================
1 86 62 74 2 0 9 T 0.0 0 9.4 23 340 M M 5 30 310
2 77 51 64 -8 1 0 0.00 0.0 0 16.3 24 30 M M 0 32 60
3 77 49 63 -9 2 0 0.00 0.0 0 11.3 18 70 M M 2 29 80
4 80 57 69 -3 0 4 0.00 0.0 0 9.3 18 40 M M 2 24 70
5 81 56 69 -3 0 4 0.00 0.0 0 7.3 15 40 M M 3 20 90
6 85 57 71 -1 0 6 0.00 0.0 0 5.2 15 130 M M 1 20 70
7 85 61 73 0 0 8 0.00 0.0 0 5.2 16 260 M M 2 31 100
8 85 60 73 0 0 8 0.00 0.0 0 5.8 16 280 M M 1 26 230
9 87 62 75 2 0 10 0.00 0.0 0 7.2 16 220 M M 1 30 60
10 88 66 77 4 0 12 0.08 0.0 0 9.8 38 360 M M 1 1 49 360
11 85 64 75 2 0 10 2.05 0.0 0 10.3 25 30 M M 5 138 30 20
12 85 68 77 4 0 12 T 0.0 0 7.2 15 320 M M 4 20 260
13 90 61 76 3 0 11 0.00 0.0 0 4.5 15 100 M M 0 20 100
14 89 64 77 3 0 12 0.00 0.0 0 6.5 16 100 M M 0 22 150
15 85 65 75 1 0 10 0.00 0.0 0 7.8 15 270 M M 1 29 230
16 86 68 77 3 0 12 0.00 0.0 0 4.6 15 250 M M 1 19 230
17 86 72 79 5 0 14 0.00 0.0 0 7.5 16 230 M M 3 1 24 260
18 88 71 80 6 0 15 0.00 0.0 0 6.8 16 230 M M 1 23 240
19 85 74 80 6 0 15 0.50 0.0 0 9.8 22 260 M M 6 13 32 240
20 83 71 77 3 0 12 0.88 0.0 0 9.1 28 190 M M 5 13 37 200
21 84 70 77 2 0 12 0.22 0.0 0 5.3 14 340 M M 6 13 21 250
22 88 67 78 3 0 13 0.00 0.0 0 8.8 15 280 M M 1 27 60
23 87 63 75 0 0 10 0.00 0.0 0 10.2 17 110 M M 4 25 110
24 89 70 80 5 0 15 0.00 0.0 0 10.0 21 210 M M 1 26 210
25 88 76 82 7 0 17 0.00 0.0 0 10.4 20 260 M M 3 25 270
26 91 65 78 3 0 13 0.00 0.0 0 7.5 15 100 M M 1 19 50
27 89 66 78 2 0 13 0.00 0.0 0 9.6 18 110 M M 1 26 100
28 89 68 79 3 0 14 0.00 0.0 0 7.8 17 120 M M 1 22 100
29 89 67 78 2 0 13 0.00 0.0 0 7.0 16 230 M M 2 25 220
30 89 73 81 5 0 16 T 0.0 0 7.6 17 310 M M 4 25 240
================================================================================
SM 2576 1944 3 320 3.73 0.0 245.1 M 68
================================================================================
AV 85.9 64.8 8.2 FASTST M M 2 MAX(MPH)
MISC ----> 38 360 49 360
================================================================================
NOTES:
# LAST OF SEVERAL OCCURRENCES
COLUMN 17 PEAK WIND IN M.P.H.
PRELIMINARY LOCAL CLIMATOLOGICAL DATA (WS FORM: F-6) , PAGE 2
STATION: FORT MYERS
MONTH: APRIL
YEAR: 2021
LATITUDE: 26 34 N
LONGITUDE: 81 52 W
[TEMPERATURE DATA] [PRECIPITATION DATA] SYMBOLS USED IN COLUMN 16
AVERAGE MONTHLY: 75.3 TOTAL FOR MONTH: 3.73 1 = FOG OR MIST
DPTR FM NORMAL: 1.5 DPTR FM NORMAL: 1.55 2 = FOG REDUCING VISIBILITY
HIGHEST: 91 ON 26 GRTST 24HR 2.05 ON 11-11 TO 1/4 MILE OR LESS
LOWEST: 49 ON 3 3 = THUNDER
SNOW, ICE PELLETS, HAIL 4 = ICE PELLETS
TOTAL MONTH: 0.0 INCH 5 = HAIL
GRTST 24HR 0.0 6 = FREEZING RAIN OR DRIZZLE
GRTST DEPTH: 0 7 = DUSTSTORM OR SANDSTORM:
VSBY 1/2 MILE OR LESS
8 = SMOKE OR HAZE
[NO. OF DAYS WITH] [WEATHER - DAYS WITH] 9 = BLOWING SNOW
X = TORNADO
MAX 32 OR BELOW: 0 0.01 INCH OR MORE: 5
MAX 90 OR ABOVE: 2 0.10 INCH OR MORE: 4
MIN 32 OR BELOW: 0 0.50 INCH OR MORE: 3
MIN 0 OR BELOW: 0 1.00 INCH OR MORE: 1
[HDD (BASE 65) ]
TOTAL THIS MO. 3 CLEAR (SCALE 0-3) 21
DPTR FM NORMAL 0 PTCLDY (SCALE 4-7) 9
TOTAL FM JUL 1 193 CLOUDY (SCALE 8-10) 0
DPTR FM NORMAL -91
[CDD (BASE 65) ]
TOTAL THIS MO. 320
DPTR FM NORMAL 51 [PRESSURE DATA]
TOTAL FM JAN 1 806 HIGHEST SLP 30.33 ON 3
DPTR FM NORMAL 176 LOWEST SLP 29.76 ON 12
[REMARKS]
#FINAL-04-21#